000
CDUS43 KSGF 240639
CLIVIH


CLIMATE REPORT
NATIONAL WEATHER SERVICE SPRINGFIELD MO
137 AM CDT MON APR 24 2017


...................................

...THE VICHY-ROLLA MO CLIMATE SUMMARY FOR APRIL 23 2017...

CLIMATE NORMAL PERIOD 1981 TO 2010
CLIMATE RECORD PERIOD 1888 TO 2017


WEATHER ITEM   OBSERVED TIME   RECORD YEAR NORMAL DEPARTURE LAST
                VALUE   (LST)  VALUE       VALUE  FROM      YEAR
                                                  NORMAL
..................................................................
TEMPERATURE (F)
 YESTERDAY
  MAXIMUM         70    357 PM  92    1965  69      1       77
  MINIMUM         38    539 AM  31    1903  46     -8       49
  AVERAGE         54                        58     -4       63

PRECIPITATION (IN)
  YESTERDAY        0.00          0.81 1966   0.15  -0.15     0.00
  MONTH TO DATE    3.31                      3.14   0.17     2.08
  SINCE MAR 1      6.45                      6.59  -0.14     4.94
  SINCE JAN 1      8.51                     10.69  -2.18     7.06

DEGREE DAYS
 HEATING
  YESTERDAY       11                         8      3        2
  MONTH TO DATE  153                       263   -110      225
  SINCE MAR 1    656                       877   -221      671
  SINCE JUL 1   3642                      4667  -1025     3874

 COOLING
  YESTERDAY        0                         1     -1        0
  MONTH TO DATE   30                        17     13        2
  SINCE MAR 1     33                        21     12        2
  SINCE JAN 1     34                        21     13        2
..................................................................


WIND (MPH)
  HIGHEST WIND SPEED    17   HIGHEST WIND DIRECTION    NE (30)
  HIGHEST GUST SPEED    22   HIGHEST GUST DIRECTION     N (20)
  AVERAGE WIND SPEED     6.5


SKY COVER
  AVERAGE SKY COVER 0.0


WEATHER CONDITIONS
 THE FOLLOWING WEATHER WAS RECORDED YESTERDAY.
  NO SIGNIFICANT WEATHER WAS OBSERVED.


RELATIVE HUMIDITY (PERCENT)
 HIGHEST    79           600 AM
 LOWEST     26           500 PM
 AVERAGE    53

..........................................................


THE VICHY-ROLLA MO CLIMATE NORMALS FOR TODAY
                         NORMAL    RECORD    YEAR
 MAXIMUM TEMPERATURE (F)   69        88      1965
 MINIMUM TEMPERATURE (F)   47        29      1956


SUNRISE AND SUNSET
APRIL 24 2017.........SUNRISE   619 AM CDT   SUNSET   752 PM CDT
APRIL 25 2017.........SUNRISE   618 AM CDT   SUNSET   753 PM CDT


-  INDICATES NEGATIVE NUMBERS.
R  INDICATES RECORD WAS SET OR TIED.
MM INDICATES DATA IS MISSING.
T  INDICATES TRACE AMOUNT.




$$
