360
CDUS43 KSGF 210640
CLIVIH


CLIMATE REPORT
NATIONAL WEATHER SERVICE SPRINGFIELD MO
1238 AM CST TUE NOV 21 2017


...................................

...THE VICHY-ROLLA MO CLIMATE SUMMARY FOR NOVEMBER 20 2017...

CLIMATE NORMAL PERIOD 1981 TO 2010
CLIMATE RECORD PERIOD 1888 TO 2017


WEATHER ITEM   OBSERVED TIME   RECORD YEAR NORMAL DEPARTURE LAST
                VALUE   (LST)  VALUE       VALUE  FROM      YEAR
                                                  NORMAL
..................................................................
TEMPERATURE (F)
 YESTERDAY
  MAXIMUM         61    235 PM  75    1898  53      8       49
  MINIMUM         36    110 AM  16    2014  33      3       22
                                      1903
  AVERAGE         49                        43      6       36

PRECIPITATION (IN)
  YESTERDAY        0.00          1.38 1956   0.14  -0.14     0.00
  MONTH TO DATE    0.27                      2.56  -2.29     0.31
  SINCE SEP 1      3.35                     10.11  -6.76     7.51
  SINCE JAN 1     41.95                     39.66   2.29    39.85

DEGREE DAYS
 HEATING
  YESTERDAY       16                        22     -6       29
  MONTH TO DATE  332                       353    -21      251
  SINCE SEP 1    583                       700   -117      404
  SINCE JUL 1    584                       703   -119      404

 COOLING
  YESTERDAY        0                         0      0        0
  MONTH TO DATE    0                         0      0       20
  SINCE SEP 1    277                       166    111      293
  SINCE JAN 1   1247                      1243      4     1482
..................................................................


WIND (MPH)
  HIGHEST WIND SPEED    26   HIGHEST WIND DIRECTION     S (200)
  HIGHEST GUST SPEED    36   HIGHEST GUST DIRECTION    SW (210)
  AVERAGE WIND SPEED    15.8


SKY COVER
  AVERAGE SKY COVER 0.0


WEATHER CONDITIONS
 THE FOLLOWING WEATHER WAS RECORDED YESTERDAY.
  NO SIGNIFICANT WEATHER WAS OBSERVED.


RELATIVE HUMIDITY (PERCENT)
 HIGHEST    64          1200 AM
 LOWEST     25           200 PM
 AVERAGE    45

..........................................................


THE VICHY-ROLLA MO CLIMATE NORMALS FOR TODAY
                         NORMAL    RECORD    YEAR
 MAXIMUM TEMPERATURE (F)   53        74      1897
 MINIMUM TEMPERATURE (F)   33         9      2000


SUNRISE AND SUNSET
NOVEMBER 21 2017......SUNRISE   655 AM CST   SUNSET   451 PM CST
NOVEMBER 22 2017......SUNRISE   656 AM CST   SUNSET   450 PM CST


-  INDICATES NEGATIVE NUMBERS.
R  INDICATES RECORD WAS SET OR TIED.
MM INDICATES DATA IS MISSING.
T  INDICATES TRACE AMOUNT.




$$
