000
CDUS43 KSGF 250629
CLIVIH


CLIMATE REPORT
NATIONAL WEATHER SERVICE SPRINGFIELD MO
1229 AM CST WED FEB 25 2015


...................................

...THE VICHY-ROLLA MO CLIMATE SUMMARY FOR FEBRUARY 24 2015...

CLIMATE NORMAL PERIOD 1981 TO 2010
CLIMATE RECORD PERIOD 1888 TO 2015


WEATHER ITEM   OBSERVED TIME   RECORD YEAR NORMAL DEPARTURE LAST
                VALUE   (LST)  VALUE       VALUE  FROM      YEAR
                                                  NORMAL
..................................................................
TEMPERATURE (F)
 YESTERDAY
  MAXIMUM         40    451 PM  78    1956  49     -9       39
  MINIMUM         14    232 AM   2    1899  28    -14       18
  AVERAGE         27                        38    -11       29

PRECIPITATION (IN)
  YESTERDAY        0.00          2.13 2001   0.08  -0.08     0.00
  MONTH TO DATE    1.08                      1.63  -0.55     0.61
  SINCE DEC 1      4.38                      6.44  -2.06     3.33
  SINCE JAN 1      2.01                      3.80  -1.79     1.46

DEGREE DAYS
 HEATING
  YESTERDAY       38                        27     11       36
  MONTH TO DATE  914                       719    195      858
  SINCE DEC 1   2803                      2740     63     3096
  SINCE JUL 1   3945                      3687    258     4146

 COOLING
  YESTERDAY        0                         0      0        0
  MONTH TO DATE    0                         0      0        0
  SINCE DEC 1      0                         0      0        0
  SINCE JAN 1      0                         0      0        0
..................................................................


WIND (MPH)
  HIGHEST WIND SPEED    22   HIGHEST WIND DIRECTION    SW (240)
  HIGHEST GUST SPEED    27   HIGHEST GUST DIRECTION    SW (230)
  AVERAGE WIND SPEED    10.1


SKY COVER
  AVERAGE SKY COVER 0.2


WEATHER CONDITIONS
 THE FOLLOWING WEATHER WAS RECORDED YESTERDAY.
  NO SIGNIFICANT WEATHER WAS OBSERVED.


RELATIVE HUMIDITY (PERCENT)
 HIGHEST    74          1100 PM
 LOWEST     37           300 PM
 AVERAGE    56

..........................................................


THE VICHY-ROLLA MO CLIMATE NORMALS FOR TODAY
                         NORMAL    RECORD    YEAR
 MAXIMUM TEMPERATURE (F)   49        76      1981
 MINIMUM TEMPERATURE (F)   28         1      1965


SUNRISE AND SUNSET
FEBRUARY 25 2015......SUNRISE   645 AM CST   SUNSET   556 PM CST
FEBRUARY 26 2015......SUNRISE   643 AM CST   SUNSET   557 PM CST


-  INDICATES NEGATIVE NUMBERS.
R  INDICATES RECORD WAS SET OR TIED.
MM INDICATES DATA IS MISSING.
T  INDICATES TRACE AMOUNT.




$$
