000
CDUS43 KSGF 250628
CLIVIH


CLIMATE REPORT
NATIONAL WEATHER SERVICE SPRINGFIELD MO
1228 AM CST THU DEC 25 2014


...................................

...THE VICHY-ROLLA MO CLIMATE SUMMARY FOR DECEMBER 24 2014...

CLIMATE NORMAL PERIOD 1981 TO 2010
CLIMATE RECORD PERIOD 1888 TO 2014


WEATHER ITEM   OBSERVED TIME   RECORD YEAR NORMAL DEPARTURE LAST
                VALUE   (LST)  VALUE       VALUE  FROM      YEAR
                                                  NORMAL
..................................................................
TEMPERATURE (F)
 YESTERDAY
  MAXIMUM         36    534 PM  72    1955  41     -5       27
  MINIMUM         33    450 AM  -1    1990  23     10        3
  AVERAGE         35                        32      3       15

PRECIPITATION (IN)
  YESTERDAY        0.02          1.26 1965   0.08  -0.06     0.00
  MONTH TO DATE    2.19                      2.12   0.07     1.87
  SINCE DEC 1      2.19                      2.12   0.07     1.87
  SINCE JAN 1     29.47                     43.09 -13.62    41.62

DEGREE DAYS
 HEATING
  YESTERDAY       30                        33     -3       50
  MONTH TO DATE  648                       734    -86      811
  SINCE DEC 1    648                       734    -86      811
  SINCE JUL 1   1790                      1681    109     1861

 COOLING
  YESTERDAY        0                         0      0        0
  MONTH TO DATE    0                         0      0        0
  SINCE DEC 1      0                         0      0        0
  SINCE JAN 1   1186                      1246    -60     1125
..................................................................


WIND (MPH)
  HIGHEST WIND SPEED    17   HIGHEST WIND DIRECTION    SW (240)
  HIGHEST GUST SPEED    22   HIGHEST GUST DIRECTION     W (250)
  AVERAGE WIND SPEED     9.6


SKY COVER
  AVERAGE SKY COVER 1.0


WEATHER CONDITIONS
 THE FOLLOWING WEATHER WAS RECORDED YESTERDAY.
  LIGHT RAIN
  LIGHT SNOW
  FOG


RELATIVE HUMIDITY (PERCENT)
 HIGHEST   100           800 AM
 LOWEST     82          1200 AM
 AVERAGE    91

..........................................................


THE VICHY-ROLLA MO CLIMATE NORMALS FOR TODAY
                         NORMAL    RECORD    YEAR
 MAXIMUM TEMPERATURE (F)   41        71      1971
 MINIMUM TEMPERATURE (F)   22        -2      1980


SUNRISE AND SUNSET
DECEMBER 25 2014......SUNRISE   722 AM CST   SUNSET   453 PM CST
DECEMBER 26 2014......SUNRISE   722 AM CST   SUNSET   454 PM CST


-  INDICATES NEGATIVE NUMBERS.
R  INDICATES RECORD WAS SET OR TIED.
MM INDICATES DATA IS MISSING.
T  INDICATES TRACE AMOUNT.




$$
