000
CDUS43 KSGF 260626
CLIVIH


CLIMATE REPORT
NATIONAL WEATHER SERVICE SPRINGFIELD MO
125 AM CDT TUE MAY 26 2015


...................................

...THE VICHY-ROLLA MO CLIMATE SUMMARY FOR MAY 25 2015...

CLIMATE NORMAL PERIOD 1981 TO 2010
CLIMATE RECORD PERIOD 1888 TO 2015


WEATHER ITEM   OBSERVED TIME   RECORD YEAR NORMAL DEPARTURE LAST
                VALUE   (LST)  VALUE       VALUE  FROM      YEAR
                                                  NORMAL
..................................................................
TEMPERATURE (F)
 YESTERDAY
  MAXIMUM         82    308 PM  93    2012  77      5       83
                                      1953
  MINIMUM         60    549 AM  35    1897  56      4       60
  AVERAGE         71                        66      5       72

PRECIPITATION (IN)
  YESTERDAY        T             1.45 1968   0.16  -0.16     0.00
  MONTH TO DATE    3.81                      4.05  -0.24     2.73
  SINCE MAR 1      8.95                     11.72  -2.77     7.09
  SINCE JAN 1     11.23                     15.82  -4.59     8.55

DEGREE DAYS
 HEATING
  YESTERDAY        0                         2     -2        0
  MONTH TO DATE   80                       105    -25      126
  SINCE MAR 1    918                      1033   -115     1172
  SINCE JUL 1   5035                      4823    212     5478

 COOLING
  YESTERDAY        6                         3      3        7
  MONTH TO DATE   70                        55     15       92
  SINCE MAR 1     83                        81      2      104
  SINCE JAN 1     83                        81      2      104
..................................................................


WIND (MPH)
  HIGHEST WIND SPEED    22   HIGHEST WIND DIRECTION    SW (220)
  HIGHEST GUST SPEED    29   HIGHEST GUST DIRECTION    SW (210)
  AVERAGE WIND SPEED    10.4


SKY COVER
  AVERAGE SKY COVER 0.4


WEATHER CONDITIONS
 THE FOLLOWING WEATHER WAS RECORDED YESTERDAY.
  LIGHT RAIN


RELATIVE HUMIDITY (PERCENT)
 HIGHEST    97           600 AM
 LOWEST     62           100 PM
 AVERAGE    80

..........................................................


THE VICHY-ROLLA MO CLIMATE NORMALS FOR TODAY
                         NORMAL    RECORD    YEAR
 MAXIMUM TEMPERATURE (F)   77        98      2012
 MINIMUM TEMPERATURE (F)   56        37      1901


SUNRISE AND SUNSET
MAY 26 2015...........SUNRISE   549 AM CDT   SUNSET   820 PM CDT
MAY 27 2015...........SUNRISE   548 AM CDT   SUNSET   821 PM CDT


-  INDICATES NEGATIVE NUMBERS.
R  INDICATES RECORD WAS SET OR TIED.
MM INDICATES DATA IS MISSING.
T  INDICATES TRACE AMOUNT.




$$
