000
CDUS43 KSGF 282129
CLIVIH


CLIMATE REPORT
NATIONAL WEATHER SERVICE SPRINGFIELD MO
429 PM CDT TUE OCT 28 2014


...................................

...THE VICHY-ROLLA MO CLIMATE SUMMARY FOR OCTOBER 28 2014...
VALID AS OF 0400 PM LOCAL TIME.

CLIMATE NORMAL PERIOD 1981 TO 2010
CLIMATE RECORD PERIOD 1888 TO 2014


WEATHER ITEM   OBSERVED TIME   RECORD YEAR NORMAL DEPARTURE LAST
                VALUE   (LST)  VALUE       VALUE  FROM      YEAR
                                                  NORMAL
..................................................................
TEMPERATURE (F)
 TODAY
  MAXIMUM         64    206 PM  86    1950  64      0       69
  MINIMUM         46    740 AM  26    2008  42      4       39
                                      1957
  AVERAGE         55                        53      2       54

PRECIPITATION (IN)
  TODAY            0.26          0.73 1955   0.12   0.14     0.00
  MONTH TO DATE    5.47                      3.16   2.31     0.98
  SINCE SEP 1      7.38                      7.20   0.18     3.84
  SINCE JAN 1     24.68                     36.75 -12.07    36.82

DEGREE DAYS
 HEATING
  TODAY           10                        13     -3       11
  MONTH TO DATE  210                       246    -36      308
  SINCE SEP 1    271                       307    -36      336
  SINCE JUL 1    274                       310    -36      340

 COOLING
  TODAY            0                         0      0        0
  MONTH TO DATE   25                        25      0       38
  SINCE SEP 1    147                       166    -19      225
  SINCE JAN 1   1186                      1243    -57     1124
..................................................................


WIND (MPH)
  HIGHEST WIND SPEED    18   HIGHEST WIND DIRECTION    NW (320)
  HIGHEST GUST SPEED    24   HIGHEST GUST DIRECTION    NW (300)


SKY COVER
  AVERAGE SKY COVER 0.1


WEATHER CONDITIONS
 THE FOLLOWING WEATHER WAS RECORDED TODAY.
  THUNDERSTORM
  HEAVY RAIN
  RAIN
  LIGHT RAIN
  FOG


RELATIVE HUMIDITY (PERCENT)
 HIGHEST    93           800 AM
 LOWEST     34           200 PM
 AVERAGE    64

..........................................................


THE VICHY-ROLLA MO CLIMATE NORMALS FOR TOMORROW
                         NORMAL    RECORD    YEAR
 MAXIMUM TEMPERATURE (F)   63        86      1950
 MINIMUM TEMPERATURE (F)   42        24      2012


SUNRISE AND SUNSET
OCTOBER 28 2014.......SUNRISE   729 AM CDT   SUNSET   612 PM CDT
OCTOBER 29 2014.......SUNRISE   730 AM CDT   SUNSET   611 PM CDT


-  INDICATES NEGATIVE NUMBERS.
R  INDICATES RECORD WAS SET OR TIED.
MM INDICATES DATA IS MISSING.
T  INDICATES TRACE AMOUNT.




$$
