000
CDUS43 KSGF 240628
CLIVIH


CLIMATE REPORT
NATIONAL WEATHER SERVICE SPRINGFIELD MO
126 AM CDT SUN JUL 24 2016


...................................

...THE VICHY-ROLLA MO CLIMATE SUMMARY FOR JULY 23 2016...

CLIMATE NORMAL PERIOD 1981 TO 2010
CLIMATE RECORD PERIOD 1888 TO 2016


WEATHER ITEM   OBSERVED TIME   RECORD YEAR NORMAL DEPARTURE LAST
                VALUE   (LST)  VALUE       VALUE  FROM      YEAR
                                                  NORMAL
..................................................................
TEMPERATURE (F)
 YESTERDAY
  MAXIMUM         96    318 PM 112    1901  89      7       86
  MINIMUM         73    456 AM  54    2000  67      6       70
  AVERAGE         85                        78      7       78

PRECIPITATION (IN)
  YESTERDAY        0.00          3.07 1981   0.14  -0.14     0.00
  MONTH TO DATE    5.24                      3.32   1.92     5.10
  SINCE JUN 1      7.18                      7.95  -0.77    12.55
  SINCE JAN 1     21.42                     24.76  -3.34    26.57

DEGREE DAYS
 HEATING
  YESTERDAY        0                         0      0        0
  MONTH TO DATE    0                         0      0        0
  SINCE JUN 1      0                        14    -14       15
  SINCE JUL 1      0                         0      0        0

 COOLING
  YESTERDAY       20                        13      7       13
  MONTH TO DATE  302                       280     22      265
  SINCE JUN 1    649                       515    134      537
  SINCE JAN 1    727                       622    105      644
..................................................................


WIND (MPH)
  HIGHEST WIND SPEED    10   HIGHEST WIND DIRECTION     S (180)
  HIGHEST GUST SPEED    21   HIGHEST GUST DIRECTION    SW (210)
  AVERAGE WIND SPEED     6.1


SKY COVER
  AVERAGE SKY COVER 0.2


WEATHER CONDITIONS
 THE FOLLOWING WEATHER WAS RECORDED YESTERDAY.
  NO SIGNIFICANT WEATHER WAS OBSERVED.


RELATIVE HUMIDITY (PERCENT)
 HIGHEST    94           200 AM
 LOWEST     49           500 PM
 AVERAGE    72

..........................................................


THE VICHY-ROLLA MO CLIMATE NORMALS FOR TODAY
                         NORMAL    RECORD    YEAR
 MAXIMUM TEMPERATURE (F)   89       103      2005
 MINIMUM TEMPERATURE (F)   67        53      2003


SUNRISE AND SUNSET
JULY 24 2016..........SUNRISE   604 AM CDT   SUNSET   823 PM CDT
JULY 25 2016..........SUNRISE   604 AM CDT   SUNSET   822 PM CDT


-  INDICATES NEGATIVE NUMBERS.
R  INDICATES RECORD WAS SET OR TIED.
MM INDICATES DATA IS MISSING.
T  INDICATES TRACE AMOUNT.




$$
