000
CDUS43 KSGF 280626
CLIVIH


CLIMATE REPORT
NATIONAL WEATHER SERVICE SPRINGFIELD MO
1226 AM CST WED JAN 28 2015


...................................

...THE VICHY-ROLLA MO CLIMATE SUMMARY FOR JANUARY 27 2015...

CLIMATE NORMAL PERIOD 1981 TO 2010
CLIMATE RECORD PERIOD 1888 TO 2015


WEATHER ITEM   OBSERVED TIME   RECORD YEAR NORMAL DEPARTURE LAST
                VALUE   (LST)  VALUE       VALUE  FROM      YEAR
                                                  NORMAL
..................................................................
TEMPERATURE (F)
 YESTERDAY
  MAXIMUM         51    405 PM  65    2002  42      9       27
  MINIMUM         33    752 AM -11    1902  22     11        7
  AVERAGE         42                        32     10       17

PRECIPITATION (IN)
  YESTERDAY        0.00          0.94 1949   0.06  -0.06     0.00
  MONTH TO DATE    0.88                      1.93  -1.05     0.85
  SINCE DEC 1      3.25                      4.57  -1.32     2.72
  SINCE JAN 1      0.88                      1.93  -1.05     0.85

DEGREE DAYS
 HEATING
  YESTERDAY       23                        33    -10       48
  MONTH TO DATE  913                       916     -3     1037
  SINCE DEC 1   1785                      1886   -101     2074
  SINCE JUL 1   2927                      2833     94     3124

 COOLING
  YESTERDAY        0                         0      0        0
  MONTH TO DATE    0                         0      0        0
  SINCE DEC 1      0                         0      0        0
  SINCE JAN 1      0                         0      0        0
..................................................................


WIND (MPH)
  HIGHEST WIND SPEED    16   HIGHEST WIND DIRECTION    NW (320)
  HIGHEST GUST SPEED    22   HIGHEST GUST DIRECTION    NW (320)
  AVERAGE WIND SPEED     7.1


SKY COVER
  AVERAGE SKY COVER 0.0


WEATHER CONDITIONS
 THE FOLLOWING WEATHER WAS RECORDED YESTERDAY.
  NO SIGNIFICANT WEATHER WAS OBSERVED.


RELATIVE HUMIDITY (PERCENT)
 HIGHEST    89           500 AM
 LOWEST     46           300 PM
 AVERAGE    68

..........................................................


THE VICHY-ROLLA MO CLIMATE NORMALS FOR TODAY
                         NORMAL    RECORD    YEAR
 MAXIMUM TEMPERATURE (F)   42        74      2002
 MINIMUM TEMPERATURE (F)   22        -4      1977


SUNRISE AND SUNSET
JANUARY 28 2015.......SUNRISE   715 AM CST   SUNSET   525 PM CST
JANUARY 29 2015.......SUNRISE   714 AM CST   SUNSET   526 PM CST


-  INDICATES NEGATIVE NUMBERS.
R  INDICATES RECORD WAS SET OR TIED.
MM INDICATES DATA IS MISSING.
T  INDICATES TRACE AMOUNT.




$$
