000
CDUS43 KSGF 020639
CLIVIH


CLIMATE REPORT
NATIONAL WEATHER SERVICE SPRINGFIELD MO
137 AM CDT MON MAY 2 2016


...................................

...THE VICHY-ROLLA MO CLIMATE SUMMARY FOR MAY 1 2016...

CLIMATE NORMAL PERIOD 1981 TO 2010
CLIMATE RECORD PERIOD 1888 TO 2016


WEATHER ITEM   OBSERVED TIME   RECORD YEAR NORMAL DEPARTURE LAST
                VALUE   (LST)  VALUE       VALUE  FROM      YEAR
                                                  NORMAL
..................................................................
TEMPERATURE (F)
 YESTERDAY
  MAXIMUM         68    319 PM  90    1899  71     -3       71
  MINIMUM         49   1159 PM  25    1903  49      0       34
  AVERAGE         59                        60     -1       53

PRECIPITATION (IN)
  YESTERDAY        0.00          1.14 1995   0.15  -0.15     0.00
  MONTH TO DATE    0.00                      0.15  -0.15     0.00
  SINCE MAR 1      6.94                      7.82  -0.88     5.14
  SINCE JAN 1      9.06                     11.92  -2.86     7.42

DEGREE DAYS
 HEATING
  YESTERDAY        6                         6      0       12
  MONTH TO DATE    6                         6      0       12
  SINCE MAR 1    694                       934   -240      850
  SINCE JUL 1   3897                      4724   -827     4967

 COOLING
  YESTERDAY        0                         1     -1        0
  MONTH TO DATE    0                         1     -1        0
  SINCE MAR 1     14                        27    -13       13
  SINCE JAN 1     14                        27    -13       13
..................................................................


WIND (MPH)
  HIGHEST WIND SPEED    18   HIGHEST WIND DIRECTION    NW (300)
  HIGHEST GUST SPEED    26   HIGHEST GUST DIRECTION     W (270)
  AVERAGE WIND SPEED     9.0


SKY COVER
  AVERAGE SKY COVER 0.2


WEATHER CONDITIONS
 THE FOLLOWING WEATHER WAS RECORDED YESTERDAY.
  NO SIGNIFICANT WEATHER WAS OBSERVED.


RELATIVE HUMIDITY (PERCENT)
 HIGHEST   100          1200 AM
 LOWEST     48           400 PM
 AVERAGE    74

..........................................................


THE VICHY-ROLLA MO CLIMATE NORMALS FOR TODAY
                         NORMAL    RECORD    YEAR
 MAXIMUM TEMPERATURE (F)   71        89      1901
 MINIMUM TEMPERATURE (F)   49        34      1961


SUNRISE AND SUNSET
MAY  2 2016...........SUNRISE   609 AM CDT   SUNSET   800 PM CDT
MAY  3 2016...........SUNRISE   608 AM CDT   SUNSET   801 PM CDT


-  INDICATES NEGATIVE NUMBERS.
R  INDICATES RECORD WAS SET OR TIED.
MM INDICATES DATA IS MISSING.
T  INDICATES TRACE AMOUNT.




$$
