000
CDUS43 KSGF 292230
CLIVIH


CLIMATE REPORT
NATIONAL WEATHER SERVICE SPRINGFIELD MO
529 PM CDT MON JUN 29 2015


...................................

...THE VICHY-ROLLA MO CLIMATE SUMMARY FOR JUNE 29 2015...
VALID TODAY AS OF 0500 PM LOCAL TIME.

CLIMATE NORMAL PERIOD 1981 TO 2010
CLIMATE RECORD PERIOD 1888 TO 2015


WEATHER ITEM   OBSERVED TIME   RECORD YEAR NORMAL DEPARTURE LAST
                VALUE   (LST)  VALUE       VALUE  FROM      YEAR
                                                  NORMAL
..................................................................
TEMPERATURE (F)
 TODAY
  MAXIMUM         84    249 PM 104    1952  86     -2       84
  MINIMUM         64    502 AM  57    2004  65     -1       68
                                      1999
  AVERAGE         74                        76     -2       76

PRECIPITATION (IN)
  TODAY            0.00          2.03 1902   0.14  -0.14      T
  MONTH TO DATE    7.43                      4.50   2.93     3.31
  SINCE JUN 1      7.43                      4.50   2.93     3.31
  SINCE JAN 1     21.45                     21.31   0.14    12.93

DEGREE DAYS
 COOLING
  TODAY            9                        11     -2       11
  MONTH TO DATE  263                       224     39      241
  SINCE JUN 1    263                       224     39      241
  SINCE JAN 1    370                       331     39      388
..................................................................


WIND (MPH)
  HIGHEST WIND SPEED    15   HIGHEST WIND DIRECTION    NW (310)
  HIGHEST GUST SPEED    19   HIGHEST GUST DIRECTION    NW (330)


SKY COVER
  AVERAGE SKY COVER 0.2


WEATHER CONDITIONS
 THE FOLLOWING WEATHER WAS RECORDED TODAY.
  NO SIGNIFICANT WEATHER WAS OBSERVED.


RELATIVE HUMIDITY (PERCENT)
 HIGHEST   100           300 AM
 LOWEST     55           300 PM
 AVERAGE    78

..........................................................


THE VICHY-ROLLA MO CLIMATE NORMALS FOR TOMORROW
                         NORMAL    RECORD    YEAR
 MAXIMUM TEMPERATURE (F)   86       102      2012
 MINIMUM TEMPERATURE (F)   66        56      2008


SUNRISE AND SUNSET
JUNE 29 2015..........SUNRISE   547 AM CDT   SUNSET   834 PM CDT
JUNE 30 2015..........SUNRISE   547 AM CDT   SUNSET   834 PM CDT


-  INDICATES NEGATIVE NUMBERS.
R  INDICATES RECORD WAS SET OR TIED.
MM INDICATES DATA IS MISSING.
T  INDICATES TRACE AMOUNT.




$$
