218
CDUS43 KSGF 240634
CLIVIH


CLIMATE REPORT
NATIONAL WEATHER SERVICE SPRINGFIELD MO
134 AM CDT TUE MAY 24 2016


...................................

...THE VICHY-ROLLA MO CLIMATE SUMMARY FOR MAY 23 2016...

CLIMATE NORMAL PERIOD 1981 TO 2010
CLIMATE RECORD PERIOD 1888 TO 2016


WEATHER ITEM   OBSERVED TIME   RECORD YEAR NORMAL DEPARTURE LAST
                VALUE   (LST)  VALUE       VALUE  FROM      YEAR
                                                  NORMAL
..................................................................
TEMPERATURE (F)
 YESTERDAY
  MAXIMUM         77    303 PM  90    1996  76      1       72
  MINIMUM         52    154 AM  42    1963  55     -3       56
  AVERAGE         65                        66     -1       64

PRECIPITATION (IN)
  YESTERDAY        0.00          1.76 1971   0.16  -0.16      T
  MONTH TO DATE    2.31                      3.74  -1.43     3.27
  SINCE MAR 1      9.25                     11.41  -2.16     8.41
  SINCE JAN 1     11.37                     15.51  -4.14    10.69

DEGREE DAYS
 HEATING
  YESTERDAY        0                         3     -3        1
  MONTH TO DATE  161                       101     60       80
  SINCE MAR 1    849                      1029   -180      918
  SINCE JUL 1   4052                      4819   -767     5035

 COOLING
  YESTERDAY        0                         3     -3        0
  MONTH TO DATE   14                        49    -35       57
  SINCE MAR 1     28                        75    -47       70
  SINCE JAN 1     28                        75    -47       70
..................................................................


WIND (MPH)
  HIGHEST WIND SPEED    17   HIGHEST WIND DIRECTION     S (160)
  HIGHEST GUST SPEED    22   HIGHEST GUST DIRECTION     S (180)
  AVERAGE WIND SPEED     8.7


SKY COVER
  AVERAGE SKY COVER 0.1


WEATHER CONDITIONS
 THE FOLLOWING WEATHER WAS RECORDED YESTERDAY.
  NO SIGNIFICANT WEATHER WAS OBSERVED.


RELATIVE HUMIDITY (PERCENT)
 HIGHEST    83           200 AM
 LOWEST     46          1100 AM
 AVERAGE    65

..........................................................


THE VICHY-ROLLA MO CLIMATE NORMALS FOR TODAY
                         NORMAL    RECORD    YEAR
 MAXIMUM TEMPERATURE (F)   76        93      1996
 MINIMUM TEMPERATURE (F)   56        41      2001


SUNRISE AND SUNSET
MAY 24 2016...........SUNRISE   549 AM CDT   SUNSET   819 PM CDT
MAY 25 2016...........SUNRISE   549 AM CDT   SUNSET   820 PM CDT


-  INDICATES NEGATIVE NUMBERS.
R  INDICATES RECORD WAS SET OR TIED.
MM INDICATES DATA IS MISSING.
T  INDICATES TRACE AMOUNT.




$$
