000
CDUS43 KSGF 280630
CLIVIH


CLIMATE REPORT
NATIONAL WEATHER SERVICE SPRINGFIELD MO
130 AM CDT SUN SEP 28 2014


...................................

...THE VICHY-ROLLA MO CLIMATE SUMMARY FOR SEPTEMBER 27 2014...

CLIMATE NORMAL PERIOD 1981 TO 2010
CLIMATE RECORD PERIOD 1888 TO 2014


WEATHER ITEM   OBSERVED TIME   RECORD YEAR NORMAL DEPARTURE LAST
                VALUE   (LST)  VALUE       VALUE  FROM      YEAR
                                                  NORMAL
..................................................................
TEMPERATURE (F)
 YESTERDAY
  MAXIMUM         84    320 PM  92    1897  74     10       82
  MINIMUM         55    613 AM  40    1903  52      3       61
  AVERAGE         70                        63      7       72

PRECIPITATION (IN)
  YESTERDAY        0.00          1.00 1945   0.12  -0.12     0.00
  MONTH TO DATE    1.91                      3.70  -1.79     2.86
  SINCE SEP 1      1.91                      3.70  -1.79     2.86
  SINCE JAN 1     19.21                     33.25 -14.04    35.84

DEGREE DAYS
 HEATING
  YESTERDAY        0                         4     -4        0
  MONTH TO DATE   61                        46     15       23
  SINCE SEP 1     61                        46     15       23
  SINCE JUL 1     64                        49     15       27

 COOLING
  YESTERDAY        5                         2      3        7
  MONTH TO DATE  104                       135    -31      182
  SINCE SEP 1    104                       135    -31      182
  SINCE JAN 1   1143                      1212    -69     1081
..................................................................


WIND (MPH)
  HIGHEST WIND SPEED    13   HIGHEST WIND DIRECTION     E (100)
  HIGHEST GUST SPEED    15   HIGHEST GUST DIRECTION     E (100)
  AVERAGE WIND SPEED     4.3


SKY COVER
  AVERAGE SKY COVER 0.1


WEATHER CONDITIONS
 THE FOLLOWING WEATHER WAS RECORDED YESTERDAY.
  NO SIGNIFICANT WEATHER WAS OBSERVED.


RELATIVE HUMIDITY (PERCENT)
 HIGHEST    87           400 AM
 LOWEST     40           100 PM
 AVERAGE    64

..........................................................


THE VICHY-ROLLA MO CLIMATE NORMALS FOR TODAY
                         NORMAL    RECORD    YEAR
 MAXIMUM TEMPERATURE (F)   73       101      1953
 MINIMUM TEMPERATURE (F)   52        38      1951


SUNRISE AND SUNSET
SEPTEMBER 28 2014.....SUNRISE   700 AM CDT   SUNSET   655 PM CDT
SEPTEMBER 29 2014.....SUNRISE   701 AM CDT   SUNSET   653 PM CDT


-  INDICATES NEGATIVE NUMBERS.
R  INDICATES RECORD WAS SET OR TIED.
MM INDICATES DATA IS MISSING.
T  INDICATES TRACE AMOUNT.




$$
