012
CDUS43 KSGF 162232
CLIVIH


CLIMATE REPORT
NATIONAL WEATHER SERVICE SPRINGFIELD MO
431 PM CST MON JAN 16 2017


...................................

...THE VICHY-ROLLA MO CLIMATE SUMMARY FOR JANUARY 16 2017...
VALID AS OF 0400 PM LOCAL TIME.

CLIMATE NORMAL PERIOD 1981 TO 2010
CLIMATE RECORD PERIOD 1888 TO 2017


WEATHER ITEM   OBSERVED TIME   RECORD YEAR NORMAL DEPARTURE LAST
                VALUE   (LST)  VALUE       VALUE  FROM      YEAR
                                                  NORMAL
..................................................................
TEMPERATURE (F)
 TODAY
  MAXIMUM         55    359 PM  70    1952  40     15       33
  MINIMUM         33    111 AM -10    1952  21     12       21
  AVERAGE         44                        31     13       27

PRECIPITATION (IN)
  TODAY            0.07          0.79 1994   0.08  -0.01     0.00
  MONTH TO DATE    0.91                      1.21  -0.30     0.71
  SINCE DEC 1      1.77                      3.85  -2.08    11.03
  SINCE JAN 1      0.91                      1.21  -0.30     0.71

DEGREE DAYS
 HEATING
  TODAY           21                        34    -13       38
  MONTH TO DATE  541                       544     -3      531
  SINCE DEC 1   1486                      1514    -28     1206
  SINCE JUL 1   2114                      2461   -347     1927

 COOLING
  TODAY            0                         0      0        0
  MONTH TO DATE    0                         0      0        0
  SINCE DEC 1      0                         0      0        0
  SINCE JAN 1      0                         0      0        0
..................................................................


WIND (MPH)
  HIGHEST WIND SPEED    21   HIGHEST WIND DIRECTION     S (180)
  HIGHEST GUST SPEED    27   HIGHEST GUST DIRECTION     E (100)


SKY COVER
  AVERAGE SKY COVER 1.0


WEATHER CONDITIONS
 THE FOLLOWING WEATHER WAS RECORDED TODAY.
  LIGHT RAIN
  FOG
  FOG W/VISIBILITY <= 1/4 MILE


RELATIVE HUMIDITY (PERCENT)
 HIGHEST   100          1200 AM
 LOWEST     93           200 PM
 AVERAGE    97

..........................................................


THE VICHY-ROLLA MO CLIMATE NORMALS FOR TOMORROW
                         NORMAL    RECORD    YEAR
 MAXIMUM TEMPERATURE (F)   41        70      1952
 MINIMUM TEMPERATURE (F)   21       -13      1977


SUNRISE AND SUNSET
JANUARY 16 2017.......SUNRISE   722 AM CST   SUNSET   513 PM CST
JANUARY 17 2017.......SUNRISE   721 AM CST   SUNSET   514 PM CST


-  INDICATES NEGATIVE NUMBERS.
R  INDICATES RECORD WAS SET OR TIED.
MM INDICATES DATA IS MISSING.
T  INDICATES TRACE AMOUNT.




$$
