000
CDUS43 KSGF 250629
CLIVIH


CLIMATE REPORT
NATIONAL WEATHER SERVICE SPRINGFIELD MO
129 AM CDT THU AUG 25 2016


...................................

...THE VICHY-ROLLA MO CLIMATE SUMMARY FOR AUGUST 24 2016...

CLIMATE NORMAL PERIOD 1981 TO 2010
CLIMATE RECORD PERIOD 1888 TO 2016


WEATHER ITEM   OBSERVED TIME   RECORD YEAR NORMAL DEPARTURE LAST
                VALUE   (LST)  VALUE       VALUE  FROM      YEAR
                                                  NORMAL
..................................................................
TEMPERATURE (F)
 YESTERDAY
  MAXIMUM         89    226 PM  98    2014  87      2       79
  MINIMUM         74    619 AM  49    2015  64     10       49
  AVERAGE         82                        75      7       64

PRECIPITATION (IN)
  YESTERDAY        T             1.64 1962   0.12  -0.12     0.00
  MONTH TO DATE    9.47                      2.82   6.65     2.24
  SINCE JUN 1     17.57                     11.89   5.68    15.09
  SINCE JAN 1     31.81                     28.70   3.11    29.11

DEGREE DAYS
 HEATING
  YESTERDAY        0                         0      0        1
  MONTH TO DATE    0                         0      0        2
  SINCE JUN 1      0                        15    -15       17
  SINCE JUL 1      0                         1     -1        2

 COOLING
  YESTERDAY       17                        10      7        0
  MONTH TO DATE  261                       287    -26      213
  SINCE JUN 1   1017                       904    113      864
  SINCE JAN 1   1095                      1011     84      971
..................................................................


WIND (MPH)
  HIGHEST WIND SPEED    22   HIGHEST WIND DIRECTION    SW (210)
  HIGHEST GUST SPEED    29   HIGHEST GUST DIRECTION     S (200)
  AVERAGE WIND SPEED    10.8


SKY COVER
  AVERAGE SKY COVER 0.2


WEATHER CONDITIONS
 THE FOLLOWING WEATHER WAS RECORDED YESTERDAY.
  LIGHT RAIN


RELATIVE HUMIDITY (PERCENT)
 HIGHEST    93           400 AM
 LOWEST     63           100 PM
 AVERAGE    78

..........................................................


THE VICHY-ROLLA MO CLIMATE NORMALS FOR TODAY
                         NORMAL    RECORD    YEAR
 MAXIMUM TEMPERATURE (F)   86       101      1973
 MINIMUM TEMPERATURE (F)   64        49      2015


SUNRISE AND SUNSET
AUGUST 25 2016........SUNRISE   631 AM CDT   SUNSET   746 PM CDT
AUGUST 26 2016........SUNRISE   632 AM CDT   SUNSET   745 PM CDT


-  INDICATES NEGATIVE NUMBERS.
R  INDICATES RECORD WAS SET OR TIED.
MM INDICATES DATA IS MISSING.
T  INDICATES TRACE AMOUNT.




$$
