000
CDUS43 KSGF 182228
CLIVIH


CLIMATE REPORT
NATIONAL WEATHER SERVICE SPRINGFIELD MO
528 PM CDT MON AUG 18 2014


...................................

...THE VICHY-ROLLA MO CLIMATE SUMMARY FOR AUGUST 18 2014...
VALID TODAY AS OF 0500 PM LOCAL TIME.

CLIMATE NORMAL PERIOD 1981 TO 2010
CLIMATE RECORD PERIOD 1888 TO 2014


WEATHER ITEM   OBSERVED TIME   RECORD YEAR NORMAL DEPARTURE LAST
                VALUE   (LST)  VALUE       VALUE  FROM      YEAR
                                                  NORMAL
..................................................................
TEMPERATURE (F)
 TODAY
  MAXIMUM         86    349 PM 100    2003  88     -2       80
                                      1954
  MINIMUM         63    539 AM  51    2012  65     -2       55
  AVERAGE         75                        76     -1       68

PRECIPITATION (IN)
  TODAY            0.00          2.82 1993   0.12  -0.12     0.00
  MONTH TO DATE    2.87                      2.10   0.77     4.29
  SINCE JUN 1      6.29                     11.17  -4.88    11.68
  SINCE JAN 1     15.91                     27.98 -12.07    32.98

DEGREE DAYS
 HEATING
  TODAY            0                         0      0        0
  MONTH TO DATE    0                         0      0        2
  SINCE JUN 1      4                        15    -11       21
  SINCE JUL 1      3                         1      2        4

 COOLING
  TODAY           10                        11     -1        3
  MONTH TO DATE  174                       222    -48      118
  SINCE JUN 1    673                       839   -166      617
  SINCE JAN 1    820                       946   -126      724
..................................................................


WIND (MPH)
  HIGHEST WIND SPEED    10   HIGHEST WIND DIRECTION    SW (230)
  HIGHEST GUST SPEED    13   HIGHEST GUST DIRECTION    SW (220)


SKY COVER
  AVERAGE SKY COVER 0.5


WEATHER CONDITIONS
 THE FOLLOWING WEATHER WAS RECORDED TODAY.
  FOG
  FOG W/VISIBILITY <= 1/4 MILE


RELATIVE HUMIDITY (PERCENT)
 HIGHEST   100           400 AM
 LOWEST     51           400 PM
 AVERAGE    76

..........................................................


THE VICHY-ROLLA MO CLIMATE NORMALS FOR TOMORROW
                         NORMAL    RECORD    YEAR
 MAXIMUM TEMPERATURE (F)   88       104      1962
 MINIMUM TEMPERATURE (F)   65        55      1953


SUNRISE AND SUNSET
AUGUST 18 2014........SUNRISE   625 AM CDT   SUNSET   756 PM CDT
AUGUST 19 2014........SUNRISE   625 AM CDT   SUNSET   755 PM CDT


-  INDICATES NEGATIVE NUMBERS.
R  INDICATES RECORD WAS SET OR TIED.
MM INDICATES DATA IS MISSING.
T  INDICATES TRACE AMOUNT.




$$
