000
CDUS43 KSGF 192326
CLIVIH


CLIMATE REPORT
NATIONAL WEATHER SERVICE SPRINGFIELD MO
526 PM CST FRI JAN 19 2018


...................................

...THE VICHY-ROLLA MO CLIMATE SUMMARY FOR JANUARY 19 2018...
VALID TODAY AS OF 0500 PM LOCAL TIME.

CLIMATE NORMAL PERIOD 1981 TO 2010
CLIMATE RECORD PERIOD 1888 TO 2018


WEATHER ITEM   OBSERVED TIME   RECORD YEAR NORMAL DEPARTURE LAST
                VALUE   (LST)  VALUE       VALUE  FROM      YEAR
                                                  NORMAL
..................................................................
TEMPERATURE (F)
 TODAY
  MAXIMUM         53    240 PM  75    1951  41     12       51
  MINIMUM         28    703 AM  -6    1994  21      7       41
  AVERAGE         41                        31     10       46

PRECIPITATION (IN)
  TODAY            0.00          1.40 1995   0.07  -0.07     0.01
  MONTH TO DATE    0.79                      1.43  -0.64     0.97
  SINCE DEC 1      1.43                      4.07  -2.64     1.83
  SINCE JAN 1      0.79                      1.43  -0.64     0.97

DEGREE DAYS
 COOLING
  TODAY            0                         0      0        0
  MONTH TO DATE    0                         0      0        0
  SINCE DEC 1      0                         0      0        0
  SINCE JAN 1      0                         0      0        0
..................................................................


WIND (MPH)
  HIGHEST WIND SPEED    22   HIGHEST WIND DIRECTION    SW (210)
  HIGHEST GUST SPEED    29   HIGHEST GUST DIRECTION     S (200)


SKY COVER
  AVERAGE SKY COVER 0.0


WEATHER CONDITIONS
 THE FOLLOWING WEATHER WAS RECORDED TODAY.
  NO SIGNIFICANT WEATHER WAS OBSERVED.


RELATIVE HUMIDITY (PERCENT)
 HIGHEST    50           500 AM
 LOWEST     30           100 PM
 AVERAGE    40

..........................................................


THE VICHY-ROLLA MO CLIMATE NORMALS FOR TOMORROW
                         NORMAL    RECORD    YEAR
 MAXIMUM TEMPERATURE (F)   41        65      2010
 MINIMUM TEMPERATURE (F)   21        -4      1970


SUNRISE AND SUNSET
JANUARY 19 2018.......SUNRISE   720 AM CST   SUNSET   516 PM CST
JANUARY 20 2018.......SUNRISE   720 AM CST   SUNSET   517 PM CST


-  INDICATES NEGATIVE NUMBERS.
R  INDICATES RECORD WAS SET OR TIED.
MM INDICATES DATA IS MISSING.
T  INDICATES TRACE AMOUNT.




$$
