000
CDUS43 KSGF 190806
CLIVIH


CLIMATE REPORT
NATIONAL WEATHER SERVICE SPRINGFIELD MO
306 AM CDT SUN MAR 19 2017


...................................

...THE VICHY-ROLLA MO CLIMATE SUMMARY FOR MARCH 18 2017...

CLIMATE NORMAL PERIOD 1981 TO 2010
CLIMATE RECORD PERIOD 1888 TO 2017


WEATHER ITEM   OBSERVED TIME   RECORD YEAR NORMAL DEPARTURE LAST
                VALUE   (LST)  VALUE       VALUE  FROM      YEAR
                                                  NORMAL
..................................................................
TEMPERATURE (F)
 YESTERDAY
  MAXIMUM         62    340 PM  78    2012  57      5       52
  MINIMUM         34   1001 PM  10    1902  35     -1       35
  AVERAGE         48                        46      2       44

PRECIPITATION (IN)
  YESTERDAY        0.00          3.80 2008   0.12  -0.12     0.03
  MONTH TO DATE    0.91                      1.75  -0.84     1.39
  SINCE MAR 1      0.91                      1.75  -0.84     1.39
  SINCE JAN 1      2.97                      5.85  -2.88     3.51

DEGREE DAYS
 HEATING
  YESTERDAY       17                        19     -2       21
  MONTH TO DATE  381                       396    -15      243
  SINCE MAR 1    381                       396    -15      243
  SINCE JUL 1   3367                      4186   -819     3446

 COOLING
  YESTERDAY        0                         0      0        0
  MONTH TO DATE    0                         0      0        0
  SINCE MAR 1      0                         0      0        0
  SINCE JAN 1      1                         0      1        0
..................................................................


WIND (MPH)
  HIGHEST WIND SPEED    18   HIGHEST WIND DIRECTION     W (290)
  HIGHEST GUST SPEED    25   HIGHEST GUST DIRECTION     W (290)
  AVERAGE WIND SPEED     9.3


SKY COVER
  AVERAGE SKY COVER 0.0


WEATHER CONDITIONS
 THE FOLLOWING WEATHER WAS RECORDED YESTERDAY.
  NO SIGNIFICANT WEATHER WAS OBSERVED.


RELATIVE HUMIDITY (PERCENT)
 HIGHEST    64          1000 PM
 LOWEST     20           300 PM
 AVERAGE    42

..........................................................


THE VICHY-ROLLA MO CLIMATE NORMALS FOR TODAY
                         NORMAL    RECORD    YEAR
 MAXIMUM TEMPERATURE (F)   58        81      1995
 MINIMUM TEMPERATURE (F)   35         9      1965


SUNRISE AND SUNSET
MARCH 19 2017.........SUNRISE   712 AM CDT   SUNSET   718 PM CDT
MARCH 20 2017.........SUNRISE   710 AM CDT   SUNSET   719 PM CDT


-  INDICATES NEGATIVE NUMBERS.
R  INDICATES RECORD WAS SET OR TIED.
MM INDICATES DATA IS MISSING.
T  INDICATES TRACE AMOUNT.




$$
