000
CDUS43 KSGF 230626
CLIVIH


CLIMATE REPORT
NATIONAL WEATHER SERVICE SPRINGFIELD MO
125 AM CDT WED JUL 23 2014


...................................

...THE VICHY-ROLLA MO CLIMATE SUMMARY FOR JULY 22 2014...

CLIMATE NORMAL PERIOD 1981 TO 2010
CLIMATE RECORD PERIOD 1888 TO 2014


WEATHER ITEM   OBSERVED TIME   RECORD YEAR NORMAL DEPARTURE LAST
                VALUE   (LST)  VALUE       VALUE  FROM      YEAR
                                                  NORMAL
..................................................................
TEMPERATURE (F)
 YESTERDAY
  MAXIMUM         93    405 PM 108    1901  89      4       88
  MINIMUM         68    459 AM  55    1902  67      1       66
  AVERAGE         81                        78      3       77

PRECIPITATION (IN)
  YESTERDAY        0.00          1.16 1961   0.14  -0.14     0.00
  MONTH TO DATE    0.11                      3.18  -3.07     2.80
  SINCE JUN 1      3.42                      7.81  -4.39     6.59
  SINCE JAN 1     13.04                     24.62 -11.58    27.89

DEGREE DAYS
 HEATING
  YESTERDAY        0                         0      0        0
  MONTH TO DATE    3                         0      3        0
  SINCE JUN 1      4                        14    -10       17
  SINCE JUL 1      3                         0      3        0

 COOLING
  YESTERDAY       16                        13      3       12
  MONTH TO DATE  156                       267   -111      234
  SINCE JUN 1    414                       502    -88      451
  SINCE JAN 1    561                       609    -48      558
..................................................................


WIND (MPH)
  HIGHEST WIND SPEED    14   HIGHEST WIND DIRECTION    SW (210)
  HIGHEST GUST SPEED    17   HIGHEST GUST DIRECTION    SW (240)
  AVERAGE WIND SPEED     8.3


SKY COVER
  AVERAGE SKY COVER 0.1


WEATHER CONDITIONS
 THE FOLLOWING WEATHER WAS RECORDED YESTERDAY.
  HAZE


RELATIVE HUMIDITY (PERCENT)
 HIGHEST    87           300 AM
 LOWEST     49           300 PM
 AVERAGE    68

..........................................................


THE VICHY-ROLLA MO CLIMATE NORMALS FOR TODAY
                         NORMAL    RECORD    YEAR
 MAXIMUM TEMPERATURE (F)   89       112      1901
 MINIMUM TEMPERATURE (F)   67        54      2000


SUNRISE AND SUNSET
JULY 23 2014..........SUNRISE   602 AM CDT   SUNSET   824 PM CDT
JULY 24 2014..........SUNRISE   603 AM CDT   SUNSET   824 PM CDT


-  INDICATES NEGATIVE NUMBERS.
R  INDICATES RECORD WAS SET OR TIED.
MM INDICATES DATA IS MISSING.
T  INDICATES TRACE AMOUNT.




$$
