000
CDUS43 KSGF 132327
CLIVIH


CLIMATE REPORT
NATIONAL WEATHER SERVICE SPRINGFIELD MO
527 PM CST MON NOV 13 2017


...................................

...THE VICHY-ROLLA MO CLIMATE SUMMARY FOR NOVEMBER 13 2017...
VALID TODAY AS OF 0500 PM LOCAL TIME.

CLIMATE NORMAL PERIOD 1981 TO 2010
CLIMATE RECORD PERIOD 1888 TO 2017


WEATHER ITEM   OBSERVED TIME   RECORD YEAR NORMAL DEPARTURE LAST
                VALUE   (LST)  VALUE       VALUE  FROM      YEAR
                                                  NORMAL
..................................................................
TEMPERATURE (F)
 TODAY
  MAXIMUM         57    340 PM  85    1955  57      0       60
  MINIMUM         40    827 AM  15    2013  36      4       30
                                      1982
  AVERAGE         49                        46      3       45

PRECIPITATION (IN)
  TODAY            0.00          1.11 1972   0.13  -0.13     0.00
  MONTH TO DATE    0.01                      1.65  -1.64     0.31
  SINCE SEP 1      3.09                      9.20  -6.11     7.51
  SINCE JAN 1     41.69                     38.75   2.94    39.85

DEGREE DAYS
 HEATING
  TODAY           16                        19     -3       20
  MONTH TO DATE  207                       211     -4      151
  SINCE SEP 1    458                       558   -100      304
  SINCE JUL 1    459                       561   -102      304

 COOLING
  TODAY            0                         0      0        0
  MONTH TO DATE    0                         0      0       15
  SINCE SEP 1    277                       166    111      288
  SINCE JAN 1   1247                      1243      4     1477
..................................................................


WIND (MPH)
  HIGHEST WIND SPEED    12   HIGHEST WIND DIRECTION     E (80)
  HIGHEST GUST SPEED    17   HIGHEST GUST DIRECTION     E (100)


SKY COVER
  AVERAGE SKY COVER 0.5


WEATHER CONDITIONS
 THE FOLLOWING WEATHER WAS RECORDED TODAY.
  NO SIGNIFICANT WEATHER WAS OBSERVED.


RELATIVE HUMIDITY (PERCENT)
 HIGHEST    86           600 AM
 LOWEST     47           400 PM
 AVERAGE    67

..........................................................


THE VICHY-ROLLA MO CLIMATE NORMALS FOR TOMORROW
                         NORMAL    RECORD    YEAR
 MAXIMUM TEMPERATURE (F)   56        75      1960
 MINIMUM TEMPERATURE (F)   36        14      2014


SUNRISE AND SUNSET
NOVEMBER 13 2017......SUNRISE   646 AM CST   SUNSET   456 PM CST
NOVEMBER 14 2017......SUNRISE   647 AM CST   SUNSET   455 PM CST


-  INDICATES NEGATIVE NUMBERS.
R  INDICATES RECORD WAS SET OR TIED.
MM INDICATES DATA IS MISSING.
T  INDICATES TRACE AMOUNT.




$$
