585
CDUS43 KSGF 210706
CLIVIH


CLIMATE REPORT
NATIONAL WEATHER SERVICE SPRINGFIELD MO
205 AM CDT FRI APR 21 2017


...................................

...THE VICHY-ROLLA MO CLIMATE SUMMARY FOR APRIL 20 2017...

CLIMATE NORMAL PERIOD 1981 TO 2010
CLIMATE RECORD PERIOD 1888 TO 2017


WEATHER ITEM   OBSERVED TIME   RECORD YEAR NORMAL DEPARTURE LAST
                VALUE   (LST)  VALUE       VALUE  FROM      YEAR
                                                  NORMAL
..................................................................
TEMPERATURE (F)
 YESTERDAY
  MAXIMUM         73    127 PM  86    1902  68      5       64
  MINIMUM         52   1050 PM  27    1953  45      7       51
  AVERAGE         63                        57      6       58

PRECIPITATION (IN)
  YESTERDAY        0.23          2.14 1966   0.14   0.09     0.03
  MONTH TO DATE    1.84                      2.70  -0.86     2.03
  SINCE MAR 1      4.98                      6.15  -1.17     4.89
  SINCE JAN 1      7.04                     10.25  -3.21     7.01

DEGREE DAYS
 HEATING
  YESTERDAY        2                         9     -7        7
  MONTH TO DATE  111                       237   -126      213
  SINCE MAR 1    614                       851   -237      659
  SINCE JUL 1   3600                      4641  -1041     3862

 COOLING
  YESTERDAY        0                         1     -1        0
  MONTH TO DATE   30                        14     16        2
  SINCE MAR 1     33                        18     15        2
  SINCE JAN 1     34                        18     16        2
..................................................................


WIND (MPH)
  HIGHEST WIND SPEED    20   HIGHEST WIND DIRECTION    NW (300)
  HIGHEST GUST SPEED    26   HIGHEST GUST DIRECTION     W (260)
  AVERAGE WIND SPEED     9.8


SKY COVER
  AVERAGE SKY COVER 0.5


WEATHER CONDITIONS
 THE FOLLOWING WEATHER WAS RECORDED YESTERDAY.
  HEAVY RAIN
  RAIN
  LIGHT RAIN
  FOG


RELATIVE HUMIDITY (PERCENT)
 HIGHEST   100          1000 AM
 LOWEST     63           600 PM
 AVERAGE    82

..........................................................


THE VICHY-ROLLA MO CLIMATE NORMALS FOR TODAY
                         NORMAL    RECORD    YEAR
 MAXIMUM TEMPERATURE (F)   68        90      1963
 MINIMUM TEMPERATURE (F)   46        30      1901


SUNRISE AND SUNSET
APRIL 21 2017.........SUNRISE   623 AM CDT   SUNSET   749 PM CDT
APRIL 22 2017.........SUNRISE   622 AM CDT   SUNSET   750 PM CDT


-  INDICATES NEGATIVE NUMBERS.
R  INDICATES RECORD WAS SET OR TIED.
MM INDICATES DATA IS MISSING.
T  INDICATES TRACE AMOUNT.




$$
