000
CDUS43 KSGF 302126
CLIVIH


CLIMATE REPORT
NATIONAL WEATHER SERVICE SPRINGFIELD MO
426 PM CDT SAT MAY 30 2015


...................................

...THE VICHY-ROLLA MO CLIMATE SUMMARY FOR MAY 30 2015...
VALID AS OF 0400 PM LOCAL TIME.

CLIMATE NORMAL PERIOD 1981 TO 2010
CLIMATE RECORD PERIOD 1888 TO 2015


WEATHER ITEM   OBSERVED TIME   RECORD YEAR NORMAL DEPARTURE LAST
                VALUE   (LST)  VALUE       VALUE  FROM      YEAR
                                                  NORMAL
..................................................................
TEMPERATURE (F)
 TODAY
  MAXIMUM         72    201 PM  91    1953  78     -6       83
  MINIMUM         64    730 AM  46    1901  57      7       64
  AVERAGE         68                        68      0       74

PRECIPITATION (IN)
  TODAY            0.83          2.06 1956   0.17   0.66     0.04
  MONTH TO DATE    6.58                      4.88   1.70     3.80
  SINCE MAR 1     11.72                     12.55  -0.83     8.16
  SINCE JAN 1     14.00                     16.65  -2.65     9.62

DEGREE DAYS
 HEATING
  TODAY            0                         2     -2        0
  MONTH TO DATE   80                       115    -35      126
  SINCE MAR 1    918                      1043   -125     1172
  SINCE JUL 1   5035                      4833    202     5478

 COOLING
  TODAY            3                         4     -1        9
  MONTH TO DATE   95                        75     20      125
  SINCE MAR 1    108                       101      7      137
  SINCE JAN 1    108                       101      7      137
..................................................................


WIND (MPH)
  HIGHEST WIND SPEED    20   HIGHEST WIND DIRECTION    NW (330)
  HIGHEST GUST SPEED    24   HIGHEST GUST DIRECTION    NW (330)


SKY COVER
  AVERAGE SKY COVER 1.0


WEATHER CONDITIONS
 THE FOLLOWING WEATHER WAS RECORDED TODAY.
  HEAVY RAIN
  RAIN
  LIGHT RAIN
  FOG
  FOG W/VISIBILITY <= 1/4 MILE


RELATIVE HUMIDITY (PERCENT)
 HIGHEST   100          1200 AM
 LOWEST     84          1200 PM
 AVERAGE    92

..........................................................


THE VICHY-ROLLA MO CLIMATE NORMALS FOR TOMORROW
                         NORMAL    RECORD    YEAR
 MAXIMUM TEMPERATURE (F)   78        91      2000
 MINIMUM TEMPERATURE (F)   58        40      1897


SUNRISE AND SUNSET
MAY 30 2015...........SUNRISE   547 AM CDT   SUNSET   823 PM CDT
MAY 31 2015...........SUNRISE   546 AM CDT   SUNSET   824 PM CDT


-  INDICATES NEGATIVE NUMBERS.
R  INDICATES RECORD WAS SET OR TIED.
MM INDICATES DATA IS MISSING.
T  INDICATES TRACE AMOUNT.




$$
