000
CDUS43 KSGF 190634
CLIVIH


CLIMATE REPORT
NATIONAL WEATHER SERVICE SPRINGFIELD MO
133 AM CDT FRI MAY 19 2017


...................................

...THE VICHY-ROLLA MO CLIMATE SUMMARY FOR MAY 18 2017...

CLIMATE NORMAL PERIOD 1981 TO 2010
CLIMATE RECORD PERIOD 1888 TO 2017


WEATHER ITEM   OBSERVED TIME   RECORD YEAR NORMAL DEPARTURE LAST
                VALUE   (LST)  VALUE       VALUE  FROM      YEAR
                                                  NORMAL
..................................................................
TEMPERATURE (F)
 YESTERDAY
  MAXIMUM         85    338 PM  92    1996  75     10       65
  MINIMUM         65    420 AM  32    2002  54     11       44
  AVERAGE         75                        64     11       55

PRECIPITATION (IN)
  YESTERDAY        0.00          2.43 1981   0.16  -0.16     0.00
  MONTH TO DATE    3.60                      2.93   0.67     2.17
  SINCE MAR 1     17.83                     10.60   7.23     9.11
  SINCE JAN 1     19.89                     14.70   5.19    11.23

DEGREE DAYS
 HEATING
  YESTERDAY        0                         3     -3       10
  MONTH TO DATE   78                        86     -8      142
  SINCE MAR 1    781                      1014   -233      830
  SINCE JUL 1   3767                      4804  -1037     4033

 COOLING
  YESTERDAY       10                         3      7        0
  MONTH TO DATE   46                        34     12       14
  SINCE MAR 1     81                        60     21       28
  SINCE JAN 1     82                        60     22       28
..................................................................


WIND (MPH)
  HIGHEST WIND SPEED    16   HIGHEST WIND DIRECTION    SW (210)
  HIGHEST GUST SPEED    22   HIGHEST GUST DIRECTION    SW (210)
  AVERAGE WIND SPEED    10.0


SKY COVER
  AVERAGE SKY COVER 0.1


WEATHER CONDITIONS
 THE FOLLOWING WEATHER WAS RECORDED YESTERDAY.
  THUNDERSTORM


RELATIVE HUMIDITY (PERCENT)
 HIGHEST   100           100 AM
 LOWEST     48           300 PM
 AVERAGE    74

..........................................................


THE VICHY-ROLLA MO CLIMATE NORMALS FOR TODAY
                         NORMAL    RECORD    YEAR
 MAXIMUM TEMPERATURE (F)   75        92      1996
 MINIMUM TEMPERATURE (F)   54        37      2002


SUNRISE AND SUNSET
MAY 19 2017...........SUNRISE   553 AM CDT   SUNSET   815 PM CDT
MAY 20 2017...........SUNRISE   552 AM CDT   SUNSET   815 PM CDT


-  INDICATES NEGATIVE NUMBERS.
R  INDICATES RECORD WAS SET OR TIED.
MM INDICATES DATA IS MISSING.
T  INDICATES TRACE AMOUNT.




$$
