202
CDUS43 KSGF 250632
CLIVIH


CLIMATE REPORT
NATIONAL WEATHER SERVICE SPRINGFIELD MO
131 AM CDT SUN JUN 25 2017


...................................

...THE VICHY-ROLLA MO CLIMATE SUMMARY FOR JUNE 24 2017...

CLIMATE NORMAL PERIOD 1981 TO 2010
CLIMATE RECORD PERIOD 1888 TO 2017


WEATHER ITEM   OBSERVED TIME   RECORD YEAR NORMAL DEPARTURE LAST
                VALUE   (LST)  VALUE       VALUE  FROM      YEAR
                                                  NORMAL
..................................................................
TEMPERATURE (F)
 YESTERDAY
  MAXIMUM         77    320 PM  99    1901  85     -8       88
  MINIMUM         52   1144 PM  50    1974  64    -12       65
  AVERAGE         65                        75    -10       77

PRECIPITATION (IN)
  YESTERDAY        0.00          1.60 1900   0.15  -0.15     0.00
  MONTH TO DATE    2.75                      3.82  -1.07     0.83
  SINCE JUN 1      2.75                      3.82  -1.07     0.83
  SINCE JAN 1     25.19                     20.63   4.56    15.07

DEGREE DAYS
 HEATING
  YESTERDAY        0                         0      0        0
  MONTH TO DATE    1                        12    -11        0
  SINCE JUN 1      1                        12    -11        0
  SINCE JUL 1   3804                      4846  -1042     4052

 COOLING
  YESTERDAY        0                        10    -10       12
  MONTH TO DATE  191                       172     19      269
  SINCE JUN 1    191                       172     19      269
  SINCE JAN 1    295                       279     16      347
..................................................................


WIND (MPH)
  HIGHEST WIND SPEED    20   HIGHEST WIND DIRECTION    NW (310)
  HIGHEST GUST SPEED    25   HIGHEST GUST DIRECTION     W (280)
  AVERAGE WIND SPEED     7.3


SKY COVER
  AVERAGE SKY COVER 0.0


WEATHER CONDITIONS
 THE FOLLOWING WEATHER WAS RECORDED YESTERDAY.
  NO SIGNIFICANT WEATHER WAS OBSERVED.


RELATIVE HUMIDITY (PERCENT)
 HIGHEST    86           400 AM
 LOWEST     33           300 PM
 AVERAGE    60

..........................................................


THE VICHY-ROLLA MO CLIMATE NORMALS FOR TODAY
                         NORMAL    RECORD    YEAR
 MAXIMUM TEMPERATURE (F)   85       100      1952
 MINIMUM TEMPERATURE (F)   65        49      1958


SUNRISE AND SUNSET
JUNE 25 2017..........SUNRISE   546 AM CDT   SUNSET   834 PM CDT
JUNE 26 2017..........SUNRISE   546 AM CDT   SUNSET   834 PM CDT


-  INDICATES NEGATIVE NUMBERS.
R  INDICATES RECORD WAS SET OR TIED.
MM INDICATES DATA IS MISSING.
T  INDICATES TRACE AMOUNT.




$$
