305
CDUS43 KSGF 180630
CLIVIH


CLIMATE REPORT
NATIONAL WEATHER SERVICE SPRINGFIELD MO
130 AM CDT TUE JUL 18 2017


...................................

...THE VICHY-ROLLA MO CLIMATE SUMMARY FOR JULY 17 2017...

CLIMATE NORMAL PERIOD 1981 TO 2010
CLIMATE RECORD PERIOD 1888 TO 2017


WEATHER ITEM   OBSERVED TIME   RECORD YEAR NORMAL DEPARTURE LAST
                VALUE   (LST)  VALUE       VALUE  FROM      YEAR
                                                  NORMAL
..................................................................
TEMPERATURE (F)
 YESTERDAY
  MAXIMUM         92    246 PM 108    1954  88      4       91
  MINIMUM         69    314 AM  51    2014  67      2       73
  AVERAGE         81                        78      3       82

PRECIPITATION (IN)
  YESTERDAY        0.00          0.79 1900   0.15  -0.15     0.00
  MONTH TO DATE    6.97                      2.46   4.51     5.24
  SINCE JUN 1      9.90                      7.09   2.81     7.18
  SINCE JAN 1     32.34                     23.90   8.44    21.42

DEGREE DAYS
 HEATING
  YESTERDAY        0                         0      0        0
  MONTH TO DATE    0                         0      0        0
  SINCE JUN 1      1                        14    -13        0
  SINCE JUL 1      0                         0      0        0

 COOLING
  YESTERDAY       16                        13      3       17
  MONTH TO DATE  214                       202     12      193
  SINCE JUN 1    445                       437      8      540
  SINCE JAN 1    549                       544      5      618
..................................................................


WIND (MPH)
  HIGHEST WIND SPEED     8   HIGHEST WIND DIRECTION     E (100)
  HIGHEST GUST SPEED    11   HIGHEST GUST DIRECTION     E (80)
  AVERAGE WIND SPEED     3.4


SKY COVER
  AVERAGE SKY COVER 0.1


WEATHER CONDITIONS
 THE FOLLOWING WEATHER WAS RECORDED YESTERDAY.
  NO SIGNIFICANT WEATHER WAS OBSERVED.


RELATIVE HUMIDITY (PERCENT)
 HIGHEST   100           400 AM
 LOWEST     52           300 PM
 AVERAGE    76

..........................................................


THE VICHY-ROLLA MO CLIMATE NORMALS FOR TODAY
                         NORMAL    RECORD    YEAR
 MAXIMUM TEMPERATURE (F)   89       113      1954
 MINIMUM TEMPERATURE (F)   67        58      2014
                                             2009
                                             1979


SUNRISE AND SUNSET
JULY 18 2017..........SUNRISE   559 AM CDT   SUNSET   828 PM CDT
JULY 19 2017..........SUNRISE   559 AM CDT   SUNSET   827 PM CDT


-  INDICATES NEGATIVE NUMBERS.
R  INDICATES RECORD WAS SET OR TIED.
MM INDICATES DATA IS MISSING.
T  INDICATES TRACE AMOUNT.




$$
