813
CDUS43 KSGF 200627
CLIVIH


CLIMATE REPORT
NATIONAL WEATHER SERVICE SPRINGFIELD MO
1226 AM CST TUE FEB 20 2018


...................................

...THE VICHY-ROLLA MO CLIMATE SUMMARY FOR FEBRUARY 19 2018...

CLIMATE NORMAL PERIOD 1981 TO 2010
CLIMATE RECORD PERIOD 1888 TO 2018


WEATHER ITEM   OBSERVED TIME   RECORD YEAR NORMAL DEPARTURE LAST
                VALUE   (LST)  VALUE       VALUE  FROM      YEAR
                                                  NORMAL
..................................................................
TEMPERATURE (F)
 YESTERDAY
  MAXIMUM         65   1159 PM  76    2017  47     18       76
  MINIMUM         50   1248 AM  -6    1903  27     23       41
  AVERAGE         58                        37     21       59

PRECIPITATION (IN)
  YESTERDAY        0.70          1.93 1955   0.07   0.63     0.00
  MONTH TO DATE    1.53                      1.25   0.28      T
  SINCE DEC 1      3.83                      6.06  -2.23     2.46
  SINCE JAN 1      3.19                      3.42  -0.23     1.60

DEGREE DAYS
 HEATING
  YESTERDAY        7                        28    -21        6
  MONTH TO DATE  611                       582     29      411
  SINCE DEC 1   2631                      2603     28     2243
  SINCE JUL 1   3383                      3550   -167     2871

 COOLING
  YESTERDAY        0                         0      0        0
  MONTH TO DATE    0                         0      0        0
  SINCE DEC 1      0                         0      0        0
  SINCE JAN 1      0                         0      0        0
..................................................................


WIND (MPH)
  HIGHEST WIND SPEED    29   HIGHEST WIND DIRECTION     S (180)
  HIGHEST GUST SPEED    39   HIGHEST GUST DIRECTION     S (190)
  AVERAGE WIND SPEED    17.9


SKY COVER
  AVERAGE SKY COVER 1.0


WEATHER CONDITIONS
 THE FOLLOWING WEATHER WAS RECORDED YESTERDAY.
  THUNDERSTORM
  HEAVY RAIN
  RAIN
  LIGHT RAIN
  FOG


RELATIVE HUMIDITY (PERCENT)
 HIGHEST    93          1200 AM
 LOWEST     73           800 PM
 AVERAGE    83

..........................................................


THE VICHY-ROLLA MO CLIMATE NORMALS FOR TODAY
                         NORMAL    RECORD    YEAR
 MAXIMUM TEMPERATURE (F)   47        76      2017
 MINIMUM TEMPERATURE (F)   27         6      1903


SUNRISE AND SUNSET
FEBRUARY 20 2018......SUNRISE   651 AM CST   SUNSET   551 PM CST
FEBRUARY 21 2018......SUNRISE   650 AM CST   SUNSET   552 PM CST


-  INDICATES NEGATIVE NUMBERS.
R  INDICATES RECORD WAS SET OR TIED.
MM INDICATES DATA IS MISSING.
T  INDICATES TRACE AMOUNT.




$$
