000
CDUS43 KSGF 250636
CLIVIH


CLIMATE REPORT
NATIONAL WEATHER SERVICE SPRINGFIELD MO
136 AM CDT WED MAR 25 2015


...................................

...THE VICHY-ROLLA MO CLIMATE SUMMARY FOR MARCH 24 2015...

CLIMATE NORMAL PERIOD 1981 TO 2010
CLIMATE RECORD PERIOD 1888 TO 2015


WEATHER ITEM   OBSERVED TIME   RECORD YEAR NORMAL DEPARTURE LAST
                VALUE   (LST)  VALUE       VALUE  FROM      YEAR
                                                  NORMAL
..................................................................
TEMPERATURE (F)
 YESTERDAY
  MAXIMUM         57    456 PM  83    1967  59     -2       41
  MINIMUM         34    814 AM   5    1974  37     -3       21
  AVERAGE         46                        48     -2       31

PRECIPITATION (IN)
  YESTERDAY        0.49          1.51 1978   0.12   0.37      T
  MONTH TO DATE    1.99                      2.48  -0.49     0.54
  SINCE MAR 1      1.99                      2.48  -0.49     0.54
  SINCE JAN 1      4.27                      6.58  -2.31     2.00

DEGREE DAYS
 HEATING
  YESTERDAY       19                        17      2       34
  MONTH TO DATE  493                       503    -10      604
  SINCE MAR 1    493                       503    -10      604
  SINCE JUL 1   4610                      4293    317     4910

 COOLING
  YESTERDAY        0                         0      0        0
  MONTH TO DATE    0                         0      0        0
  SINCE MAR 1      0                         0      0        0
  SINCE JAN 1      0                         0      0        0
..................................................................


WIND (MPH)
  HIGHEST WIND SPEED    25   HIGHEST WIND DIRECTION     E (110)
  HIGHEST GUST SPEED    31   HIGHEST GUST DIRECTION     E (100)
  AVERAGE WIND SPEED    13.5


SKY COVER
  AVERAGE SKY COVER 0.8


WEATHER CONDITIONS
 THE FOLLOWING WEATHER WAS RECORDED YESTERDAY.
  THUNDERSTORM
  HEAVY RAIN
  RAIN
  LIGHT RAIN
  FOG
  HAZE


RELATIVE HUMIDITY (PERCENT)
 HIGHEST    96           800 AM
 LOWEST     70           200 AM
 AVERAGE    83

..........................................................


THE VICHY-ROLLA MO CLIMATE NORMALS FOR TODAY
                         NORMAL    RECORD    YEAR
 MAXIMUM TEMPERATURE (F)   60        80      1959
 MINIMUM TEMPERATURE (F)   37         5      1955


SUNRISE AND SUNSET
MARCH 25 2015.........SUNRISE   703 AM CDT   SUNSET   723 PM CDT
MARCH 26 2015.........SUNRISE   702 AM CDT   SUNSET   724 PM CDT


-  INDICATES NEGATIVE NUMBERS.
R  INDICATES RECORD WAS SET OR TIED.
MM INDICATES DATA IS MISSING.
T  INDICATES TRACE AMOUNT.




$$
