000
CDUS43 KSGF 160630
CLIVIH


CLIMATE REPORT
NATIONAL WEATHER SERVICE SPRINGFIELD MO
130 AM CDT SAT SEP 16 2017


...................................

...THE VICHY-ROLLA MO CLIMATE SUMMARY FOR SEPTEMBER 15 2017...

CLIMATE NORMAL PERIOD 1981 TO 2010
CLIMATE RECORD PERIOD 1888 TO 2017


WEATHER ITEM   OBSERVED TIME   RECORD YEAR NORMAL DEPARTURE LAST
                VALUE   (LST)  VALUE       VALUE  FROM      YEAR
                                                  NORMAL
..................................................................
TEMPERATURE (F)
 YESTERDAY
  MAXIMUM         88    316 PM  97    1897  79      9       84
  MINIMUM         64    607 AM  41    2011  57      7       65
                                      2007
  AVERAGE         76                        68      8       75

PRECIPITATION (IN)
  YESTERDAY        0.00          1.68 2005   0.15  -0.15     0.03
  MONTH TO DATE    T                         2.18  -2.18     1.73
  SINCE SEP 1      T                         2.18  -2.18     1.73
  SINCE JAN 1     38.60                     31.73   6.87    34.07

DEGREE DAYS
 HEATING
  YESTERDAY        0                         2     -2        0
  MONTH TO DATE   13                        10      3        3
  SINCE SEP 1     13                        10      3        3
  SINCE JUL 1     14                        13      1        3

 COOLING
  YESTERDAY       11                         5      6       10
  MONTH TO DATE   60                        97    -37      120
  SINCE SEP 1     60                        97    -37      120
  SINCE JAN 1   1030                      1174   -144     1309
..................................................................


WIND (MPH)
  HIGHEST WIND SPEED    16   HIGHEST WIND DIRECTION     S (160)
  HIGHEST GUST SPEED    22   HIGHEST GUST DIRECTION     S (160)
  AVERAGE WIND SPEED     9.2


SKY COVER
  AVERAGE SKY COVER 0.0


WEATHER CONDITIONS
 THE FOLLOWING WEATHER WAS RECORDED YESTERDAY.
  NO SIGNIFICANT WEATHER WAS OBSERVED.


RELATIVE HUMIDITY (PERCENT)
 HIGHEST    87           500 AM
 LOWEST     39           300 PM
 AVERAGE    63

..........................................................


THE VICHY-ROLLA MO CLIMATE NORMALS FOR TODAY
                         NORMAL    RECORD    YEAR
 MAXIMUM TEMPERATURE (F)   78        96      1954
 MINIMUM TEMPERATURE (F)   57        43      2000


SUNRISE AND SUNSET
SEPTEMBER 16 2017.....SUNRISE   650 AM CDT   SUNSET   713 PM CDT
SEPTEMBER 17 2017.....SUNRISE   651 AM CDT   SUNSET   711 PM CDT


-  INDICATES NEGATIVE NUMBERS.
R  INDICATES RECORD WAS SET OR TIED.
MM INDICATES DATA IS MISSING.
T  INDICATES TRACE AMOUNT.




$$
