525
CDUS43 KSGF 250632
CLIVIH


CLIMATE REPORT
NATIONAL WEATHER SERVICE SPRINGFIELD MO
130 AM CDT SAT MAR 25 2017


...................................

...THE VICHY-ROLLA MO CLIMATE SUMMARY FOR MARCH 24 2017...

CLIMATE NORMAL PERIOD 1981 TO 2010
CLIMATE RECORD PERIOD 1888 TO 2017


WEATHER ITEM   OBSERVED TIME   RECORD YEAR NORMAL DEPARTURE LAST
                VALUE   (LST)  VALUE       VALUE  FROM      YEAR
                                                  NORMAL
..................................................................
TEMPERATURE (F)
 YESTERDAY
  MAXIMUM         76   1255 PM  83    1967  59     17       61
  MINIMUM         53   1152 PM   5    1974  37     16       35
  AVERAGE         65                        48     17       48

PRECIPITATION (IN)
  YESTERDAY        1.10          1.51 1978   0.12   0.98     0.27
  MONTH TO DATE    2.10                      2.48  -0.38     1.69
  SINCE MAR 1      2.10                      2.48  -0.38     1.69
  SINCE JAN 1      4.16                      6.58  -2.42     3.81

DEGREE DAYS
 HEATING
  YESTERDAY        0                        17    -17       17
  MONTH TO DATE  430                       503    -73      344
  SINCE MAR 1    430                       503    -73      344
  SINCE JUL 1   3416                      4293   -877     3547

 COOLING
  YESTERDAY        0                         0      0        0
  MONTH TO DATE    3                         0      3        0
  SINCE MAR 1      3                         0      3        0
  SINCE JAN 1      4                         0      4        0
..................................................................


WIND (MPH)
  HIGHEST WIND SPEED    31   HIGHEST WIND DIRECTION     S (190)
  HIGHEST GUST SPEED    41   HIGHEST GUST DIRECTION     S (190)
  AVERAGE WIND SPEED    15.9


SKY COVER
  AVERAGE SKY COVER 0.3


WEATHER CONDITIONS
 THE FOLLOWING WEATHER WAS RECORDED YESTERDAY.
  THUNDERSTORM
  HEAVY RAIN
  RAIN
  LIGHT RAIN
  FOG


RELATIVE HUMIDITY (PERCENT)
 HIGHEST   100          1100 PM
 LOWEST     46          1000 AM
 AVERAGE    73

..........................................................


THE VICHY-ROLLA MO CLIMATE NORMALS FOR TODAY
                         NORMAL    RECORD    YEAR
 MAXIMUM TEMPERATURE (F)   60        80      1959
 MINIMUM TEMPERATURE (F)   37         5      1955


SUNRISE AND SUNSET
MARCH 25 2017.........SUNRISE   702 AM CDT   SUNSET   724 PM CDT
MARCH 26 2017.........SUNRISE   701 AM CDT   SUNSET   725 PM CDT


-  INDICATES NEGATIVE NUMBERS.
R  INDICATES RECORD WAS SET OR TIED.
MM INDICATES DATA IS MISSING.
T  INDICATES TRACE AMOUNT.




$$
