000
CDUS43 KSGF 110631
CLIVIH


CLIMATE REPORT
NATIONAL WEATHER SERVICE SPRINGFIELD MO
131 AM CDT FRI APR 11 2014


...................................

...THE VICHY-ROLLA MO CLIMATE SUMMARY FOR APRIL 10 2014...

CLIMATE NORMAL PERIOD 1981 TO 2010
CLIMATE RECORD PERIOD 1888 TO 2014


WEATHER ITEM   OBSERVED TIME   RECORD YEAR NORMAL DEPARTURE LAST
                VALUE   (LST)  VALUE       VALUE  FROM      YEAR
                                                  NORMAL
..................................................................
TEMPERATURE (F)
 YESTERDAY
  MAXIMUM         82    245 PM  86    2011  65     17       73
  MINIMUM         51   1159 PM  25    2003  42      9       44
                                      1960
  AVERAGE         67                        54     13       59

PRECIPITATION (IN)
  YESTERDAY        0.00          2.25 1954   0.13  -0.13     1.38
  MONTH TO DATE    1.75                      1.30   0.45     1.49
  SINCE MAR 1      2.46                      4.75  -2.29     4.75
  SINCE JAN 1      3.92                      8.85  -4.93     9.46

DEGREE DAYS
 HEATING
  YESTERDAY        0                        12    -12        6
  MONTH TO DATE  137                       133      4      122
  SINCE MAR 1    888                       747    141      941
  SINCE JUL 1   5194                      4537    657     4527

 COOLING
  YESTERDAY        2                         1      1        0
  MONTH TO DATE    2                         4     -2        6
  SINCE MAR 1      2                         8     -6        6
  SINCE JAN 1      2                         8     -6        6
..................................................................


WIND (MPH)
  HIGHEST WIND SPEED    24   HIGHEST WIND DIRECTION    SW (210)
  HIGHEST GUST SPEED    37   HIGHEST GUST DIRECTION    SW (210)
  AVERAGE WIND SPEED    14.6


SKY COVER
  AVERAGE SKY COVER 0.0


WEATHER CONDITIONS
 THE FOLLOWING WEATHER WAS RECORDED YESTERDAY.
  NO SIGNIFICANT WEATHER WAS OBSERVED.


RELATIVE HUMIDITY (PERCENT)
 HIGHEST    72           800 PM
 LOWEST     26           200 PM
 AVERAGE    49

..........................................................


THE VICHY-ROLLA MO CLIMATE NORMALS FOR TODAY
                         NORMAL    RECORD    YEAR
 MAXIMUM TEMPERATURE (F)   66        84      1903
 MINIMUM TEMPERATURE (F)   42        28      1900


SUNRISE AND SUNSET
APRIL 11 2014.........SUNRISE   637 AM CDT   SUNSET   740 PM CDT
APRIL 12 2014.........SUNRISE   636 AM CDT   SUNSET   740 PM CDT


-  INDICATES NEGATIVE NUMBERS.
R  INDICATES RECORD WAS SET OR TIED.
MM INDICATES DATA IS MISSING.
T  INDICATES TRACE AMOUNT.




$$
