000
CDUS43 KSGF 232235
CLIVIH


CLIMATE REPORT
NATIONAL WEATHER SERVICE SPRINGFIELD MO
530 PM CDT THU JUL 23 2015


...................................

...THE VICHY-ROLLA MO CLIMATE SUMMARY FOR JULY 23 2015...
VALID TODAY AS OF 0500 PM LOCAL TIME.

CLIMATE NORMAL PERIOD 1981 TO 2010
CLIMATE RECORD PERIOD 1888 TO 2015


WEATHER ITEM   OBSERVED TIME   RECORD YEAR NORMAL DEPARTURE LAST
                VALUE   (LST)  VALUE       VALUE  FROM      YEAR
                                                  NORMAL
..................................................................
TEMPERATURE (F)
 TODAY
  MAXIMUM         86    359 PM 112    1901  89     -3       91
  MINIMUM         70    606 AM  54    2000  67      3       67
  AVERAGE         78                        78      0       79

PRECIPITATION (IN)
  TODAY            0.00          3.07 1981   0.14  -0.14     0.00
  MONTH TO DATE    5.10                      3.32   1.78     0.11
  SINCE JUN 1     12.55                      7.95   4.60     3.42
  SINCE JAN 1     26.57                     24.76   1.81    13.04

DEGREE DAYS
 HEATING
  TODAY            0                         0      0        0
  MONTH TO DATE    0                         0      0        3
  SINCE JUN 1     15                        14      1        4
  SINCE JUL 1      0                         0      0        3

 COOLING
  TODAY           13                        13      0       14
  MONTH TO DATE  265                       280    -15      170
  SINCE JUN 1    537                       515     22      428
  SINCE JAN 1    644                       622     22      575
..................................................................


WIND (MPH)
  HIGHEST WIND SPEED    10   HIGHEST WIND DIRECTION    NE (60)
  HIGHEST GUST SPEED    14   HIGHEST GUST DIRECTION     S (160)


SKY COVER
  AVERAGE SKY COVER 0.7


WEATHER CONDITIONS
 THE FOLLOWING WEATHER WAS RECORDED TODAY.
  FOG


RELATIVE HUMIDITY (PERCENT)
 HIGHEST   100           500 AM
 LOWEST     61           300 PM
 AVERAGE    81

..........................................................


THE VICHY-ROLLA MO CLIMATE NORMALS FOR TOMORROW
                         NORMAL    RECORD    YEAR
 MAXIMUM TEMPERATURE (F)   89       103      2005
 MINIMUM TEMPERATURE (F)   67        53      2003


SUNRISE AND SUNSET
JULY 23 2015..........SUNRISE   602 AM CDT   SUNSET   825 PM CDT
JULY 24 2015..........SUNRISE   603 AM CDT   SUNSET   824 PM CDT


-  INDICATES NEGATIVE NUMBERS.
R  INDICATES RECORD WAS SET OR TIED.
MM INDICATES DATA IS MISSING.
T  INDICATES TRACE AMOUNT.




$$
