000
CDUS43 KSGF 282227
CLIVIH


CLIMATE REPORT
NATIONAL WEATHER SERVICE SPRINGFIELD MO
527 PM CDT SUN JUN 28 2015


...................................

...THE VICHY-ROLLA MO CLIMATE SUMMARY FOR JUNE 28 2015...
VALID TODAY AS OF 0500 PM LOCAL TIME.

CLIMATE NORMAL PERIOD 1981 TO 2010
CLIMATE RECORD PERIOD 1888 TO 2015


WEATHER ITEM   OBSERVED TIME   RECORD YEAR NORMAL DEPARTURE LAST
                VALUE   (LST)  VALUE       VALUE  FROM      YEAR
                                                  NORMAL
..................................................................
TEMPERATURE (F)
 TODAY
  MAXIMUM         82    343 PM 106    2012  86     -4       85
  MINIMUM         60    509 AM  55    2006  65     -5       68
                                      1903
  AVERAGE         71                        76     -5       77

PRECIPITATION (IN)
  TODAY            0.00          2.95 1902   0.14  -0.14     0.02
  MONTH TO DATE    7.40                      4.36   3.04     3.31
  SINCE JUN 1      7.40                      4.36   3.04     3.31
  SINCE JAN 1     21.42                     21.17   0.25    12.93

DEGREE DAYS
 COOLING
  TODAY            6                        11     -5       12
  MONTH TO DATE  254                       213     41      230
  SINCE JUN 1    254                       213     41      230
  SINCE JAN 1    361                       320     41      377
..................................................................


WIND (MPH)
  HIGHEST WIND SPEED    22   HIGHEST WIND DIRECTION    SW (220)
  HIGHEST GUST SPEED    28   HIGHEST GUST DIRECTION     S (200)


SKY COVER
  AVERAGE SKY COVER 0.1


WEATHER CONDITIONS
 THE FOLLOWING WEATHER WAS RECORDED TODAY.
  FOG


RELATIVE HUMIDITY (PERCENT)
 HIGHEST   100           100 AM
 LOWEST     58           300 PM
 AVERAGE    79

..........................................................


THE VICHY-ROLLA MO CLIMATE NORMALS FOR TOMORROW
                         NORMAL    RECORD    YEAR
 MAXIMUM TEMPERATURE (F)   86       104      1952
 MINIMUM TEMPERATURE (F)   65        57      2004
                                             1999


SUNRISE AND SUNSET
JUNE 28 2015..........SUNRISE   546 AM CDT   SUNSET   834 PM CDT
JUNE 29 2015..........SUNRISE   547 AM CDT   SUNSET   834 PM CDT


-  INDICATES NEGATIVE NUMBERS.
R  INDICATES RECORD WAS SET OR TIED.
MM INDICATES DATA IS MISSING.
T  INDICATES TRACE AMOUNT.




$$
