000
CDUS43 KSGF 140634
CLIVIH


CLIMATE REPORT
NATIONAL WEATHER SERVICE SPRINGFIELD MO
134 AM CDT FRI JUL 14 2017


...................................

...THE VICHY-ROLLA MO CLIMATE SUMMARY FOR JULY 13 2017...

CLIMATE NORMAL PERIOD 1981 TO 2010
CLIMATE RECORD PERIOD 1888 TO 2017


WEATHER ITEM   OBSERVED TIME   RECORD YEAR NORMAL DEPARTURE LAST
                VALUE   (LST)  VALUE       VALUE  FROM      YEAR
                                                  NORMAL
..................................................................
TEMPERATURE (F)
 YESTERDAY
  MAXIMUM         92    336 PM 112    1901  88      4       89
  MINIMUM         69   1020 PM  49    1898  67      2       67
  AVERAGE         81                        77      4       78

PRECIPITATION (IN)
  YESTERDAY        3.20R         1.30 1952   0.15   3.05    MM
  MONTH TO DATE    6.06                      1.87   4.19     5.24
  SINCE JUN 1      8.99                      6.50   2.49     7.18
  SINCE JAN 1     31.43                     23.31   8.12    21.42

DEGREE DAYS
 HEATING
  YESTERDAY        0                         0      0        0
  MONTH TO DATE    0                         0      0        0
  SINCE JUN 1      1                        14    -13        0
  SINCE JUL 1      0                         0      0        0

 COOLING
  YESTERDAY       16                        12      4       13
  MONTH TO DATE  164                       152     12      140
  SINCE JUN 1    395                       387      8      487
  SINCE JAN 1    499                       494      5      565
..................................................................


WIND (MPH)
  HIGHEST WIND SPEED    36   HIGHEST WIND DIRECTION    SE (150)
  HIGHEST GUST SPEED    47   HIGHEST GUST DIRECTION    SW (220)
  AVERAGE WIND SPEED     8.8


SKY COVER
  AVERAGE SKY COVER 0.1


WEATHER CONDITIONS
 THE FOLLOWING WEATHER WAS RECORDED YESTERDAY.
  THUNDERSTORM
  HEAVY RAIN
  RAIN
  LIGHT RAIN
  FOG
  HAZE


RELATIVE HUMIDITY (PERCENT)
 HIGHEST   100          1000 PM
 LOWEST     60           300 PM
 AVERAGE    80

..........................................................


THE VICHY-ROLLA MO CLIMATE NORMALS FOR TODAY
                         NORMAL    RECORD    YEAR
 MAXIMUM TEMPERATURE (F)   88       112      1954
 MINIMUM TEMPERATURE (F)   67        46      1898


SUNRISE AND SUNSET
JULY 14 2017..........SUNRISE   556 AM CDT   SUNSET   830 PM CDT
JULY 15 2017..........SUNRISE   556 AM CDT   SUNSET   829 PM CDT


-  INDICATES NEGATIVE NUMBERS.
R  INDICATES RECORD WAS SET OR TIED.
MM INDICATES DATA IS MISSING.
T  INDICATES TRACE AMOUNT.




$$
