000
CDUS43 KSGF 261245
CLIVIH


CLIMATE REPORT
NATIONAL WEATHER SERVICE SPRINGFIELD MO
745 AM CDT WED AUG 26 2015


...................................

...THE VICHY-ROLLA MO CLIMATE SUMMARY FOR AUGUST 25 2015...

CLIMATE NORMAL PERIOD 1981 TO 2010
CLIMATE RECORD PERIOD 1888 TO 2015


WEATHER ITEM   OBSERVED TIME   RECORD YEAR NORMAL DEPARTURE LAST
                VALUE   (LST)  VALUE       VALUE  FROM      YEAR
                                                  NORMAL
..................................................................
TEMPERATURE (F)
 YESTERDAY
  MAXIMUM         80        MM 101    1973  86     -6       96
  MINIMUM         49R       MM  49    2015  64    -15       71
  AVERAGE         65                        75    -10       84

PRECIPITATION (IN)
  YESTERDAY        0.00          2.58 1976   0.12  -0.12     0.00
  MONTH TO DATE    2.24                      2.94  -0.70     3.07
  SINCE JUN 1     15.09                     12.01   3.08     6.49
  SINCE JAN 1     29.11                     28.82   0.29    16.11

DEGREE DAYS
 HEATING
  YESTERDAY        0                         0      0        0
  MONTH TO DATE    2                         0      2        0
  SINCE JUN 1     17                        15      2        4
  SINCE JUL 1      2                         1      1        3

 COOLING
  YESTERDAY        0                        10    -10       19
  MONTH TO DATE  213                       297    -84      299
  SINCE JUN 1    864                       914    -50      798
  SINCE JAN 1    971                      1021    -50      945
..................................................................


WIND (MPH)
  HIGHEST WIND SPEED    12   HIGHEST WIND DIRECTION     N (350)
  HIGHEST GUST SPEED    20   HIGHEST GUST DIRECTION     N (350)
  AVERAGE WIND SPEED     4.6


SKY COVER
  AVERAGE SKY COVER 0.0


WEATHER CONDITIONS
 THE FOLLOWING WEATHER WAS RECORDED YESTERDAY.
  NO SIGNIFICANT WEATHER WAS OBSERVED.


RELATIVE HUMIDITY (PERCENT)
 HIGHEST    93           600 AM
 LOWEST     42           100 PM
 AVERAGE    68

..........................................................


THE VICHY-ROLLA MO CLIMATE NORMALS FOR TODAY
                         NORMAL    RECORD    YEAR
 MAXIMUM TEMPERATURE (F)   86       100      2003
                                             1897
 MINIMUM TEMPERATURE (F)   64        55      2010


SUNRISE AND SUNSET
AUGUST 26 2015........SUNRISE   631 AM CDT   SUNSET   746 PM CDT
AUGUST 27 2015........SUNRISE   632 AM CDT   SUNSET   744 PM CDT


-  INDICATES NEGATIVE NUMBERS.
R  INDICATES RECORD WAS SET OR TIED.
MM INDICATES DATA IS MISSING.
T  INDICATES TRACE AMOUNT.




$$
