000
CDUS43 KSGF 162227
CLIVIH


CLIMATE REPORT
NATIONAL WEATHER SERVICE SPRINGFIELD MO
527 PM CDT FRI SEP 16 2016


...................................

...THE VICHY-ROLLA MO CLIMATE SUMMARY FOR SEPTEMBER 16 2016...
VALID TODAY AS OF 0500 PM LOCAL TIME.

CLIMATE NORMAL PERIOD 1981 TO 2010
CLIMATE RECORD PERIOD 1888 TO 2016


WEATHER ITEM   OBSERVED TIME   RECORD YEAR NORMAL DEPARTURE LAST
                VALUE   (LST)  VALUE       VALUE  FROM      YEAR
                                                  NORMAL
..................................................................
TEMPERATURE (F)
 TODAY
  MAXIMUM         76   1141 AM  96    1954  78     -2       86
  MINIMUM         68    359 PM  43    2000  57     11       62
  AVERAGE         72                        68      4       74

PRECIPITATION (IN)
  TODAY            1.28          1.86 1905   0.13   1.15     0.00
  MONTH TO DATE    3.01                      2.31   0.70     0.49
  SINCE SEP 1      3.01                      2.31   0.70     0.49
  SINCE JAN 1     35.35                     31.86   3.49    29.75

DEGREE DAYS
 HEATING
  TODAY            0                         2     -2        0
  MONTH TO DATE    3                        12     -9       17
  SINCE SEP 1      3                        12     -9       17
  SINCE JUL 1      3                        15    -12       19

 COOLING
  TODAY            7                         4      3        9
  MONTH TO DATE  127                       101     26      165
  SINCE SEP 1    127                       101     26      165
  SINCE JAN 1   1316                      1178    138     1180
..................................................................


WIND (MPH)
  HIGHEST WIND SPEED    21   HIGHEST WIND DIRECTION     E (90)
  HIGHEST GUST SPEED    37   HIGHEST GUST DIRECTION     W (260)


SKY COVER
  AVERAGE SKY COVER 0.2


WEATHER CONDITIONS
 THE FOLLOWING WEATHER WAS RECORDED TODAY.
  THUNDERSTORM
  HEAVY RAIN
  RAIN
  LIGHT RAIN
  FOG


RELATIVE HUMIDITY (PERCENT)
 HIGHEST    97           200 PM
 LOWEST     84           100 AM
 AVERAGE    91

..........................................................


THE VICHY-ROLLA MO CLIMATE NORMALS FOR TOMORROW
                         NORMAL    RECORD    YEAR
 MAXIMUM TEMPERATURE (F)   78        97      1953
 MINIMUM TEMPERATURE (F)   56        37      1903


SUNRISE AND SUNSET
SEPTEMBER 16 2016.....SUNRISE   650 AM CDT   SUNSET   713 PM CDT
SEPTEMBER 17 2016.....SUNRISE   651 AM CDT   SUNSET   711 PM CDT


-  INDICATES NEGATIVE NUMBERS.
R  INDICATES RECORD WAS SET OR TIED.
MM INDICATES DATA IS MISSING.
T  INDICATES TRACE AMOUNT.




$$
