000
CDUS43 KSGF 150631
CLIVIH


CLIMATE REPORT
NATIONAL WEATHER SERVICE SPRINGFIELD MO
131 AM CDT MON SEP 15 2014


...................................

...THE VICHY-ROLLA MO CLIMATE SUMMARY FOR SEPTEMBER 14 2014...

CLIMATE NORMAL PERIOD 1981 TO 2010
CLIMATE RECORD PERIOD 1888 TO 2014


WEATHER ITEM   OBSERVED TIME   RECORD YEAR NORMAL DEPARTURE LAST
                VALUE   (LST)  VALUE       VALUE  FROM      YEAR
                                                  NORMAL
..................................................................
TEMPERATURE (F)
 YESTERDAY
  MAXIMUM         69    138 PM  99    1971  79    -10       77
  MINIMUM         45    332 AM  36    1902  57    -12       43
  AVERAGE         57                        68    -11       60

PRECIPITATION (IN)
  YESTERDAY        0.00          4.43 2008   0.14  -0.14     0.00
  MONTH TO DATE    1.61                      2.03  -0.42     0.18
  SINCE SEP 1      1.61                      2.03  -0.42     0.18
  SINCE JAN 1     18.91                     31.58 -12.67    33.16

DEGREE DAYS
 HEATING
  YESTERDAY        8                         1      7        5
  MONTH TO DATE   43                         8     35        5
  SINCE SEP 1     43                         8     35        5
  SINCE JUL 1     46                        11     35        9

 COOLING
  YESTERDAY        0                         5     -5        0
  MONTH TO DATE   76                        92    -16      134
  SINCE SEP 1     76                        92    -16      134
  SINCE JAN 1   1115                      1169    -54     1033
..................................................................


WIND (MPH)
  HIGHEST WIND SPEED    10   HIGHEST WIND DIRECTION     S (160)
  HIGHEST GUST SPEED    20   HIGHEST GUST DIRECTION    SE (140)
  AVERAGE WIND SPEED     6.6


SKY COVER
  AVERAGE SKY COVER 0.6


WEATHER CONDITIONS
 THE FOLLOWING WEATHER WAS RECORDED YESTERDAY.
  NO SIGNIFICANT WEATHER WAS OBSERVED.


RELATIVE HUMIDITY (PERCENT)
 HIGHEST    82          1200 AM
 LOWEST     45           200 PM
 AVERAGE    64

..........................................................


THE VICHY-ROLLA MO CLIMATE NORMALS FOR TODAY
                         NORMAL    RECORD    YEAR
 MAXIMUM TEMPERATURE (F)   79        97      1897
 MINIMUM TEMPERATURE (F)   57        41      2011
                                             2007


SUNRISE AND SUNSET
SEPTEMBER 15 2014.....SUNRISE   649 AM CDT   SUNSET   715 PM CDT
SEPTEMBER 16 2014.....SUNRISE   650 AM CDT   SUNSET   713 PM CDT


-  INDICATES NEGATIVE NUMBERS.
R  INDICATES RECORD WAS SET OR TIED.
MM INDICATES DATA IS MISSING.
T  INDICATES TRACE AMOUNT.




$$
