000
CDUS43 KSGF 080630
CLIVIH


CLIMATE REPORT
NATIONAL WEATHER SERVICE SPRINGFIELD MO
1230 AM CST SUN JAN 8 2017


...................................

...THE VICHY-ROLLA MO CLIMATE SUMMARY FOR JANUARY 7 2017...

CLIMATE NORMAL PERIOD 1981 TO 2010
CLIMATE RECORD PERIOD 1888 TO 2017


WEATHER ITEM   OBSERVED TIME   RECORD YEAR NORMAL DEPARTURE LAST
                VALUE   (LST)  VALUE       VALUE  FROM      YEAR
                                                  NORMAL
..................................................................
TEMPERATURE (F)
 YESTERDAY
  MAXIMUM         28    415 PM  76    1965  40    -12       46
  MINIMUM         -2    628 AM -11    2014  21    -23       38
  AVERAGE         13                        31    -18       42

PRECIPITATION (IN)
  YESTERDAY        0.00          1.89 2008   0.08  -0.08     0.23
  MONTH TO DATE    0.12                      0.54  -0.42     0.23
  SINCE DEC 1      0.98                      3.18  -2.20    10.55
  SINCE JAN 1      0.12                      0.54  -0.42     0.23

DEGREE DAYS
 HEATING
  YESTERDAY       52                        34     18       23
  MONTH TO DATE  279                       238     41      220
  SINCE DEC 1   1224                      1208     16      895
  SINCE JUL 1   1852                      2155   -303     1616

 COOLING
  YESTERDAY        0                         0      0        0
  MONTH TO DATE    0                         0      0        0
  SINCE DEC 1      0                         0      0        0
  SINCE JAN 1      0                         0      0        0
..................................................................


WIND (MPH)
  HIGHEST WIND SPEED    13   HIGHEST WIND DIRECTION    SW (240)
  HIGHEST GUST SPEED    15   HIGHEST GUST DIRECTION    SW (230)
  AVERAGE WIND SPEED     5.6


SKY COVER
  AVERAGE SKY COVER 0.0


WEATHER CONDITIONS
 THE FOLLOWING WEATHER WAS RECORDED YESTERDAY.
  NO SIGNIFICANT WEATHER WAS OBSERVED.


RELATIVE HUMIDITY (PERCENT)
 HIGHEST    87           400 AM
 LOWEST     46           300 PM
 AVERAGE    67

..........................................................


THE VICHY-ROLLA MO CLIMATE NORMALS FOR TODAY
                         NORMAL    RECORD    YEAR
 MAXIMUM TEMPERATURE (F)   40        69      2006
 MINIMUM TEMPERATURE (F)   21        -5      1970


SUNRISE AND SUNSET
JANUARY  8 2017.......SUNRISE   724 AM CST   SUNSET   504 PM CST
JANUARY  9 2017.......SUNRISE   724 AM CST   SUNSET   505 PM CST


-  INDICATES NEGATIVE NUMBERS.
R  INDICATES RECORD WAS SET OR TIED.
MM INDICATES DATA IS MISSING.
T  INDICATES TRACE AMOUNT.




$$
