000
CDUS43 KSGF 192134
CLIVIH


CLIMATE REPORT
NATIONAL WEATHER SERVICE SPRINGFIELD MO
434 PM CDT TUE MAY 19 2015


...................................

...THE VICHY-ROLLA MO CLIMATE SUMMARY FOR MAY 19 2015...
VALID AS OF 0400 PM LOCAL TIME.

CLIMATE NORMAL PERIOD 1981 TO 2010
CLIMATE RECORD PERIOD 1888 TO 2015


WEATHER ITEM   OBSERVED TIME   RECORD YEAR NORMAL DEPARTURE LAST
                VALUE   (LST)  VALUE       VALUE  FROM      YEAR
                                                  NORMAL
..................................................................
TEMPERATURE (F)
 TODAY
  MAXIMUM         66    254 PM  92    1996  75     -9       78
  MINIMUM         46    457 AM  37    2002  54     -8       50
  AVERAGE         56                        65     -9       64

PRECIPITATION (IN)
  TODAY            0.00          2.36 1950   0.16  -0.16     0.00
  MONTH TO DATE    3.02                      3.09  -0.07     1.44
  SINCE MAR 1      8.16                     10.76  -2.60     5.80
  SINCE JAN 1     10.44                     14.86  -4.42     7.26

DEGREE DAYS
 HEATING
  TODAY            9                         3      6        1
  MONTH TO DATE   43                        89    -46      124
  SINCE MAR 1    881                      1017   -136     1170
  SINCE JUL 1   4998                      4807    191     5476

 COOLING
  TODAY            0                         3     -3        0
  MONTH TO DATE   57                        37     20       57
  SINCE MAR 1     70                        63      7       69
  SINCE JAN 1     70                        63      7       69
..................................................................


WIND (MPH)
  HIGHEST WIND SPEED    13   HIGHEST WIND DIRECTION     N (360)
  HIGHEST GUST SPEED    18   HIGHEST GUST DIRECTION     N (20)


SKY COVER
  AVERAGE SKY COVER 0.0


WEATHER CONDITIONS
 THE FOLLOWING WEATHER WAS RECORDED TODAY.
  NO SIGNIFICANT WEATHER WAS OBSERVED.


RELATIVE HUMIDITY (PERCENT)
 HIGHEST    86           200 AM
 LOWEST     52           200 PM
 AVERAGE    69

..........................................................


THE VICHY-ROLLA MO CLIMATE NORMALS FOR TOMORROW
                         NORMAL    RECORD    YEAR
 MAXIMUM TEMPERATURE (F)   75        92      1902
 MINIMUM TEMPERATURE (F)   54        36      2002


SUNRISE AND SUNSET
MAY 19 2015...........SUNRISE   553 AM CDT   SUNSET   814 PM CDT
MAY 20 2015...........SUNRISE   553 AM CDT   SUNSET   815 PM CDT


-  INDICATES NEGATIVE NUMBERS.
R  INDICATES RECORD WAS SET OR TIED.
MM INDICATES DATA IS MISSING.
T  INDICATES TRACE AMOUNT.




$$
