000
CDUS43 KSGF 110633
CLIVIH


CLIMATE REPORT
NATIONAL WEATHER SERVICE SPRINGFIELD MO
1233 AM CST SAT FEB 11 2017


...................................

...THE VICHY-ROLLA MO CLIMATE SUMMARY FOR FEBRUARY 10 2017...

CLIMATE NORMAL PERIOD 1981 TO 2010
CLIMATE RECORD PERIOD 1888 TO 2017


WEATHER ITEM   OBSERVED TIME   RECORD YEAR NORMAL DEPARTURE LAST
                VALUE   (LST)  VALUE       VALUE  FROM      YEAR
                                                  NORMAL
..................................................................
TEMPERATURE (F)
 YESTERDAY
  MAXIMUM         71    439 PM  77    1976  44     27       28
  MINIMUM         31   1220 AM -16    1899  24      7       12
  AVERAGE         51                        34     17       20

PRECIPITATION (IN)
  YESTERDAY        0.00          0.93 2009   0.07  -0.07      T
  MONTH TO DATE    T                         0.65  -0.65     0.21
  SINCE DEC 1      2.46                      5.46  -3.00    11.27
  SINCE JAN 1      1.60                      2.82  -1.22     0.95

DEGREE DAYS
 HEATING
  YESTERDAY       14                        31    -17       45
  MONTH TO DATE  271                       317    -46      301
  SINCE DEC 1   2103                      2338   -235     2015
  SINCE JUL 1   2731                      3285   -554     2736

 COOLING
  YESTERDAY        0                         0      0        0
  MONTH TO DATE    0                         0      0        0
  SINCE DEC 1      0                         0      0        0
  SINCE JAN 1      0                         0      0        0
..................................................................


WIND (MPH)
  HIGHEST WIND SPEED    29   HIGHEST WIND DIRECTION    SW (220)
  HIGHEST GUST SPEED    37   HIGHEST GUST DIRECTION    SW (220)
  AVERAGE WIND SPEED    19.1


SKY COVER
  AVERAGE SKY COVER 0.0


WEATHER CONDITIONS
 THE FOLLOWING WEATHER WAS RECORDED YESTERDAY.
  NO SIGNIFICANT WEATHER WAS OBSERVED.


RELATIVE HUMIDITY (PERCENT)
 HIGHEST    69           600 AM
 LOWEST     28           300 PM
 AVERAGE    49

..........................................................


THE VICHY-ROLLA MO CLIMATE NORMALS FOR TODAY
                         NORMAL    RECORD    YEAR
 MAXIMUM TEMPERATURE (F)   45        72      1951
 MINIMUM TEMPERATURE (F)   24       -11      1899


SUNRISE AND SUNSET
FEBRUARY 11 2017......SUNRISE   701 AM CST   SUNSET   542 PM CST
FEBRUARY 12 2017......SUNRISE   700 AM CST   SUNSET   543 PM CST


-  INDICATES NEGATIVE NUMBERS.
R  INDICATES RECORD WAS SET OR TIED.
MM INDICATES DATA IS MISSING.
T  INDICATES TRACE AMOUNT.




$$
