178
CDUS43 KSGF 200732
CLIVIH


CLIMATE REPORT
NATIONAL WEATHER SERVICE SPRINGFIELD MO
232 AM CDT TUE JUN 20 2017


...................................

...THE VICHY-ROLLA MO CLIMATE SUMMARY FOR JUNE 19 2017...

CLIMATE NORMAL PERIOD 1981 TO 2010
CLIMATE RECORD PERIOD 1888 TO 2017


WEATHER ITEM   OBSERVED TIME   RECORD YEAR NORMAL DEPARTURE LAST
                VALUE   (LST)  VALUE       VALUE  FROM      YEAR
                                                  NORMAL
..................................................................
TEMPERATURE (F)
 YESTERDAY
  MAXIMUM         83    358 PM 102    1953  84     -1       89
  MINIMUM         58    521 AM  54    1976  63     -5       66
  AVERAGE         71                        74     -3       78

PRECIPITATION (IN)
  YESTERDAY        0.00          1.37 1981   0.16  -0.16     0.00
  MONTH TO DATE    2.75                      3.07  -0.32     0.81
  SINCE JUN 1      2.75                      3.07  -0.32     0.81
  SINCE JAN 1     25.19                     19.88   5.31    15.05

DEGREE DAYS
 HEATING
  YESTERDAY        0                         0      0        0
  MONTH TO DATE    1                        12    -11        0
  SINCE JUN 1      1                        12    -11        0
  SINCE JUL 1   3804                      4846  -1042     4052

 COOLING
  YESTERDAY        6                         9     -3       13
  MONTH TO DATE  152                       125     27      188
  SINCE JUN 1    152                       125     27      188
  SINCE JAN 1    256                       232     24      266
..................................................................


WIND (MPH)
  HIGHEST WIND SPEED    16   HIGHEST WIND DIRECTION     W (270)
  HIGHEST GUST SPEED    21   HIGHEST GUST DIRECTION     W (270)
  AVERAGE WIND SPEED     8.0


SKY COVER
  AVERAGE SKY COVER 0.1


WEATHER CONDITIONS
 THE FOLLOWING WEATHER WAS RECORDED YESTERDAY.
  NO SIGNIFICANT WEATHER WAS OBSERVED.


RELATIVE HUMIDITY (PERCENT)
 HIGHEST   100           200 AM
 LOWEST     43           300 PM
 AVERAGE    72

..........................................................


THE VICHY-ROLLA MO CLIMATE NORMALS FOR TODAY
                         NORMAL    RECORD    YEAR
 MAXIMUM TEMPERATURE (F)   84       100      1953
 MINIMUM TEMPERATURE (F)   64        51      2003


SUNRISE AND SUNSET
JUNE 20 2017..........SUNRISE   544 AM CDT   SUNSET   833 PM CDT
JUNE 21 2017..........SUNRISE   544 AM CDT   SUNSET   833 PM CDT


-  INDICATES NEGATIVE NUMBERS.
R  INDICATES RECORD WAS SET OR TIED.
MM INDICATES DATA IS MISSING.
T  INDICATES TRACE AMOUNT.




$$
