000
CDUS43 KSGF 292133
CLIVIH


CLIMATE REPORT
NATIONAL WEATHER SERVICE SPRINGFIELD MO
432 PM CDT SUN MAR 29 2015


...................................

...THE VICHY-ROLLA MO CLIMATE SUMMARY FOR MARCH 29 2015...
VALID AS OF 0400 PM LOCAL TIME.

CLIMATE NORMAL PERIOD 1981 TO 2010
CLIMATE RECORD PERIOD 1888 TO 2015


WEATHER ITEM   OBSERVED TIME   RECORD YEAR NORMAL DEPARTURE LAST
                VALUE   (LST)  VALUE       VALUE  FROM      YEAR
                                                  NORMAL
..................................................................
TEMPERATURE (F)
 TODAY
  MAXIMUM         60    111 PM  82    1968  61     -1       52
  MINIMUM         33    212 AM  18    1899  38     -5       34
  AVERAGE         47                        50     -3       43

PRECIPITATION (IN)
  TODAY            T             1.46 1902   0.15  -0.15     0.00
  MONTH TO DATE    3.02                      3.15  -0.13     0.70
  SINCE MAR 1      3.02                      3.15  -0.13     0.70
  SINCE JAN 1      5.30                      7.25  -1.95     2.16

DEGREE DAYS
 HEATING
  TODAY           18                        16      2       22
  MONTH TO DATE  598                       584     14      728
  SINCE MAR 1    598                       584     14      728
  SINCE JUL 1   4715                      4374    341     5034

 COOLING
  TODAY            0                         0      0        0
  MONTH TO DATE    0                         0      0        0
  SINCE MAR 1      0                         0      0        0
  SINCE JAN 1      0                         0      0        0
..................................................................


WIND (MPH)
  HIGHEST WIND SPEED    30   HIGHEST WIND DIRECTION     S (170)
  HIGHEST GUST SPEED    37   HIGHEST GUST DIRECTION     S (170)


SKY COVER
  AVERAGE SKY COVER 0.1


WEATHER CONDITIONS
 THE FOLLOWING WEATHER WAS RECORDED TODAY.
  NO SIGNIFICANT WEATHER WAS OBSERVED.


RELATIVE HUMIDITY (PERCENT)
 HIGHEST    82          1200 AM
 LOWEST     43          1200 PM
 AVERAGE    63

..........................................................


THE VICHY-ROLLA MO CLIMATE NORMALS FOR TOMORROW
                         NORMAL    RECORD    YEAR
 MAXIMUM TEMPERATURE (F)   62        80      1967
 MINIMUM TEMPERATURE (F)   39        13      1899


SUNRISE AND SUNSET
MARCH 29 2015.........SUNRISE   657 AM CDT   SUNSET   727 PM CDT
MARCH 30 2015.........SUNRISE   656 AM CDT   SUNSET   728 PM CDT


-  INDICATES NEGATIVE NUMBERS.
R  INDICATES RECORD WAS SET OR TIED.
MM INDICATES DATA IS MISSING.
T  INDICATES TRACE AMOUNT.




$$
