000
CDUS43 KSGF 142243
CLIVIH


CLIMATE REPORT
NATIONAL WEATHER SERVICE SPRINGFIELD MO
543 PM CDT FRI JUL 14 2017


...................................

...THE VICHY-ROLLA MO CLIMATE SUMMARY FOR JULY 14 2017...
VALID TODAY AS OF 0500 PM LOCAL TIME.

CLIMATE NORMAL PERIOD 1981 TO 2010
CLIMATE RECORD PERIOD 1888 TO 2017


WEATHER ITEM   OBSERVED TIME   RECORD YEAR NORMAL DEPARTURE LAST
                VALUE   (LST)  VALUE       VALUE  FROM      YEAR
                                                  NORMAL
..................................................................
TEMPERATURE (F)
 TODAY
  MAXIMUM         85    356 PM 112    1954  88     -3       87
  MINIMUM         69    333 AM  46    1898  67      2       66
  AVERAGE         77                        77      0       77

PRECIPITATION (IN)
  TODAY            0.91          1.15 2009   0.15   0.76     0.00
  MONTH TO DATE    6.97                      2.02   4.95     5.24
  SINCE JUN 1      9.90                      6.65   3.25     7.18
  SINCE JAN 1     32.34                     23.46   8.88    21.42

DEGREE DAYS
 HEATING
  TODAY            0                         0      0        0
  MONTH TO DATE    0                         0      0        0
  SINCE JUN 1      1                        14    -13        0
  SINCE JUL 1      0                         0      0        0

 COOLING
  TODAY           12                        12      0       12
  MONTH TO DATE  176                       164     12      152
  SINCE JUN 1    407                       399      8      499
  SINCE JAN 1    511                       506      5      577
..................................................................


WIND (MPH)
  HIGHEST WIND SPEED    16   HIGHEST WIND DIRECTION     S (180)
  HIGHEST GUST SPEED    18   HIGHEST GUST DIRECTION    SE (150)


SKY COVER
  AVERAGE SKY COVER 0.5


WEATHER CONDITIONS
 THE FOLLOWING WEATHER WAS RECORDED TODAY.
  THUNDERSTORM
  HEAVY RAIN
  RAIN
  LIGHT RAIN
  FOG


RELATIVE HUMIDITY (PERCENT)
 HIGHEST   100           400 AM
 LOWEST     70           400 PM
 AVERAGE    85

..........................................................


THE VICHY-ROLLA MO CLIMATE NORMALS FOR TOMORROW
                         NORMAL    RECORD    YEAR
 MAXIMUM TEMPERATURE (F)   88       107      1980
 MINIMUM TEMPERATURE (F)   67        54      2014


SUNRISE AND SUNSET
JULY 14 2017..........SUNRISE   556 AM CDT   SUNSET   830 PM CDT
JULY 15 2017..........SUNRISE   556 AM CDT   SUNSET   829 PM CDT


-  INDICATES NEGATIVE NUMBERS.
R  INDICATES RECORD WAS SET OR TIED.
MM INDICATES DATA IS MISSING.
T  INDICATES TRACE AMOUNT.




$$
