000
CDUS43 KSGF 200626
CLIVIH


CLIMATE REPORT
NATIONAL WEATHER SERVICE SPRINGFIELD MO
125 AM CDT WED SEP 20 2017


...................................

...THE VICHY-ROLLA MO CLIMATE SUMMARY FOR SEPTEMBER 19 2017...

CLIMATE NORMAL PERIOD 1981 TO 2010
CLIMATE RECORD PERIOD 1888 TO 2017


WEATHER ITEM   OBSERVED TIME   RECORD YEAR NORMAL DEPARTURE LAST
                VALUE   (LST)  VALUE       VALUE  FROM      YEAR
                                                  NORMAL
..................................................................
TEMPERATURE (F)
 YESTERDAY
  MAXIMUM         90    219 PM 100    1954  77     13       85
  MINIMUM         61    547 AM  37    1991  55      6       61
  AVERAGE         76                        66     10       73

PRECIPITATION (IN)
  YESTERDAY        0.00          1.60 2005   0.13  -0.13     0.00
  MONTH TO DATE    0.16                      2.70  -2.54     4.08
  SINCE SEP 1      0.16                      2.70  -2.54     4.08
  SINCE JAN 1     38.76                     32.25   6.51    36.42

DEGREE DAYS
 HEATING
  YESTERDAY        0                         2     -2        0
  MONTH TO DATE   13                        18     -5        3
  SINCE SEP 1     13                        18     -5        3
  SINCE JUL 1     14                        21     -7        3

 COOLING
  YESTERDAY       11                         4      7        8
  MONTH TO DATE   95                       113    -18      145
  SINCE SEP 1     95                       113    -18      145
  SINCE JAN 1   1065                      1190   -125     1334
..................................................................


WIND (MPH)
  HIGHEST WIND SPEED    15   HIGHEST WIND DIRECTION     S (180)
  HIGHEST GUST SPEED    20   HIGHEST GUST DIRECTION     S (180)
  AVERAGE WIND SPEED     6.7


SKY COVER
  AVERAGE SKY COVER 0.1


WEATHER CONDITIONS
 THE FOLLOWING WEATHER WAS RECORDED YESTERDAY.
  FOG
  FOG W/VISIBILITY <= 1/4 MILE


RELATIVE HUMIDITY (PERCENT)
 HIGHEST   100          1200 AM
 LOWEST     44           400 PM
 AVERAGE    72

..........................................................


THE VICHY-ROLLA MO CLIMATE NORMALS FOR TODAY
                         NORMAL    RECORD    YEAR
 MAXIMUM TEMPERATURE (F)   77        95      1954
 MINIMUM TEMPERATURE (F)   55        37      1991


SUNRISE AND SUNSET
SEPTEMBER 20 2017.....SUNRISE   653 AM CDT   SUNSET   707 PM CDT
SEPTEMBER 21 2017.....SUNRISE   654 AM CDT   SUNSET   705 PM CDT


-  INDICATES NEGATIVE NUMBERS.
R  INDICATES RECORD WAS SET OR TIED.
MM INDICATES DATA IS MISSING.
T  INDICATES TRACE AMOUNT.




$$
