000
CDUS43 KSGF 190648
CLIVIH


CLIMATE REPORT
NATIONAL WEATHER SERVICE SPRINGFIELD MO
147 AM CDT FRI AUG 19 2016


...................................

...THE VICHY-ROLLA MO CLIMATE SUMMARY FOR AUGUST 18 2016...

CLIMATE NORMAL PERIOD 1981 TO 2010
CLIMATE RECORD PERIOD 1888 TO 2016


WEATHER ITEM   OBSERVED TIME   RECORD YEAR NORMAL DEPARTURE LAST
                VALUE   (LST)  VALUE       VALUE  FROM      YEAR
                                                  NORMAL
..................................................................
TEMPERATURE (F)
 YESTERDAY
  MAXIMUM         87    245 PM 100    2003  88     -1       87
                                      1954
  MINIMUM         68    539 AM  51    2012  65      3       68
  AVERAGE         78                        76      2       78

PRECIPITATION (IN)
  YESTERDAY        0.00          2.82 1993   0.12  -0.12     0.32
  MONTH TO DATE    9.41                      2.10   7.31     1.98
  SINCE JUN 1     17.51                     11.17   6.34    14.83
  SINCE JAN 1     31.75                     27.98   3.77    28.85

DEGREE DAYS
 HEATING
  YESTERDAY        0                         0      0        0
  MONTH TO DATE    0                         0      0        0
  SINCE JUN 1      0                        15    -15       15
  SINCE JUL 1      0                         1     -1        0

 COOLING
  YESTERDAY       13                        11      2       13
  MONTH TO DATE  219                       222     -3      202
  SINCE JUN 1    975                       839    136      853
  SINCE JAN 1   1053                       946    107      960
..................................................................


WIND (MPH)
  HIGHEST WIND SPEED    12   HIGHEST WIND DIRECTION     S (180)
  HIGHEST GUST SPEED    15   HIGHEST GUST DIRECTION     S (190)
  AVERAGE WIND SPEED     7.3


SKY COVER
  AVERAGE SKY COVER 0.1


WEATHER CONDITIONS
 THE FOLLOWING WEATHER WAS RECORDED YESTERDAY.
  NO SIGNIFICANT WEATHER WAS OBSERVED.


RELATIVE HUMIDITY (PERCENT)
 HIGHEST    97           300 AM
 LOWEST     55           200 PM
 AVERAGE    76

..........................................................


THE VICHY-ROLLA MO CLIMATE NORMALS FOR TODAY
                         NORMAL    RECORD    YEAR
 MAXIMUM TEMPERATURE (F)   88       104      1962
 MINIMUM TEMPERATURE (F)   65        54      2015


SUNRISE AND SUNSET
AUGUST 19 2016........SUNRISE   626 AM CDT   SUNSET   754 PM CDT
AUGUST 20 2016........SUNRISE   627 AM CDT   SUNSET   753 PM CDT


-  INDICATES NEGATIVE NUMBERS.
R  INDICATES RECORD WAS SET OR TIED.
MM INDICATES DATA IS MISSING.
T  INDICATES TRACE AMOUNT.




$$
