000
CDUS43 KSGF 070637
CLIVIH


CLIMATE REPORT
NATIONAL WEATHER SERVICE SPRINGFIELD MO
1236 AM CST THU DEC 7 2017


...................................

...THE VICHY-ROLLA MO CLIMATE SUMMARY FOR DECEMBER 6 2017...

CLIMATE NORMAL PERIOD 1981 TO 2010
CLIMATE RECORD PERIOD 1888 TO 2017


WEATHER ITEM   OBSERVED TIME   RECORD YEAR NORMAL DEPARTURE LAST
                VALUE   (LST)  VALUE       VALUE  FROM      YEAR
                                                  NORMAL
..................................................................
TEMPERATURE (F)
 YESTERDAY
  MAXIMUM         48    322 PM  71    1951  46      2       40
  MINIMUM         29    656 AM   4    1950  27      2       29
  AVERAGE         39                        36      3       35

PRECIPITATION (IN)
  YESTERDAY        0.00          1.83 1956   0.10  -0.10      T
  MONTH TO DATE    0.17                      0.61  -0.44     0.22
  SINCE DEC 1      0.17                      0.61  -0.44     0.22
  SINCE JAN 1     42.12                     41.58   0.54    40.28

DEGREE DAYS
 HEATING
  YESTERDAY       26                        29     -3       30
  MONTH TO DATE  112                       167    -55      174
  SINCE DEC 1    112                       167    -55      174
  SINCE JUL 1    864                      1114   -250      802

 COOLING
  YESTERDAY        0                         0      0        0
  MONTH TO DATE    0                         0      0        0
  SINCE DEC 1      0                         0      0        0
  SINCE JAN 1   1247                      1246      1     1482
..................................................................


WIND (MPH)
  HIGHEST WIND SPEED    22   HIGHEST WIND DIRECTION    NW (320)
  HIGHEST GUST SPEED    28   HIGHEST GUST DIRECTION    NW (320)
  AVERAGE WIND SPEED    11.2


SKY COVER
  AVERAGE SKY COVER 0.3


WEATHER CONDITIONS
 THE FOLLOWING WEATHER WAS RECORDED YESTERDAY.
  NO SIGNIFICANT WEATHER WAS OBSERVED.


RELATIVE HUMIDITY (PERCENT)
 HIGHEST    70          1100 PM
 LOWEST     42           100 PM
 AVERAGE    56

..........................................................


THE VICHY-ROLLA MO CLIMATE NORMALS FOR TODAY
                         NORMAL    RECORD    YEAR
 MAXIMUM TEMPERATURE (F)   45        71      1966
 MINIMUM TEMPERATURE (F)   26         1      1976


SUNRISE AND SUNSET
DECEMBER  7 2017......SUNRISE   710 AM CST   SUNSET   447 PM CST
DECEMBER  8 2017......SUNRISE   711 AM CST   SUNSET   447 PM CST


-  INDICATES NEGATIVE NUMBERS.
R  INDICATES RECORD WAS SET OR TIED.
MM INDICATES DATA IS MISSING.
T  INDICATES TRACE AMOUNT.




$$
