000
CDUS43 KSGF 102229
CLIVIH


CLIMATE REPORT
NATIONAL WEATHER SERVICE SPRINGFIELD MO
428 PM CST SAT FEB 10 2018


...................................

...THE VICHY-ROLLA MO CLIMATE SUMMARY FOR FEBRUARY 10 2018...
VALID AS OF 0400 PM LOCAL TIME.

CLIMATE NORMAL PERIOD 1981 TO 2010
CLIMATE RECORD PERIOD 1888 TO 2018


WEATHER ITEM   OBSERVED TIME   RECORD YEAR NORMAL DEPARTURE LAST
                VALUE   (LST)  VALUE       VALUE  FROM      YEAR
                                                  NORMAL
..................................................................
TEMPERATURE (F)
 TODAY
  MAXIMUM         28    113 AM  77    1976  44    -16       71
  MINIMUM         21    847 AM -16    1899  24     -3       31
  AVERAGE         25                        34     -9       51

PRECIPITATION (IN)
  TODAY            T             0.93 2009   0.07  -0.07     0.00
  MONTH TO DATE    T                         0.65  -0.65      T
  SINCE DEC 1      2.30                      5.46  -3.16     2.46
  SINCE JAN 1      1.66                      2.82  -1.16     1.60

DEGREE DAYS
 HEATING
  TODAY           40                        31      9       14
  MONTH TO DATE  387                       317     70      271
  SINCE DEC 1   2407                      2338     69     2103
  SINCE JUL 1   3159                      3285   -126     2731

 COOLING
  TODAY            0                         0      0        0
  MONTH TO DATE    0                         0      0        0
  SINCE DEC 1      0                         0      0        0
  SINCE JAN 1      0                         0      0        0
..................................................................


WIND (MPH)
  HIGHEST WIND SPEED    15   HIGHEST WIND DIRECTION    NE (30)
  HIGHEST GUST SPEED    20   HIGHEST GUST DIRECTION     N (10)


SKY COVER
  AVERAGE SKY COVER 1.0


WEATHER CONDITIONS
 THE FOLLOWING WEATHER WAS RECORDED TODAY.
  LT FREEZING RAIN
  FOG


RELATIVE HUMIDITY (PERCENT)
 HIGHEST   100          1100 AM
 LOWEST     75          1200 AM
 AVERAGE    88

..........................................................


THE VICHY-ROLLA MO CLIMATE NORMALS FOR TOMORROW
                         NORMAL    RECORD    YEAR
 MAXIMUM TEMPERATURE (F)   45        77      2017
 MINIMUM TEMPERATURE (F)   24       -11      1899


SUNRISE AND SUNSET
FEBRUARY 10 2018......SUNRISE   703 AM CST   SUNSET   540 PM CST
FEBRUARY 11 2018......SUNRISE   702 AM CST   SUNSET   541 PM CST


-  INDICATES NEGATIVE NUMBERS.
R  INDICATES RECORD WAS SET OR TIED.
MM INDICATES DATA IS MISSING.
T  INDICATES TRACE AMOUNT.




$$
