000
CDUS43 KSGF 230629
CLIVIH


CLIMATE REPORT
NATIONAL WEATHER SERVICE SPRINGFIELD MO
1229 AM CST TUE DEC 23 2014


...................................

...THE VICHY-ROLLA MO CLIMATE SUMMARY FOR DECEMBER 22 2014...

CLIMATE NORMAL PERIOD 1981 TO 2010
CLIMATE RECORD PERIOD 1888 TO 2014


WEATHER ITEM   OBSERVED TIME   RECORD YEAR NORMAL DEPARTURE LAST
                VALUE   (LST)  VALUE       VALUE  FROM      YEAR
                                                  NORMAL
..................................................................
TEMPERATURE (F)
 YESTERDAY
  MAXIMUM         48    853 PM  64    1957  41      7       32
  MINIMUM         39   1254 AM  -5    2000  23     16       21
  AVERAGE         44                        32     12       27

PRECIPITATION (IN)
  YESTERDAY        0.35          1.26 1981   0.08   0.27      T
  MONTH TO DATE    2.17                      1.96   0.21     1.87
  SINCE DEC 1      2.17                      1.96   0.21     1.87
  SINCE JAN 1     29.45                     42.93 -13.48    41.62

DEGREE DAYS
 HEATING
  YESTERDAY       21                        33    -12       38
  MONTH TO DATE  594                       668    -74      711
  SINCE DEC 1    594                       668    -74      711
  SINCE JUL 1   1736                      1615    121     1761

 COOLING
  YESTERDAY        0                         0      0        0
  MONTH TO DATE    0                         0      0        0
  SINCE DEC 1      0                         0      0        0
  SINCE JAN 1   1186                      1246    -60     1125
..................................................................


WIND (MPH)
  HIGHEST WIND SPEED    18   HIGHEST WIND DIRECTION     W (250)
  HIGHEST GUST SPEED    25   HIGHEST GUST DIRECTION    SW (240)
  AVERAGE WIND SPEED     9.3


SKY COVER
  AVERAGE SKY COVER 1.0


WEATHER CONDITIONS
 THE FOLLOWING WEATHER WAS RECORDED YESTERDAY.
  RAIN
  LIGHT RAIN
  FOG


RELATIVE HUMIDITY (PERCENT)
 HIGHEST   100           600 PM
 LOWEST     67           300 AM
 AVERAGE    84

..........................................................


THE VICHY-ROLLA MO CLIMATE NORMALS FOR TODAY
                         NORMAL    RECORD    YEAR
 MAXIMUM TEMPERATURE (F)   41        68      1904
 MINIMUM TEMPERATURE (F)   23        -4      1963


SUNRISE AND SUNSET
DECEMBER 23 2014......SUNRISE   721 AM CST   SUNSET   452 PM CST
DECEMBER 24 2014......SUNRISE   721 AM CST   SUNSET   452 PM CST


-  INDICATES NEGATIVE NUMBERS.
R  INDICATES RECORD WAS SET OR TIED.
MM INDICATES DATA IS MISSING.
T  INDICATES TRACE AMOUNT.




$$
