235
CDUS43 KSGF 242151
CLIVIH


CLIMATE REPORT
NATIONAL WEATHER SERVICE SPRINGFIELD MO
451 PM CDT WED MAY 24 2017


...................................

...THE VICHY-ROLLA MO CLIMATE SUMMARY FOR MAY 24 2017...
VALID AS OF 0400 PM LOCAL TIME.

CLIMATE NORMAL PERIOD 1981 TO 2010
CLIMATE RECORD PERIOD 1888 TO 2017


WEATHER ITEM   OBSERVED TIME   RECORD YEAR NORMAL DEPARTURE LAST
                VALUE   (LST)  VALUE       VALUE  FROM      YEAR
                                                  NORMAL
..................................................................
TEMPERATURE (F)
 TODAY
  MAXIMUM         64    245 PM  93    1996  76    -12       72
  MINIMUM         48    258 AM  41    2001  56     -8       59
  AVERAGE         56                        66    -10       66

PRECIPITATION (IN)
  TODAY            0.02          1.64 1958   0.15  -0.13     0.67
  MONTH TO DATE    4.95                      3.89   1.06     2.98
  SINCE MAR 1     19.18                     11.56   7.62     9.92
  SINCE JAN 1     21.24                     15.66   5.58    12.04

DEGREE DAYS
 HEATING
  TODAY            9                         2      7        0
  MONTH TO DATE  108                       103      5      161
  SINCE MAR 1    811                      1031   -220      849
  SINCE JUL 1   3797                      4821  -1024     4052

 COOLING
  TODAY            0                         3     -3        1
  MONTH TO DATE   53                        52      1       15
  SINCE MAR 1     88                        78     10       29
  SINCE JAN 1     89                        78     11       29
..................................................................


WIND (MPH)
  HIGHEST WIND SPEED    17   HIGHEST WIND DIRECTION    NW (300)
  HIGHEST GUST SPEED    20   HIGHEST GUST DIRECTION     W (290)


SKY COVER
  AVERAGE SKY COVER 0.6


WEATHER CONDITIONS
 THE FOLLOWING WEATHER WAS RECORDED TODAY.
  LIGHT RAIN
  FOG


RELATIVE HUMIDITY (PERCENT)
 HIGHEST    93          1200 AM
 LOWEST     60           200 PM
 AVERAGE    77

..........................................................


THE VICHY-ROLLA MO CLIMATE NORMALS FOR TOMORROW
                         NORMAL    RECORD    YEAR
 MAXIMUM TEMPERATURE (F)   77        93      2012
                                             1953
 MINIMUM TEMPERATURE (F)   56        35      1897


SUNRISE AND SUNSET
MAY 24 2017...........SUNRISE   550 AM CDT   SUNSET   819 PM CDT
MAY 25 2017...........SUNRISE   549 AM CDT   SUNSET   819 PM CDT


-  INDICATES NEGATIVE NUMBERS.
R  INDICATES RECORD WAS SET OR TIED.
MM INDICATES DATA IS MISSING.
T  INDICATES TRACE AMOUNT.




$$
