000
CDUS43 KSGF 132229
CLIVIH


CLIMATE REPORT
NATIONAL WEATHER SERVICE SPRINGFIELD MO
529 PM CDT TUE JUN 13 2017


...................................

...THE VICHY-ROLLA MO CLIMATE SUMMARY FOR JUNE 13 2017...
VALID TODAY AS OF 0500 PM LOCAL TIME.

CLIMATE NORMAL PERIOD 1981 TO 2010
CLIMATE RECORD PERIOD 1888 TO 2017


WEATHER ITEM   OBSERVED TIME   RECORD YEAR NORMAL DEPARTURE LAST
                VALUE   (LST)  VALUE       VALUE  FROM      YEAR
                                                  NORMAL
..................................................................
TEMPERATURE (F)
 TODAY
  MAXIMUM         89    155 PM  99    1953  82      7       88
  MINIMUM         72    502 AM  39    1903  62     10       64
  AVERAGE         81                        72      9       76

PRECIPITATION (IN)
  TODAY            0.00          2.50 1970   0.16  -0.16     0.00
  MONTH TO DATE    0.84                      2.11  -1.27     0.81
  SINCE JUN 1      0.84                      2.11  -1.27     0.81
  SINCE JAN 1     23.28                     18.92   4.36    15.05

DEGREE DAYS
 COOLING
  TODAY           16                         7      9       11
  MONTH TO DATE   91                        77     14       98
  SINCE JUN 1     91                        77     14       98
  SINCE JAN 1    195                       184     11      176
..................................................................


WIND (MPH)
  HIGHEST WIND SPEED    20   HIGHEST WIND DIRECTION     S (190)
  HIGHEST GUST SPEED    28   HIGHEST GUST DIRECTION     S (160)


SKY COVER
  AVERAGE SKY COVER 0.1


WEATHER CONDITIONS
 THE FOLLOWING WEATHER WAS RECORDED TODAY.
  NO SIGNIFICANT WEATHER WAS OBSERVED.


RELATIVE HUMIDITY (PERCENT)
 HIGHEST   100           500 AM
 LOWEST     55           100 PM
 AVERAGE    78

..........................................................


THE VICHY-ROLLA MO CLIMATE NORMALS FOR TOMORROW
                         NORMAL    RECORD    YEAR
 MAXIMUM TEMPERATURE (F)   82        95      1952
 MINIMUM TEMPERATURE (F)   62        46      1903


SUNRISE AND SUNSET
JUNE 13 2017..........SUNRISE   543 AM CDT   SUNSET   831 PM CDT
JUNE 14 2017..........SUNRISE   544 AM CDT   SUNSET   831 PM CDT


-  INDICATES NEGATIVE NUMBERS.
R  INDICATES RECORD WAS SET OR TIED.
MM INDICATES DATA IS MISSING.
T  INDICATES TRACE AMOUNT.




$$
