000
CDUS43 KSGF 180630
CLIVIH


CLIMATE REPORT
NATIONAL WEATHER SERVICE SPRINGFIELD MO
130 AM CDT TUE APR 18 2017


...................................

...THE VICHY-ROLLA MO CLIMATE SUMMARY FOR APRIL 17 2017...

CLIMATE NORMAL PERIOD 1981 TO 2010
CLIMATE RECORD PERIOD 1888 TO 2017


WEATHER ITEM   OBSERVED TIME   RECORD YEAR NORMAL DEPARTURE LAST
                VALUE   (LST)  VALUE       VALUE  FROM      YEAR
                                                  NORMAL
..................................................................
TEMPERATURE (F)
 YESTERDAY
  MAXIMUM         67    413 PM  86    2004  67      0       77
  MINIMUM         52   1027 PM  25    1904  44      8       55
  AVERAGE         60                        56      4       66

PRECIPITATION (IN)
  YESTERDAY        T             2.91 1957   0.14  -0.14     0.00
  MONTH TO DATE    1.61                      2.28  -0.67     1.99
  SINCE MAR 1      4.75                      5.73  -0.98     4.85
  SINCE JAN 1      6.81                      9.83  -3.02     6.97

DEGREE DAYS
 HEATING
  YESTERDAY        5                        10     -5        0
  MONTH TO DATE  108                       209   -101      206
  SINCE MAR 1    611                       823   -212      652
  SINCE JUL 1   3597                      4613  -1016     3855

 COOLING
  YESTERDAY        0                         1     -1        1
  MONTH TO DATE   23                        11     12        1
  SINCE MAR 1     26                        15     11        1
  SINCE JAN 1     27                        15     12        1
..................................................................


WIND (MPH)
  HIGHEST WIND SPEED    17   HIGHEST WIND DIRECTION     E (80)
  HIGHEST GUST SPEED    25   HIGHEST GUST DIRECTION    NE (60)
  AVERAGE WIND SPEED     8.7


SKY COVER
  AVERAGE SKY COVER 0.6


WEATHER CONDITIONS
 THE FOLLOWING WEATHER WAS RECORDED YESTERDAY.
  NO SIGNIFICANT WEATHER WAS OBSERVED.


RELATIVE HUMIDITY (PERCENT)
 HIGHEST    93           200 AM
 LOWEST     45           100 PM
 AVERAGE    69

..........................................................


THE VICHY-ROLLA MO CLIMATE NORMALS FOR TODAY
                         NORMAL    RECORD    YEAR
 MAXIMUM TEMPERATURE (F)   68        88      2006
                                             1899
 MINIMUM TEMPERATURE (F)   45        25      1953


SUNRISE AND SUNSET
APRIL 18 2017.........SUNRISE   627 AM CDT   SUNSET   746 PM CDT
APRIL 19 2017.........SUNRISE   626 AM CDT   SUNSET   747 PM CDT


-  INDICATES NEGATIVE NUMBERS.
R  INDICATES RECORD WAS SET OR TIED.
MM INDICATES DATA IS MISSING.
T  INDICATES TRACE AMOUNT.




$$
