000
CDUS43 KSGF 130627
CLIVIH


CLIMATE REPORT
NATIONAL WEATHER SERVICE SPRINGFIELD MO
1227 AM CST FRI JAN 13 2017


...................................

...THE VICHY-ROLLA MO CLIMATE SUMMARY FOR JANUARY 12 2017...

CLIMATE NORMAL PERIOD 1981 TO 2010
CLIMATE RECORD PERIOD 1888 TO 2017


WEATHER ITEM   OBSERVED TIME   RECORD YEAR NORMAL DEPARTURE LAST
                VALUE   (LST)  VALUE       VALUE  FROM      YEAR
                                                  NORMAL
..................................................................
TEMPERATURE (F)
 YESTERDAY
  MAXIMUM         54   1212 AM  68    1995  40     14       36
  MINIMUM         24   1105 PM  -5    1903  21      3       12
  AVERAGE         39                        31      8       24

PRECIPITATION (IN)
  YESTERDAY        0.00          1.28 2007   0.07  -0.07     0.00
  MONTH TO DATE    0.12                      0.91  -0.79     0.67
  SINCE DEC 1      0.98                      3.55  -2.57    10.99
  SINCE JAN 1      0.12                      0.91  -0.79     0.67

DEGREE DAYS
 HEATING
  YESTERDAY       26                        34     -8       41
  MONTH TO DATE  414                       408      6      412
  SINCE DEC 1   1359                      1378    -19     1087
  SINCE JUL 1   1987                      2325   -338     1808

 COOLING
  YESTERDAY        0                         0      0        0
  MONTH TO DATE    0                         0      0        0
  SINCE DEC 1      0                         0      0        0
  SINCE JAN 1      0                         0      0        0
..................................................................


WIND (MPH)
  HIGHEST WIND SPEED    17   HIGHEST WIND DIRECTION    NW (310)
  HIGHEST GUST SPEED    22   HIGHEST GUST DIRECTION    NW (330)
  AVERAGE WIND SPEED     9.0


SKY COVER
  AVERAGE SKY COVER 0.8


WEATHER CONDITIONS
 THE FOLLOWING WEATHER WAS RECORDED YESTERDAY.
  FOG
  HAZE


RELATIVE HUMIDITY (PERCENT)
 HIGHEST   100          1000 AM
 LOWEST     72          1200 AM
 AVERAGE    86

..........................................................


THE VICHY-ROLLA MO CLIMATE NORMALS FOR TODAY
                         NORMAL    RECORD    YEAR
 MAXIMUM TEMPERATURE (F)   40        70      1952
 MINIMUM TEMPERATURE (F)   21        -9      1905


SUNRISE AND SUNSET
JANUARY 13 2017.......SUNRISE   723 AM CST   SUNSET   509 PM CST
JANUARY 14 2017.......SUNRISE   722 AM CST   SUNSET   510 PM CST


-  INDICATES NEGATIVE NUMBERS.
R  INDICATES RECORD WAS SET OR TIED.
MM INDICATES DATA IS MISSING.
T  INDICATES TRACE AMOUNT.




$$
