000
CDUS43 KSGF 140638
CLIVIH


CLIMATE REPORT
NATIONAL WEATHER SERVICE SPRINGFIELD MO
138 AM CDT SAT OCT 14 2017


...................................

...THE VICHY-ROLLA MO CLIMATE SUMMARY FOR OCTOBER 13 2017...

CLIMATE NORMAL PERIOD 1981 TO 2010
CLIMATE RECORD PERIOD 1888 TO 2017


WEATHER ITEM   OBSERVED TIME   RECORD YEAR NORMAL DEPARTURE LAST
                VALUE   (LST)  VALUE       VALUE  FROM      YEAR
                                                  NORMAL
..................................................................
TEMPERATURE (F)
 YESTERDAY
  MAXIMUM         84    305 PM  88    1899  68     16       60
  MINIMUM         56    621 AM  26    2006  47      9       45
  AVERAGE         70                        58     12       53

PRECIPITATION (IN)
  YESTERDAY        0.00          3.56 1968   0.10  -0.10     0.00
  MONTH TO DATE    1.23                      1.41  -0.18     0.13
  SINCE SEP 1      1.42                      5.45  -4.03     4.61
  SINCE JAN 1     40.02                     35.00   5.02    36.95

DEGREE DAYS
 HEATING
  YESTERDAY        0                         8     -8       12
  MONTH TO DATE   25                        89    -64       59
  SINCE SEP 1     42                       150   -108       83
  SINCE JUL 1     43                       153   -110       83

 COOLING
  YESTERDAY        5                         1      4        0
  MONTH TO DATE   57                        16     41       17
  SINCE SEP 1    257                       157    100      228
  SINCE JAN 1   1227                      1234     -7     1417
..................................................................


WIND (MPH)
  HIGHEST WIND SPEED    16   HIGHEST WIND DIRECTION     S (160)
  HIGHEST GUST SPEED    20   HIGHEST GUST DIRECTION     S (180)
  AVERAGE WIND SPEED    12.1


SKY COVER
  AVERAGE SKY COVER 0.2


WEATHER CONDITIONS
 THE FOLLOWING WEATHER WAS RECORDED YESTERDAY.
  HAZE


RELATIVE HUMIDITY (PERCENT)
 HIGHEST    93           200 AM
 LOWEST     48           200 PM
 AVERAGE    71

..........................................................


THE VICHY-ROLLA MO CLIMATE NORMALS FOR TODAY
                         NORMAL    RECORD    YEAR
 MAXIMUM TEMPERATURE (F)   68        90      1963
 MINIMUM TEMPERATURE (F)   46        28      1902


SUNRISE AND SUNSET
OCTOBER 14 2017.......SUNRISE   715 AM CDT   SUNSET   630 PM CDT
OCTOBER 15 2017.......SUNRISE   716 AM CDT   SUNSET   629 PM CDT


-  INDICATES NEGATIVE NUMBERS.
R  INDICATES RECORD WAS SET OR TIED.
MM INDICATES DATA IS MISSING.
T  INDICATES TRACE AMOUNT.




$$
