842
CDUS43 KSGF 220633
CLIVIH


CLIMATE REPORT
NATIONAL WEATHER SERVICE SPRINGFIELD MO
1233 AM CST WED FEB 22 2017


...................................

...THE VICHY-ROLLA MO CLIMATE SUMMARY FOR FEBRUARY 21 2017...

CLIMATE NORMAL PERIOD 1981 TO 2010
CLIMATE RECORD PERIOD 1888 TO 2017


WEATHER ITEM   OBSERVED TIME   RECORD YEAR NORMAL DEPARTURE LAST
                VALUE   (LST)  VALUE       VALUE  FROM      YEAR
                                                  NORMAL
..................................................................
TEMPERATURE (F)
 YESTERDAY
  MAXIMUM         62    441 PM  70    1992  48     14       58
  MINIMUM         51   1102 PM   2    1963  27     24       37
  AVERAGE         57                        37     20       48

PRECIPITATION (IN)
  YESTERDAY        0.09          1.14 1945   0.08   0.01     0.09
  MONTH TO DATE    0.45                      1.40  -0.95     1.14
  SINCE DEC 1      2.91                      6.21  -3.30    12.20
  SINCE JAN 1      2.05                      3.57  -1.52     1.88

DEGREE DAYS
 HEATING
  YESTERDAY        8                        28    -20       17
  MONTH TO DATE  419                       638   -219      586
  SINCE DEC 1   2251                      2659   -408     2300
  SINCE JUL 1   2879                      3606   -727     3021

 COOLING
  YESTERDAY        0                         0      0        0
  MONTH TO DATE    1                         0      1        0
  SINCE DEC 1      1                         0      1        0
  SINCE JAN 1      1                         0      1        0
..................................................................


WIND (MPH)
  HIGHEST WIND SPEED    13   HIGHEST WIND DIRECTION    NE (30)
  HIGHEST GUST SPEED    19   HIGHEST GUST DIRECTION     E (70)
  AVERAGE WIND SPEED     5.8


SKY COVER
  AVERAGE SKY COVER 0.8


WEATHER CONDITIONS
 THE FOLLOWING WEATHER WAS RECORDED YESTERDAY.
  LIGHT RAIN
  FOG
  FOG W/VISIBILITY <= 1/4 MILE


RELATIVE HUMIDITY (PERCENT)
 HIGHEST   100           200 AM
 LOWEST     93           600 PM
 AVERAGE    97

..........................................................


THE VICHY-ROLLA MO CLIMATE NORMALS FOR TODAY
                         NORMAL    RECORD    YEAR
 MAXIMUM TEMPERATURE (F)   48        76      1995
 MINIMUM TEMPERATURE (F)   28         0      1901


SUNRISE AND SUNSET
FEBRUARY 22 2017......SUNRISE   648 AM CST   SUNSET   553 PM CST
FEBRUARY 23 2017......SUNRISE   647 AM CST   SUNSET   555 PM CST


-  INDICATES NEGATIVE NUMBERS.
R  INDICATES RECORD WAS SET OR TIED.
MM INDICATES DATA IS MISSING.
T  INDICATES TRACE AMOUNT.




$$
