000
CDUS43 KSGF 250627
CLIVIH


CLIMATE REPORT
NATIONAL WEATHER SERVICE SPRINGFIELD MO
126 AM CDT MON AUG 25 2014


...................................

...THE VICHY-ROLLA MO CLIMATE SUMMARY FOR AUGUST 24 2014...

CLIMATE NORMAL PERIOD 1981 TO 2010
CLIMATE RECORD PERIOD 1888 TO 2014


WEATHER ITEM   OBSERVED TIME   RECORD YEAR NORMAL DEPARTURE LAST
                VALUE   (LST)  VALUE       VALUE  FROM      YEAR
                                                  NORMAL
..................................................................
TEMPERATURE (F)
 YESTERDAY
  MAXIMUM         98R   423 PM  97    1978  87     11       88
  MINIMUM         70    524 AM  52    1952  64      6       68
  AVERAGE         84                        75      9       78

PRECIPITATION (IN)
  YESTERDAY        0.00          1.64 1962   0.12  -0.12     0.00
  MONTH TO DATE    3.07                      2.82   0.25     4.29
  SINCE JUN 1      6.49                     11.89  -5.40    11.68
  SINCE JAN 1     16.11                     28.70 -12.59    32.98

DEGREE DAYS
 HEATING
  YESTERDAY        0                         0      0        0
  MONTH TO DATE    0                         0      0        2
  SINCE JUN 1      4                        15    -11       21
  SINCE JUL 1      3                         1      2        4

 COOLING
  YESTERDAY       19                        10      9       13
  MONTH TO DATE  280                       287     -7      182
  SINCE JUN 1    779                       904   -125      681
  SINCE JAN 1    926                      1011    -85      788
..................................................................


WIND (MPH)
  HIGHEST WIND SPEED    13   HIGHEST WIND DIRECTION     S (190)
  HIGHEST GUST SPEED    18   HIGHEST GUST DIRECTION     S (200)
  AVERAGE WIND SPEED     6.0


SKY COVER
  AVERAGE SKY COVER 0.1


WEATHER CONDITIONS
 THE FOLLOWING WEATHER WAS RECORDED YESTERDAY.
  NO SIGNIFICANT WEATHER WAS OBSERVED.


RELATIVE HUMIDITY (PERCENT)
 HIGHEST    79           200 AM
 LOWEST     27           100 PM
 AVERAGE    53

..........................................................


THE VICHY-ROLLA MO CLIMATE NORMALS FOR TODAY
                         NORMAL    RECORD    YEAR
 MAXIMUM TEMPERATURE (F)   86       101      1973
 MINIMUM TEMPERATURE (F)   64        51      1958


SUNRISE AND SUNSET
AUGUST 25 2014........SUNRISE   631 AM CDT   SUNSET   747 PM CDT
AUGUST 26 2014........SUNRISE   632 AM CDT   SUNSET   745 PM CDT


-  INDICATES NEGATIVE NUMBERS.
R  INDICATES RECORD WAS SET OR TIED.
MM INDICATES DATA IS MISSING.
T  INDICATES TRACE AMOUNT.




$$
