000
CDUS43 KSGF 280707
CLIVIH


CLIMATE REPORT
NATIONAL WEATHER SERVICE SPRINGFIELD MO
206 AM CDT FRI AUG 28 2015


...................................

...THE VICHY-ROLLA MO CLIMATE SUMMARY FOR AUGUST 27 2015...

CLIMATE NORMAL PERIOD 1981 TO 2010
CLIMATE RECORD PERIOD 1888 TO 2015


WEATHER ITEM   OBSERVED TIME   RECORD YEAR NORMAL DEPARTURE LAST
                VALUE   (LST)  VALUE       VALUE  FROM      YEAR
                                                  NORMAL
..................................................................
TEMPERATURE (F)
 YESTERDAY
  MAXIMUM         79    327 PM  98    1901  86     -7       94
  MINIMUM         54   1231 AM  51    1971  63     -9       70
  AVERAGE         67                        75     -8       82

PRECIPITATION (IN)
  YESTERDAY        0.00          2.99 1951   0.12  -0.12     0.02
  MONTH TO DATE    2.24                      3.18  -0.94     3.09
  SINCE JUN 1     15.09                     12.25   2.84     6.51
  SINCE JAN 1     29.11                     29.06   0.05    16.13

DEGREE DAYS
 HEATING
  YESTERDAY        0                         0      0        0
  MONTH TO DATE    2                         0      2        0
  SINCE JUN 1     17                        15      2        4
  SINCE JUL 1      2                         1      1        3

 COOLING
  YESTERDAY        2                        10     -8       17
  MONTH TO DATE  215                       317   -102      335
  SINCE JUN 1    866                       934    -68      834
  SINCE JAN 1    973                      1041    -68      981
..................................................................


WIND (MPH)
  HIGHEST WIND SPEED    13   HIGHEST WIND DIRECTION     S (200)
  HIGHEST GUST SPEED    16   HIGHEST GUST DIRECTION     S (200)
  AVERAGE WIND SPEED     6.9


SKY COVER
  AVERAGE SKY COVER 0.0


WEATHER CONDITIONS
 THE FOLLOWING WEATHER WAS RECORDED YESTERDAY.
  NO SIGNIFICANT WEATHER WAS OBSERVED.


RELATIVE HUMIDITY (PERCENT)
 HIGHEST    93           500 AM
 LOWEST     48           200 PM
 AVERAGE    71

..........................................................


THE VICHY-ROLLA MO CLIMATE NORMALS FOR TODAY
                         NORMAL    RECORD    YEAR
 MAXIMUM TEMPERATURE (F)   86        98      1898
 MINIMUM TEMPERATURE (F)   63        50      1971


SUNRISE AND SUNSET
AUGUST 28 2015........SUNRISE   633 AM CDT   SUNSET   743 PM CDT
AUGUST 29 2015........SUNRISE   634 AM CDT   SUNSET   741 PM CDT


-  INDICATES NEGATIVE NUMBERS.
R  INDICATES RECORD WAS SET OR TIED.
MM INDICATES DATA IS MISSING.
T  INDICATES TRACE AMOUNT.




$$
