000
CDUS43 KSGF 072226
CLIVIH


CLIMATE REPORT
NATIONAL WEATHER SERVICE SPRINGFIELD MO
526 PM CDT SAT OCT 7 2017


...................................

...THE VICHY-ROLLA MO CLIMATE SUMMARY FOR OCTOBER 7 2017...
VALID TODAY AS OF 0500 PM LOCAL TIME.

CLIMATE NORMAL PERIOD 1981 TO 2010
CLIMATE RECORD PERIOD 1888 TO 2017


WEATHER ITEM   OBSERVED TIME   RECORD YEAR NORMAL DEPARTURE LAST
                VALUE   (LST)  VALUE       VALUE  FROM      YEAR
                                                  NORMAL
..................................................................
TEMPERATURE (F)
 TODAY
  MAXIMUM         74    359 PM  92    1963  70      4       68
  MINIMUM         65    108 PM  28    1902  49     16       44
  AVERAGE         70                        59     11       56

PRECIPITATION (IN)
  TODAY            0.26          1.98 1903   0.11   0.15      T
  MONTH TO DATE    1.18                      0.82   0.36     0.11
  SINCE SEP 1      1.37                      4.86  -3.49     4.59
  SINCE JAN 1     39.97                     34.41   5.56    36.93

DEGREE DAYS
 HEATING
  TODAY            0                         7     -7        9
  MONTH TO DATE    0                        43    -43       19
  SINCE SEP 1     17                       104    -87       43
  SINCE JUL 1     18                       107    -89       43

 COOLING
  TODAY            5                         1      4        0
  MONTH TO DATE   48                        10     38       15
  SINCE SEP 1    248                       151     97      226
  SINCE JAN 1   1218                      1228    -10     1415
..................................................................


WIND (MPH)
  HIGHEST WIND SPEED    26   HIGHEST WIND DIRECTION     S (200)
  HIGHEST GUST SPEED    35   HIGHEST GUST DIRECTION     S (200)


SKY COVER
  AVERAGE SKY COVER 0.4


WEATHER CONDITIONS
 THE FOLLOWING WEATHER WAS RECORDED TODAY.
  HEAVY RAIN
  RAIN
  LIGHT RAIN
  FOG


RELATIVE HUMIDITY (PERCENT)
 HIGHEST    87           200 PM
 LOWEST     61          1200 AM
 AVERAGE    74

..........................................................


THE VICHY-ROLLA MO CLIMATE NORMALS FOR TOMORROW
                         NORMAL    RECORD    YEAR
 MAXIMUM TEMPERATURE (F)   70        91      1980
 MINIMUM TEMPERATURE (F)   48        27      2000


SUNRISE AND SUNSET
OCTOBER  7 2017.......SUNRISE   708 AM CDT   SUNSET   640 PM CDT
OCTOBER  8 2017.......SUNRISE   709 AM CDT   SUNSET   639 PM CDT


-  INDICATES NEGATIVE NUMBERS.
R  INDICATES RECORD WAS SET OR TIED.
MM INDICATES DATA IS MISSING.
T  INDICATES TRACE AMOUNT.




$$
