000
CDUS43 KSGF 290629
CLIVIH


CLIMATE REPORT
NATIONAL WEATHER SERVICE SPRINGFIELD MO
1227 AM CST TUE NOV 29 2016


...................................

...THE VICHY-ROLLA MO CLIMATE SUMMARY FOR NOVEMBER 28 2016...

CLIMATE NORMAL PERIOD 1981 TO 2010
CLIMATE RECORD PERIOD 1888 TO 2016


WEATHER ITEM   OBSERVED TIME   RECORD YEAR NORMAL DEPARTURE LAST
                VALUE   (LST)  VALUE       VALUE  FROM      YEAR
                                                  NORMAL
..................................................................
TEMPERATURE (F)
 YESTERDAY
  MAXIMUM         53    330 PM  75    1949  49      4       37
  MINIMUM         40   1158 PM   8    1955  30     10       34
  AVERAGE         47                        39      8       36

PRECIPITATION (IN)
  YESTERDAY        0.14          0.81 1971   0.13   0.01     0.02
  MONTH TO DATE    0.52                      3.63  -3.11     9.80
  SINCE SEP 1      7.72                     11.18  -3.46    12.46
  SINCE JAN 1     40.06                     40.73  -0.67    41.72

DEGREE DAYS
 HEATING
  YESTERDAY       18                        26     -8       29
  MONTH TO DATE  426                       545   -119      418
  SINCE SEP 1    579                       892   -313      668
  SINCE JUL 1    579                       895   -316      670

 COOLING
  YESTERDAY        0                         0      0        0
  MONTH TO DATE   20                         0     20        0
  SINCE SEP 1    293                       166    127      265
  SINCE JAN 1   1482                      1243    239     1280
..................................................................


WIND (MPH)
  HIGHEST WIND SPEED    32   HIGHEST WIND DIRECTION    SE (140)
  HIGHEST GUST SPEED    45   HIGHEST GUST DIRECTION    SE (150)
  AVERAGE WIND SPEED    15.4


SKY COVER
  AVERAGE SKY COVER 0.6


WEATHER CONDITIONS
 THE FOLLOWING WEATHER WAS RECORDED YESTERDAY.
  RAIN
  LIGHT RAIN
  FOG


RELATIVE HUMIDITY (PERCENT)
 HIGHEST   100          1100 AM
 LOWEST     71          1100 PM
 AVERAGE    86

..........................................................


THE VICHY-ROLLA MO CLIMATE NORMALS FOR TODAY
                         NORMAL    RECORD    YEAR
 MAXIMUM TEMPERATURE (F)   49        71      2006
 MINIMUM TEMPERATURE (F)   29         6      1976


SUNRISE AND SUNSET
NOVEMBER 29 2016......SUNRISE   703 AM CST   SUNSET   448 PM CST
NOVEMBER 30 2016......SUNRISE   704 AM CST   SUNSET   448 PM CST


-  INDICATES NEGATIVE NUMBERS.
R  INDICATES RECORD WAS SET OR TIED.
MM INDICATES DATA IS MISSING.
T  INDICATES TRACE AMOUNT.




$$
