000
CDUS43 KSGF 200629
CLIVIH


CLIMATE REPORT
NATIONAL WEATHER SERVICE SPRINGFIELD MO
129 AM CDT MON OCT 20 2014


...................................

...THE VICHY-ROLLA MO CLIMATE SUMMARY FOR OCTOBER 19 2014...

CLIMATE NORMAL PERIOD 1981 TO 2010
CLIMATE RECORD PERIOD 1888 TO 2014


WEATHER ITEM   OBSERVED TIME   RECORD YEAR NORMAL DEPARTURE LAST
                VALUE   (LST)  VALUE       VALUE  FROM      YEAR
                                                  NORMAL
..................................................................
TEMPERATURE (F)
 YESTERDAY
  MAXIMUM         64    350 PM  86    1963  67     -3       56
  MINIMUM         38    436 AM  24    1972  45     -7       36
  AVERAGE         51                        56     -5       46

PRECIPITATION (IN)
  YESTERDAY        0.00          0.99 1949   0.12  -0.12     0.03
  MONTH TO DATE    5.20                      2.10   3.10     0.97
  SINCE SEP 1      7.11                      6.14   0.97     3.83
  SINCE JAN 1     24.41                     35.69 -11.28    36.81

DEGREE DAYS
 HEATING
  YESTERDAY       14                        10      4       19
  MONTH TO DATE  156                       144     12      137
  SINCE SEP 1    217                       205     12      165
  SINCE JUL 1    220                       208     12      169

 COOLING
  YESTERDAY        0                         1     -1        0
  MONTH TO DATE   13                        22     -9       38
  SINCE SEP 1    135                       163    -28      225
  SINCE JAN 1   1174                      1240    -66     1124
..................................................................


WIND (MPH)
  HIGHEST WIND SPEED    14   HIGHEST WIND DIRECTION     S (200)
  HIGHEST GUST SPEED    18   HIGHEST GUST DIRECTION     W (260)
  AVERAGE WIND SPEED     8.5


SKY COVER
  AVERAGE SKY COVER 0.1


WEATHER CONDITIONS
 THE FOLLOWING WEATHER WAS RECORDED YESTERDAY.
  NO SIGNIFICANT WEATHER WAS OBSERVED.


RELATIVE HUMIDITY (PERCENT)
 HIGHEST    92           400 AM
 LOWEST     48           100 PM
 AVERAGE    70

..........................................................


THE VICHY-ROLLA MO CLIMATE NORMALS FOR TODAY
                         NORMAL    RECORD    YEAR
 MAXIMUM TEMPERATURE (F)   66        86      1963
 MINIMUM TEMPERATURE (F)   45        25      1960


SUNRISE AND SUNSET
OCTOBER 20 2014.......SUNRISE   721 AM CDT   SUNSET   622 PM CDT
OCTOBER 21 2014.......SUNRISE   722 AM CDT   SUNSET   621 PM CDT


-  INDICATES NEGATIVE NUMBERS.
R  INDICATES RECORD WAS SET OR TIED.
MM INDICATES DATA IS MISSING.
T  INDICATES TRACE AMOUNT.




$$
