000
CDUS43 KSGF 152127
CLIVIH


CLIMATE REPORT
NATIONAL WEATHER SERVICE SPRINGFIELD MO
426 PM CDT SUN MAY 15 2016


...................................

...THE VICHY-ROLLA MO CLIMATE SUMMARY FOR MAY 15 2016...
VALID AS OF 0400 PM LOCAL TIME.

CLIMATE NORMAL PERIOD 1981 TO 2010
CLIMATE RECORD PERIOD 1888 TO 2016


WEATHER ITEM   OBSERVED TIME   RECORD YEAR NORMAL DEPARTURE LAST
                VALUE   (LST)  VALUE       VALUE  FROM      YEAR
                                                  NORMAL
..................................................................
TEMPERATURE (F)
 TODAY
  MAXIMUM         65    259 PM  95    1899  74     -9       78
  MINIMUM         35R   510 AM  37    2014  53    -18       62
                                      1904
  AVERAGE         50                        64    -14       70

PRECIPITATION (IN)
  TODAY            0.00          1.18 1948   0.17  -0.17     0.02
  MONTH TO DATE    0.33                      2.45  -2.12     2.74
  SINCE MAR 1      7.27                     10.12  -2.85     7.88
  SINCE JAN 1      9.39                     14.22  -4.83    10.16

DEGREE DAYS
 HEATING
  TODAY           15                         4     11        0
  MONTH TO DATE  103                        75     28       34
  SINCE MAR 1    791                      1003   -212      872
  SINCE JUL 1   3994                      4793   -799     4989

 COOLING
  TODAY            0                         3     -3        5
  MONTH TO DATE   14                        25    -11       44
  SINCE MAR 1     28                        51    -23       57
  SINCE JAN 1     28                        51    -23       57
..................................................................


WIND (MPH)
  HIGHEST WIND SPEED    15   HIGHEST WIND DIRECTION     N (360)
  HIGHEST GUST SPEED    20   HIGHEST GUST DIRECTION     N (360)


SKY COVER
  AVERAGE SKY COVER 0.0


WEATHER CONDITIONS
 THE FOLLOWING WEATHER WAS RECORDED TODAY.
  NO SIGNIFICANT WEATHER WAS OBSERVED.


RELATIVE HUMIDITY (PERCENT)
 HIGHEST    92           500 AM
 LOWEST     34           300 PM
 AVERAGE    63

..........................................................


THE VICHY-ROLLA MO CLIMATE NORMALS FOR TOMORROW
                         NORMAL    RECORD    YEAR
 MAXIMUM TEMPERATURE (F)   74        90      1899
 MINIMUM TEMPERATURE (F)   53        31      1997


SUNRISE AND SUNSET
MAY 15 2016...........SUNRISE   556 AM CDT   SUNSET   811 PM CDT
MAY 16 2016...........SUNRISE   555 AM CDT   SUNSET   812 PM CDT


-  INDICATES NEGATIVE NUMBERS.
R  INDICATES RECORD WAS SET OR TIED.
MM INDICATES DATA IS MISSING.
T  INDICATES TRACE AMOUNT.




$$
