000
CDUS43 KSGF 250627
CLIVIH


CLIMATE REPORT
NATIONAL WEATHER SERVICE SPRINGFIELD MO
127 AM CDT THU SEP 25 2014


...................................

...THE VICHY-ROLLA MO CLIMATE SUMMARY FOR SEPTEMBER 24 2014...

CLIMATE NORMAL PERIOD 1981 TO 2010
CLIMATE RECORD PERIOD 1888 TO 2014


WEATHER ITEM   OBSERVED TIME   RECORD YEAR NORMAL DEPARTURE LAST
                VALUE   (LST)  VALUE       VALUE  FROM      YEAR
                                                  NORMAL
..................................................................
TEMPERATURE (F)
 YESTERDAY
  MAXIMUM         79    240 PM  93    1901  75      4       80
  MINIMUM         48    540 AM  41    2012  53     -5       55
                                      1995
  AVERAGE         64                        64      0       68

PRECIPITATION (IN)
  YESTERDAY        0.00          2.59 2009   0.13  -0.13      T
  MONTH TO DATE    1.91                      3.32  -1.41     2.86
  SINCE SEP 1      1.91                      3.32  -1.41     2.86
  SINCE JAN 1     19.21                     32.87 -13.66    35.84

DEGREE DAYS
 HEATING
  YESTERDAY        1                         4     -3        0
  MONTH TO DATE   61                        34     27       23
  SINCE SEP 1     61                        34     27       23
  SINCE JUL 1     64                        37     27       27

 COOLING
  YESTERDAY        0                         3     -3        3
  MONTH TO DATE   90                       128    -38      165
  SINCE SEP 1     90                       128    -38      165
  SINCE JAN 1   1129                      1205    -76     1064
..................................................................


WIND (MPH)
  HIGHEST WIND SPEED    12   HIGHEST WIND DIRECTION     S (160)
  HIGHEST GUST SPEED    16   HIGHEST GUST DIRECTION     S (160)
  AVERAGE WIND SPEED     7.5


SKY COVER
  AVERAGE SKY COVER 0.0


WEATHER CONDITIONS
 THE FOLLOWING WEATHER WAS RECORDED YESTERDAY.
  NO SIGNIFICANT WEATHER WAS OBSERVED.


RELATIVE HUMIDITY (PERCENT)
 HIGHEST    86           600 AM
 LOWEST     31           200 PM
 AVERAGE    59

..........................................................


THE VICHY-ROLLA MO CLIMATE NORMALS FOR TODAY
                         NORMAL    RECORD    YEAR
 MAXIMUM TEMPERATURE (F)   75        90      2012
                                             1898
 MINIMUM TEMPERATURE (F)   53        36      2001


SUNRISE AND SUNSET
SEPTEMBER 25 2014.....SUNRISE   657 AM CDT   SUNSET   659 PM CDT
SEPTEMBER 26 2014.....SUNRISE   658 AM CDT   SUNSET   658 PM CDT


-  INDICATES NEGATIVE NUMBERS.
R  INDICATES RECORD WAS SET OR TIED.
MM INDICATES DATA IS MISSING.
T  INDICATES TRACE AMOUNT.




$$
