000
CDUS43 KSGF 130632
CLIVIH


CLIMATE REPORT
NATIONAL WEATHER SERVICE SPRINGFIELD MO
132 AM CDT WED JUL 13 2016


...................................

...THE VICHY-ROLLA MO CLIMATE SUMMARY FOR JULY 12 2016...

CLIMATE NORMAL PERIOD 1981 TO 2010
CLIMATE RECORD PERIOD 1888 TO 2016


WEATHER ITEM   OBSERVED TIME   RECORD YEAR NORMAL DEPARTURE LAST
                VALUE   (LST)  VALUE       VALUE  FROM      YEAR
                                                  NORMAL
..................................................................
TEMPERATURE (F)
 YESTERDAY
  MAXIMUM         85    330 PM 112    1901  88     -3       90
  MINIMUM         68    924 AM  55    1975  67      1       72
  AVERAGE         77                        77      0       81

PRECIPITATION (IN)
  YESTERDAY        0.06          1.72 1948   0.14  -0.08     0.00
  MONTH TO DATE    5.24                      1.72   3.52     4.49
  SINCE JUN 1      7.18                      6.35   0.83    11.94
  SINCE JAN 1     21.42                     23.16  -1.74    25.96

DEGREE DAYS
 HEATING
  YESTERDAY        0                         0      0        0
  MONTH TO DATE    0                         0      0        0
  SINCE JUN 1      0                        14    -14       15
  SINCE JUL 1      0                         0      0        0

 COOLING
  YESTERDAY       12                        12      0       16
  MONTH TO DATE  127                       140    -13      107
  SINCE JUN 1    474                       375     99      379
  SINCE JAN 1    552                       482     70      486
..................................................................


WIND (MPH)
  HIGHEST WIND SPEED    28   HIGHEST WIND DIRECTION    NW (320)
  HIGHEST GUST SPEED    36   HIGHEST GUST DIRECTION    NW (320)
  AVERAGE WIND SPEED     8.7


SKY COVER
  AVERAGE SKY COVER 0.3


WEATHER CONDITIONS
 THE FOLLOWING WEATHER WAS RECORDED YESTERDAY.
  THUNDERSTORM
  HEAVY RAIN
  RAIN
  LIGHT RAIN
  FOG


RELATIVE HUMIDITY (PERCENT)
 HIGHEST    90          1100 AM
 LOWEST     61           300 PM
 AVERAGE    76

..........................................................


THE VICHY-ROLLA MO CLIMATE NORMALS FOR TODAY
                         NORMAL    RECORD    YEAR
 MAXIMUM TEMPERATURE (F)   88       112      1901
 MINIMUM TEMPERATURE (F)   67        49      1898


SUNRISE AND SUNSET
JULY 13 2016..........SUNRISE   555 AM CDT   SUNSET   830 PM CDT
JULY 14 2016..........SUNRISE   556 AM CDT   SUNSET   830 PM CDT


-  INDICATES NEGATIVE NUMBERS.
R  INDICATES RECORD WAS SET OR TIED.
MM INDICATES DATA IS MISSING.
T  INDICATES TRACE AMOUNT.




$$
