000
CDUS43 KSGF 240625
CLIVIH


CLIMATE REPORT
NATIONAL WEATHER SERVICE SPRINGFIELD MO
125 AM CDT TUE MAR 24 2015


...................................

...THE VICHY-ROLLA MO CLIMATE SUMMARY FOR MARCH 23 2015...

CLIMATE NORMAL PERIOD 1981 TO 2010
CLIMATE RECORD PERIOD 1888 TO 2015


WEATHER ITEM   OBSERVED TIME   RECORD YEAR NORMAL DEPARTURE LAST
                VALUE   (LST)  VALUE       VALUE  FROM      YEAR
                                                  NORMAL
..................................................................
TEMPERATURE (F)
 YESTERDAY
  MAXIMUM         69    242 PM  82    1994  59     10       43
  MINIMUM         40   1159 PM   8    1974  36      4       26
  AVERAGE         55                        48      7       35

PRECIPITATION (IN)
  YESTERDAY        0.00          1.50 1969   0.12  -0.12     0.00
  MONTH TO DATE    1.50                      2.36  -0.86     0.54
  SINCE MAR 1      1.50                      2.36  -0.86     0.54
  SINCE JAN 1      3.78                      6.46  -2.68     2.00

DEGREE DAYS
 HEATING
  YESTERDAY       10                        17     -7       30
  MONTH TO DATE  474                       486    -12      570
  SINCE MAR 1    474                       486    -12      570
  SINCE JUL 1   4591                      4276    315     4876

 COOLING
  YESTERDAY        0                         0      0        0
  MONTH TO DATE    0                         0      0        0
  SINCE MAR 1      0                         0      0        0
  SINCE JAN 1      0                         0      0        0
..................................................................


WIND (MPH)
  HIGHEST WIND SPEED    21   HIGHEST WIND DIRECTION    SW (230)
  HIGHEST GUST SPEED    28   HIGHEST GUST DIRECTION     W (260)
  AVERAGE WIND SPEED    12.5


SKY COVER
  AVERAGE SKY COVER 0.3


WEATHER CONDITIONS
 THE FOLLOWING WEATHER WAS RECORDED YESTERDAY.
  NO SIGNIFICANT WEATHER WAS OBSERVED.


RELATIVE HUMIDITY (PERCENT)
 HIGHEST    83           600 AM
 LOWEST     44           400 PM
 AVERAGE    64

..........................................................


THE VICHY-ROLLA MO CLIMATE NORMALS FOR TODAY
                         NORMAL    RECORD    YEAR
 MAXIMUM TEMPERATURE (F)   59        83      1967
 MINIMUM TEMPERATURE (F)   37         5      1974


SUNRISE AND SUNSET
MARCH 24 2015.........SUNRISE   705 AM CDT   SUNSET   723 PM CDT
MARCH 25 2015.........SUNRISE   703 AM CDT   SUNSET   723 PM CDT


-  INDICATES NEGATIVE NUMBERS.
R  INDICATES RECORD WAS SET OR TIED.
MM INDICATES DATA IS MISSING.
T  INDICATES TRACE AMOUNT.




$$
