000
CDUS43 KSGF 160654
CLIVIH


CLIMATE REPORT
NATIONAL WEATHER SERVICE SPRINGFIELD MO
138 AM CDT FRI SEP 16 2016


...................................

...THE VICHY-ROLLA MO CLIMATE SUMMARY FOR SEPTEMBER 15 2016...

CLIMATE NORMAL PERIOD 1981 TO 2010
CLIMATE RECORD PERIOD 1888 TO 2016


WEATHER ITEM   OBSERVED TIME   RECORD YEAR NORMAL DEPARTURE LAST
                VALUE   (LST)  VALUE       VALUE  FROM      YEAR
                                                  NORMAL
..................................................................
TEMPERATURE (F)
 YESTERDAY
  MAXIMUM         84    106 PM  97    1897  79      5       84
  MINIMUM         65    156 AM  41    2011  57      8       60
                                      2007
  AVERAGE         75                        68      7       72

PRECIPITATION (IN)
  YESTERDAY        0.03          1.68 2005   0.15  -0.12     0.00
  MONTH TO DATE    1.73                      2.18  -0.45     0.49
  SINCE SEP 1      1.73                      2.18  -0.45     0.49
  SINCE JAN 1     34.07                     31.73   2.34    29.75

DEGREE DAYS
 HEATING
  YESTERDAY        0                         2     -2        0
  MONTH TO DATE    3                        10     -7       17
  SINCE SEP 1      3                        10     -7       17
  SINCE JUL 1      3                        13    -10       19

 COOLING
  YESTERDAY       10                         5      5        7
  MONTH TO DATE  120                        97     23      156
  SINCE SEP 1    120                        97     23      156
  SINCE JAN 1   1309                      1174    135     1171
..................................................................


WIND (MPH)
  HIGHEST WIND SPEED    12   HIGHEST WIND DIRECTION     S (190)
  HIGHEST GUST SPEED    14   HIGHEST GUST DIRECTION     S (190)
  AVERAGE WIND SPEED     5.9


SKY COVER
  AVERAGE SKY COVER 0.3


WEATHER CONDITIONS
 THE FOLLOWING WEATHER WAS RECORDED YESTERDAY.
  THUNDERSTORM
  LIGHT RAIN
  FOG


RELATIVE HUMIDITY (PERCENT)
 HIGHEST   100           100 AM
 LOWEST     61          1200 PM
 AVERAGE    81

..........................................................


THE VICHY-ROLLA MO CLIMATE NORMALS FOR TODAY
                         NORMAL    RECORD    YEAR
 MAXIMUM TEMPERATURE (F)   78        96      1954
 MINIMUM TEMPERATURE (F)   57        43      2000


SUNRISE AND SUNSET
SEPTEMBER 16 2016.....SUNRISE   650 AM CDT   SUNSET   713 PM CDT
SEPTEMBER 17 2016.....SUNRISE   651 AM CDT   SUNSET   711 PM CDT


-  INDICATES NEGATIVE NUMBERS.
R  INDICATES RECORD WAS SET OR TIED.
MM INDICATES DATA IS MISSING.
T  INDICATES TRACE AMOUNT.




$$
