000
CDUS43 KSGF 200629
CLIVIH


CLIMATE REPORT
NATIONAL WEATHER SERVICE SPRINGFIELD MO
129 AM CDT WED APR 20 2016


...................................

...THE VICHY-ROLLA MO CLIMATE SUMMARY FOR APRIL 19 2016...

CLIMATE NORMAL PERIOD 1981 TO 2010
CLIMATE RECORD PERIOD 1888 TO 2016


WEATHER ITEM   OBSERVED TIME   RECORD YEAR NORMAL DEPARTURE LAST
                VALUE   (LST)  VALUE       VALUE  FROM      YEAR
                                                  NORMAL
..................................................................
TEMPERATURE (F)
 YESTERDAY
  MAXIMUM         72    150 PM  86    2011  68      4       67
                                      1966
  MINIMUM         57   1159 PM  27    1953  45     12       51
  AVERAGE         65                        56      9       59

PRECIPITATION (IN)
  YESTERDAY        0.01          1.18 1972   0.14  -0.13     0.62
  MONTH TO DATE    2.00                      2.56  -0.56     2.06
  SINCE MAR 1      4.86                      6.01  -1.15     5.08
  SINCE JAN 1      6.98                     10.11  -3.13     7.36

DEGREE DAYS
 HEATING
  YESTERDAY        0                         9     -9        6
  MONTH TO DATE  206                       228    -22      105
  SINCE MAR 1    652                       842   -190      717
  SINCE JUL 1   3855                      4632   -777     4834

 COOLING
  YESTERDAY        0                         1     -1        0
  MONTH TO DATE    2                        13    -11       13
  SINCE MAR 1      2                        17    -15       13
  SINCE JAN 1      2                        17    -15       13
..................................................................


WIND (MPH)
  HIGHEST WIND SPEED    17   HIGHEST WIND DIRECTION     S (160)
  HIGHEST GUST SPEED    21   HIGHEST GUST DIRECTION     S (160)
  AVERAGE WIND SPEED     7.6


SKY COVER
  AVERAGE SKY COVER 0.3


WEATHER CONDITIONS
 THE FOLLOWING WEATHER WAS RECORDED YESTERDAY.
  LIGHT RAIN


RELATIVE HUMIDITY (PERCENT)
 HIGHEST    90           200 AM
 LOWEST     61           300 PM
 AVERAGE    76

..........................................................


THE VICHY-ROLLA MO CLIMATE NORMALS FOR TODAY
                         NORMAL    RECORD    YEAR
 MAXIMUM TEMPERATURE (F)   68        86      1902
 MINIMUM TEMPERATURE (F)   45        27      1953


SUNRISE AND SUNSET
APRIL 20 2016.........SUNRISE   624 AM CDT   SUNSET   748 PM CDT
APRIL 21 2016.........SUNRISE   623 AM CDT   SUNSET   749 PM CDT


-  INDICATES NEGATIVE NUMBERS.
R  INDICATES RECORD WAS SET OR TIED.
MM INDICATES DATA IS MISSING.
T  INDICATES TRACE AMOUNT.




$$
