124
CDUS43 KSGF 172135
CLIVIH


CLIMATE REPORT
NATIONAL WEATHER SERVICE SPRINGFIELD MO
435 PM CDT TUE OCT 17 2017


...................................

...THE VICHY-ROLLA MO CLIMATE SUMMARY FOR OCTOBER 17 2017...
VALID AS OF 0400 PM LOCAL TIME.

CLIMATE NORMAL PERIOD 1981 TO 2010
CLIMATE RECORD PERIOD 1888 TO 2017


WEATHER ITEM   OBSERVED TIME   RECORD YEAR NORMAL DEPARTURE LAST
                VALUE   (LST)  VALUE       VALUE  FROM      YEAR
                                                  NORMAL
..................................................................
TEMPERATURE (F)
 TODAY
  MAXIMUM         69    222 PM  89    1950  67      2       86
  MINIMUM         43    106 AM  28    1976  46     -3       67
  AVERAGE         56                        56      0       77

PRECIPITATION (IN)
  TODAY            T             1.38 1963   0.12  -0.12     0.00
  MONTH TO DATE    2.49                      1.86   0.63     0.13
  SINCE SEP 1      2.68                      5.90  -3.22     4.61
  SINCE JAN 1     41.28                     35.45   5.83    36.95

DEGREE DAYS
 HEATING
  TODAY            9                         9      0        0
  MONTH TO DATE   54                       124    -70       65
  SINCE SEP 1     71                       185   -114       89
  SINCE JUL 1     72                       188   -116       89

 COOLING
  TODAY            0                         1     -1       12
  MONTH TO DATE   71                        20     51       43
  SINCE SEP 1    271                       161    110      254
  SINCE JAN 1   1241                      1238      3     1443
..................................................................


WIND (MPH)
  HIGHEST WIND SPEED    17   HIGHEST WIND DIRECTION     S (180)
  HIGHEST GUST SPEED    22   HIGHEST GUST DIRECTION     S (180)


SKY COVER
  AVERAGE SKY COVER 0.0


WEATHER CONDITIONS
 THE FOLLOWING WEATHER WAS RECORDED TODAY.
  NO SIGNIFICANT WEATHER WAS OBSERVED.


RELATIVE HUMIDITY (PERCENT)
 HIGHEST    82           100 AM
 LOWEST     35           300 PM
 AVERAGE    59

..........................................................


THE VICHY-ROLLA MO CLIMATE NORMALS FOR TOMORROW
                         NORMAL    RECORD    YEAR
 MAXIMUM TEMPERATURE (F)   67        86      1953
 MINIMUM TEMPERATURE (F)   45        29      1903


SUNRISE AND SUNSET
OCTOBER 17 2017.......SUNRISE   718 AM CDT   SUNSET   626 PM CDT
OCTOBER 18 2017.......SUNRISE   719 AM CDT   SUNSET   625 PM CDT


-  INDICATES NEGATIVE NUMBERS.
R  INDICATES RECORD WAS SET OR TIED.
MM INDICATES DATA IS MISSING.
T  INDICATES TRACE AMOUNT.




$$
