000
CDUS43 KSGF 080626
CLIVIH


CLIMATE REPORT
NATIONAL WEATHER SERVICE SPRINGFIELD MO
1226 AM CST MON JAN 8 2018


...................................

...THE VICHY-ROLLA MO CLIMATE SUMMARY FOR JANUARY 7 2018...

CLIMATE NORMAL PERIOD 1981 TO 2010
CLIMATE RECORD PERIOD 1888 TO 2018


WEATHER ITEM   OBSERVED TIME   RECORD YEAR NORMAL DEPARTURE LAST
                VALUE   (LST)  VALUE       VALUE  FROM      YEAR
                                                  NORMAL
..................................................................
TEMPERATURE (F)
 YESTERDAY
  MAXIMUM         MM        MM  76    1965  40     MM       28
  MINIMUM         23    123 AM -11    2014  21      2       -2
  AVERAGE         MM                        31     MM       13

PRECIPITATION (IN)
  YESTERDAY        0.74          1.89 2008   0.08   0.66     0.00
  MONTH TO DATE    0.74                      0.54   0.20     0.12
  SINCE DEC 1      1.38                      3.18  -1.80     0.98
  SINCE JAN 1      0.74                      0.54   0.20     0.12

DEGREE DAYS
 HEATING
  YESTERDAY       MM                        34     MM       52
  MONTH TO DATE  310                       238     72      279
  SINCE DEC 1   1260                      1208     52     1224
  SINCE JUL 1   2012                      2155   -143     1852

 COOLING
  YESTERDAY       MM                         0     MM        0
  MONTH TO DATE    0                         0      0        0
  SINCE DEC 1      0                         0      0        0
  SINCE JAN 1      0                         0      0        0
..................................................................


WIND (MPH)
  HIGHEST WIND SPEED    21   HIGHEST WIND DIRECTION     S (170)
  HIGHEST GUST SPEED    30   HIGHEST GUST DIRECTION    SE (150)
  AVERAGE WIND SPEED    14.9


SKY COVER
  AVERAGE SKY COVER 0.7


WEATHER CONDITIONS
 THE FOLLOWING WEATHER WAS RECORDED YESTERDAY.
  HEAVY RAIN
  RAIN
  LIGHT RAIN
  FOG


RELATIVE HUMIDITY (PERCENT)
 HIGHEST   100           500 PM
 LOWEST     41          1200 AM
 AVERAGE    71

..........................................................


THE VICHY-ROLLA MO CLIMATE NORMALS FOR TODAY
                         NORMAL    RECORD    YEAR
 MAXIMUM TEMPERATURE (F)   40        69      2006
 MINIMUM TEMPERATURE (F)   21        -5      1970


SUNRISE AND SUNSET
JANUARY  8 2018.......SUNRISE   724 AM CST   SUNSET   504 PM CST
JANUARY  9 2018.......SUNRISE   724 AM CST   SUNSET   505 PM CST


-  INDICATES NEGATIVE NUMBERS.
R  INDICATES RECORD WAS SET OR TIED.
MM INDICATES DATA IS MISSING.
T  INDICATES TRACE AMOUNT.




$$
