000
CDUS43 KSGF 180645
CLIVIH


CLIMATE REPORT
NATIONAL WEATHER SERVICE SPRINGFIELD MO
145 AM CDT MON MAY 18 2015


...................................

...THE VICHY-ROLLA MO CLIMATE SUMMARY FOR MAY 17 2015...

CLIMATE NORMAL PERIOD 1981 TO 2010
CLIMATE RECORD PERIOD 1888 TO 2015


WEATHER ITEM   OBSERVED TIME   RECORD YEAR NORMAL DEPARTURE LAST
                VALUE   (LST)  VALUE       VALUE  FROM      YEAR
                                                  NORMAL
..................................................................
TEMPERATURE (F)
 YESTERDAY
  MAXIMUM         76    213 PM  92    1996  75      1       63
  MINIMUM         61    515 AM  34    2014  54      7       34
  AVERAGE         69                        64      5       49

PRECIPITATION (IN)
  YESTERDAY        0.24          3.20 1957   0.16   0.08     0.00
  MONTH TO DATE    3.02                      2.77   0.25     1.44
  SINCE MAR 1      8.16                     10.44  -2.28     5.80
  SINCE JAN 1     10.44                     14.54  -4.10     7.26

DEGREE DAYS
 HEATING
  YESTERDAY        0                         4     -4       16
  MONTH TO DATE   34                        83    -49      114
  SINCE MAR 1    872                      1011   -139     1160
  SINCE JUL 1   4989                      4801    188     5466

 COOLING
  YESTERDAY        4                         3      1        0
  MONTH TO DATE   55                        31     24       57
  SINCE MAR 1     68                        57     11       69
  SINCE JAN 1     68                        57     11       69
..................................................................


WIND (MPH)
  HIGHEST WIND SPEED    30   HIGHEST WIND DIRECTION     W (270)
  HIGHEST GUST SPEED    40   HIGHEST GUST DIRECTION     W (250)
  AVERAGE WIND SPEED    12.2


SKY COVER
  AVERAGE SKY COVER 0.4


WEATHER CONDITIONS
 THE FOLLOWING WEATHER WAS RECORDED YESTERDAY.
  THUNDERSTORM
  HEAVY RAIN
  RAIN
  LIGHT RAIN
  FOG


RELATIVE HUMIDITY (PERCENT)
 HIGHEST   100           500 AM
 LOWEST     69           200 PM
 AVERAGE    85

..........................................................


THE VICHY-ROLLA MO CLIMATE NORMALS FOR TODAY
                         NORMAL    RECORD    YEAR
 MAXIMUM TEMPERATURE (F)   75        92      1996
 MINIMUM TEMPERATURE (F)   54        32      2002


SUNRISE AND SUNSET
MAY 18 2015...........SUNRISE   554 AM CDT   SUNSET   813 PM CDT
MAY 19 2015...........SUNRISE   553 AM CDT   SUNSET   814 PM CDT


-  INDICATES NEGATIVE NUMBERS.
R  INDICATES RECORD WAS SET OR TIED.
MM INDICATES DATA IS MISSING.
T  INDICATES TRACE AMOUNT.




$$
