000
CDUS43 KSGF 122226
CLIVIH


CLIMATE REPORT
NATIONAL WEATHER SERVICE SPRINGFIELD MO
526 PM CDT MON JUN 12 2017


...................................

...THE VICHY-ROLLA MO CLIMATE SUMMARY FOR JUNE 12 2017...
VALID TODAY AS OF 0500 PM LOCAL TIME.

CLIMATE NORMAL PERIOD 1981 TO 2010
CLIMATE RECORD PERIOD 1888 TO 2017


WEATHER ITEM   OBSERVED TIME   RECORD YEAR NORMAL DEPARTURE LAST
                VALUE   (LST)  VALUE       VALUE  FROM      YEAR
                                                  NORMAL
..................................................................
TEMPERATURE (F)
 TODAY
  MAXIMUM         90    237 PM  98    1952  82      8       92
  MINIMUM         69    449 AM  45    1903  61      8       68
  AVERAGE         80                        72      8       80

PRECIPITATION (IN)
  TODAY            0.00          1.10 1977   0.17  -0.17      T
  MONTH TO DATE    0.84                      1.95  -1.11     0.81
  SINCE JUN 1      0.84                      1.95  -1.11     0.81
  SINCE JAN 1     23.28                     18.76   4.52    15.05

DEGREE DAYS
 COOLING
  TODAY           15                         7      8       15
  MONTH TO DATE   75                        70      5       87
  SINCE JUN 1     75                        70      5       87
  SINCE JAN 1    179                       177      2      165
..................................................................


WIND (MPH)
  HIGHEST WIND SPEED    16   HIGHEST WIND DIRECTION     S (180)
  HIGHEST GUST SPEED    22   HIGHEST GUST DIRECTION     S (200)


SKY COVER
  AVERAGE SKY COVER 0.1


WEATHER CONDITIONS
 THE FOLLOWING WEATHER WAS RECORDED TODAY.
  NO SIGNIFICANT WEATHER WAS OBSERVED.


RELATIVE HUMIDITY (PERCENT)
 HIGHEST    90           500 AM
 LOWEST     55           200 PM
 AVERAGE    73

..........................................................


THE VICHY-ROLLA MO CLIMATE NORMALS FOR TOMORROW
                         NORMAL    RECORD    YEAR
 MAXIMUM TEMPERATURE (F)   82        99      1953
 MINIMUM TEMPERATURE (F)   62        39      1903


SUNRISE AND SUNSET
JUNE 12 2017..........SUNRISE   544 AM CDT   SUNSET   831 PM CDT
JUNE 13 2017..........SUNRISE   543 AM CDT   SUNSET   831 PM CDT


-  INDICATES NEGATIVE NUMBERS.
R  INDICATES RECORD WAS SET OR TIED.
MM INDICATES DATA IS MISSING.
T  INDICATES TRACE AMOUNT.




$$
