000
CDUS43 KSGF 202227
CLIVIH


CLIMATE REPORT
NATIONAL WEATHER SERVICE SPRINGFIELD MO
427 PM CST SAT DEC 20 2014


...................................

...THE VICHY-ROLLA MO CLIMATE SUMMARY FOR DECEMBER 20 2014...
VALID AS OF 0400 PM LOCAL TIME.

CLIMATE NORMAL PERIOD 1981 TO 2010
CLIMATE RECORD PERIOD 1888 TO 2014


WEATHER ITEM   OBSERVED TIME   RECORD YEAR NORMAL DEPARTURE LAST
                VALUE   (LST)  VALUE       VALUE  FROM      YEAR
                                                  NORMAL
..................................................................
TEMPERATURE (F)
 TODAY
  MAXIMUM         41    359 PM  67    1949  42     -1       65
  MINIMUM         34    620 AM -11    1901  23     11       30
  AVERAGE         38                        32      6       48

PRECIPITATION (IN)
  TODAY            0.00          1.29 1991   0.07  -0.07     0.02
  MONTH TO DATE    1.82                      1.81   0.01     1.05
  SINCE DEC 1      1.82                      1.81   0.01     1.05
  SINCE JAN 1     29.10                     42.78 -13.68    40.80

DEGREE DAYS
 HEATING
  TODAY           27                        33     -6       17
  MONTH TO DATE  548                       602    -54      639
  SINCE DEC 1    548                       602    -54      639
  SINCE JUL 1   1690                      1549    141     1689

 COOLING
  TODAY            0                         0      0        0
  MONTH TO DATE    0                         0      0        0
  SINCE DEC 1      0                         0      0        0
  SINCE JAN 1   1186                      1246    -60     1125
..................................................................


WIND (MPH)
  HIGHEST WIND SPEED     9   HIGHEST WIND DIRECTION     S (190)
  HIGHEST GUST SPEED    11   HIGHEST GUST DIRECTION     S (190)


SKY COVER
  AVERAGE SKY COVER 1.0


WEATHER CONDITIONS
 THE FOLLOWING WEATHER WAS RECORDED TODAY.
  FOG


RELATIVE HUMIDITY (PERCENT)
 HIGHEST    96           100 AM
 LOWEST     73           300 PM
 AVERAGE    85

..........................................................


THE VICHY-ROLLA MO CLIMATE NORMALS FOR TOMORROW
                         NORMAL    RECORD    YEAR
 MAXIMUM TEMPERATURE (F)   41        66      1957
 MINIMUM TEMPERATURE (F)   23       -25      1901


SUNRISE AND SUNSET
DECEMBER 20 2014......SUNRISE   719 AM CST   SUNSET   450 PM CST
DECEMBER 21 2014......SUNRISE   720 AM CST   SUNSET   451 PM CST


-  INDICATES NEGATIVE NUMBERS.
R  INDICATES RECORD WAS SET OR TIED.
MM INDICATES DATA IS MISSING.
T  INDICATES TRACE AMOUNT.




$$
