953
CDUS43 KSGF 292131
CLIVIH


CLIMATE REPORT
NATIONAL WEATHER SERVICE SPRINGFIELD MO
431 PM CDT MON MAY 29 2017


...................................

...THE VICHY-ROLLA MO CLIMATE SUMMARY FOR MAY 29 2017...
VALID AS OF 0400 PM LOCAL TIME.

CLIMATE NORMAL PERIOD 1981 TO 2010
CLIMATE RECORD PERIOD 1888 TO 2017


WEATHER ITEM   OBSERVED TIME   RECORD YEAR NORMAL DEPARTURE LAST
                VALUE   (LST)  VALUE       VALUE  FROM      YEAR
                                                  NORMAL
..................................................................
TEMPERATURE (F)
 TODAY
  MAXIMUM         81    247 PM  92    1953  78      3       83
  MINIMUM         54    515 AM  41    1971  57     -3       60
  AVERAGE         68                        67      1       72

PRECIPITATION (IN)
  TODAY            0.00          1.93 1967   0.16  -0.16     0.00
  MONTH TO DATE    6.15                      4.71   1.44     5.15
  SINCE MAR 1     20.38                     12.38   8.00    12.09
  SINCE JAN 1     22.44                     16.48   5.96    14.21

DEGREE DAYS
 HEATING
  TODAY            0                         2     -2        0
  MONTH TO DATE  114                       113      1      161
  SINCE MAR 1    817                      1041   -224      849
  SINCE JUL 1   3803                      4831  -1028     4052

 COOLING
  TODAY            3                         4     -1        7
  MONTH TO DATE   65                        71     -6       50
  SINCE MAR 1    100                        97      3       64
  SINCE JAN 1    101                        97      4       64
..................................................................


WIND (MPH)
  HIGHEST WIND SPEED    21   HIGHEST WIND DIRECTION     W (260)
  HIGHEST GUST SPEED    27   HIGHEST GUST DIRECTION     W (270)


SKY COVER
  AVERAGE SKY COVER 0.0


WEATHER CONDITIONS
 THE FOLLOWING WEATHER WAS RECORDED TODAY.
  NO SIGNIFICANT WEATHER WAS OBSERVED.


RELATIVE HUMIDITY (PERCENT)
 HIGHEST    93           100 AM
 LOWEST     42           200 PM
 AVERAGE    68

..........................................................


THE VICHY-ROLLA MO CLIMATE NORMALS FOR TOMORROW
                         NORMAL    RECORD    YEAR
 MAXIMUM TEMPERATURE (F)   78        91      1953
 MINIMUM TEMPERATURE (F)   57        46      1901


SUNRISE AND SUNSET
MAY 29 2017...........SUNRISE   547 AM CDT   SUNSET   822 PM CDT
MAY 30 2017...........SUNRISE   547 AM CDT   SUNSET   823 PM CDT


-  INDICATES NEGATIVE NUMBERS.
R  INDICATES RECORD WAS SET OR TIED.
MM INDICATES DATA IS MISSING.
T  INDICATES TRACE AMOUNT.




$$
