000
CDUS43 KSGF 110646
CLIVIH


CLIMATE REPORT
NATIONAL WEATHER SERVICE SPRINGFIELD MO
145 AM CDT THU MAY 11 2017


...................................

...THE VICHY-ROLLA MO CLIMATE SUMMARY FOR MAY 10 2017...

CLIMATE NORMAL PERIOD 1981 TO 2010
CLIMATE RECORD PERIOD 1888 TO 2017


WEATHER ITEM   OBSERVED TIME   RECORD YEAR NORMAL DEPARTURE LAST
                VALUE   (LST)  VALUE       VALUE  FROM      YEAR
                                                  NORMAL
..................................................................
TEMPERATURE (F)
 YESTERDAY
  MAXIMUM         81    340 PM  89    1962  73      8       79
  MINIMUM         61    203 AM  31    1966  52      9       56
  AVERAGE         71                        62      9       68

PRECIPITATION (IN)
  YESTERDAY        0.04          2.43 1899   0.16  -0.12     0.14
  MONTH TO DATE    3.19                      1.63   1.56     0.31
  SINCE MAR 1     17.42                      9.30   8.12     7.25
  SINCE JAN 1     19.48                     13.40   6.08     9.37

DEGREE DAYS
 HEATING
  YESTERDAY        0                         5     -5        0
  MONTH TO DATE   74                        54     20       58
  SINCE MAR 1    777                       982   -205      746
  SINCE JUL 1   3763                      4772  -1009     3949

 COOLING
  YESTERDAY        6                         2      4        3
  MONTH TO DATE   14                        14      0        6
  SINCE MAR 1     49                        40      9       20
  SINCE JAN 1     50                        40     10       20
..................................................................


WIND (MPH)
  HIGHEST WIND SPEED    18   HIGHEST WIND DIRECTION     S (180)
  HIGHEST GUST SPEED    22   HIGHEST GUST DIRECTION    SW (210)
  AVERAGE WIND SPEED     9.7


SKY COVER
  AVERAGE SKY COVER 0.6


WEATHER CONDITIONS
 THE FOLLOWING WEATHER WAS RECORDED YESTERDAY.
  THUNDERSTORM
  LIGHT RAIN
  FOG


RELATIVE HUMIDITY (PERCENT)
 HIGHEST   100          1100 PM
 LOWEST     62          1200 PM
 AVERAGE    81

..........................................................


THE VICHY-ROLLA MO CLIMATE NORMALS FOR TODAY
                         NORMAL    RECORD    YEAR
 MAXIMUM TEMPERATURE (F)   73        90      2005
 MINIMUM TEMPERATURE (F)   52        36      1962


SUNRISE AND SUNSET
MAY 11 2017...........SUNRISE   600 AM CDT   SUNSET   808 PM CDT
MAY 12 2017...........SUNRISE   559 AM CDT   SUNSET   809 PM CDT


-  INDICATES NEGATIVE NUMBERS.
R  INDICATES RECORD WAS SET OR TIED.
MM INDICATES DATA IS MISSING.
T  INDICATES TRACE AMOUNT.




$$
