000
CDUS43 KSGF 280629
CLIVIH


CLIMATE REPORT
NATIONAL WEATHER SERVICE SPRINGFIELD MO
128 AM CDT THU MAY 28 2015


...................................

...THE VICHY-ROLLA MO CLIMATE SUMMARY FOR MAY 27 2015...

CLIMATE NORMAL PERIOD 1981 TO 2010
CLIMATE RECORD PERIOD 1888 TO 2015


WEATHER ITEM   OBSERVED TIME   RECORD YEAR NORMAL DEPARTURE LAST
                VALUE   (LST)  VALUE       VALUE  FROM      YEAR
                                                  NORMAL
..................................................................
TEMPERATURE (F)
 YESTERDAY
  MAXIMUM         80    408 PM  95    2012  77      3       80
  MINIMUM         61    354 AM  40    1961  56      5       61
  AVERAGE         71                        67      4       71

PRECIPITATION (IN)
  YESTERDAY        0.08          1.98 1964   0.17  -0.09     0.01
  MONTH TO DATE    3.92                      4.38  -0.46     3.76
  SINCE MAR 1      9.06                     12.05  -2.99     8.12
  SINCE JAN 1     11.34                     16.15  -4.81     9.58

DEGREE DAYS
 HEATING
  YESTERDAY        0                         2     -2        0
  MONTH TO DATE   80                       109    -29      126
  SINCE MAR 1    918                      1037   -119     1172
  SINCE JUL 1   5035                      4827    208     5478

 COOLING
  YESTERDAY        6                         4      2        6
  MONTH TO DATE   81                        63     18      104
  SINCE MAR 1     94                        89      5      116
  SINCE JAN 1     94                        89      5      116
..................................................................


WIND (MPH)
  HIGHEST WIND SPEED    23   HIGHEST WIND DIRECTION    SW (240)
  HIGHEST GUST SPEED    32   HIGHEST GUST DIRECTION    SW (230)
  AVERAGE WIND SPEED     6.9


SKY COVER
  AVERAGE SKY COVER 0.2


WEATHER CONDITIONS
 THE FOLLOWING WEATHER WAS RECORDED YESTERDAY.
  THUNDERSTORM
  RAIN
  LIGHT RAIN
  FOG


RELATIVE HUMIDITY (PERCENT)
 HIGHEST    93           200 AM
 LOWEST     48           400 PM
 AVERAGE    71

..........................................................


THE VICHY-ROLLA MO CLIMATE NORMALS FOR TODAY
                         NORMAL    RECORD    YEAR
 MAXIMUM TEMPERATURE (F)   78        92      2012
 MINIMUM TEMPERATURE (F)   57        41      1902


SUNRISE AND SUNSET
MAY 28 2015...........SUNRISE   548 AM CDT   SUNSET   821 PM CDT
MAY 29 2015...........SUNRISE   547 AM CDT   SUNSET   822 PM CDT


-  INDICATES NEGATIVE NUMBERS.
R  INDICATES RECORD WAS SET OR TIED.
MM INDICATES DATA IS MISSING.
T  INDICATES TRACE AMOUNT.




$$
