955
CDUS43 KSGF 172357
CLIVIH


CLIMATE REPORT
NATIONAL WEATHER SERVICE SPRINGFIELD MO
557 PM CST WED JAN 17 2018


...................................

...THE VICHY-ROLLA MO CLIMATE SUMMARY FOR JANUARY 17 2018...
VALID TODAY AS OF 0500 PM LOCAL TIME.

CLIMATE NORMAL PERIOD 1981 TO 2010
CLIMATE RECORD PERIOD 1888 TO 2018


WEATHER ITEM   OBSERVED TIME   RECORD YEAR NORMAL DEPARTURE LAST
                VALUE   (LST)  VALUE       VALUE  FROM      YEAR
                                                  NORMAL
..................................................................
TEMPERATURE (F)
 TODAY
  MAXIMUM         22    424 PM  70    1952  41    -19       44
  MINIMUM         -4    712 AM -13    1977  21    -25       37
  AVERAGE          9                        31    -22       41

PRECIPITATION (IN)
  TODAY            0.00          1.30 1900   0.08  -0.08      T
  MONTH TO DATE    0.79                      1.29  -0.50     0.91
  SINCE DEC 1      1.43                      3.93  -2.50     1.77
  SINCE JAN 1      0.79                      1.29  -0.50     0.91

DEGREE DAYS
 COOLING
  TODAY            0                         0      0        0
  MONTH TO DATE    0                         0      0        0
  SINCE DEC 1      0                         0      0        0
  SINCE JAN 1      0                         0      0        0
..................................................................


WIND (MPH)
  HIGHEST WIND SPEED    13   HIGHEST WIND DIRECTION    SW (240)
  HIGHEST GUST SPEED    16   HIGHEST GUST DIRECTION    SW (240)


SKY COVER
  AVERAGE SKY COVER 0.1


WEATHER CONDITIONS
 THE FOLLOWING WEATHER WAS RECORDED TODAY.
  FOG


RELATIVE HUMIDITY (PERCENT)
 HIGHEST    91           400 AM
 LOWEST     57           300 PM
 AVERAGE    74

..........................................................


THE VICHY-ROLLA MO CLIMATE NORMALS FOR TOMORROW
                         NORMAL    RECORD    YEAR
 MAXIMUM TEMPERATURE (F)   41        70      1951
 MINIMUM TEMPERATURE (F)   21        -5      1994


SUNRISE AND SUNSET
JANUARY 17 2018.......SUNRISE   721 AM CST   SUNSET   513 PM CST
JANUARY 18 2018.......SUNRISE   721 AM CST   SUNSET   514 PM CST


-  INDICATES NEGATIVE NUMBERS.
R  INDICATES RECORD WAS SET OR TIED.
MM INDICATES DATA IS MISSING.
T  INDICATES TRACE AMOUNT.




$$
