000
CDUS43 KSGF 150629
CLIVIH


CLIMATE REPORT
NATIONAL WEATHER SERVICE SPRINGFIELD MO
129 AM CDT FRI AUG 15 2014


...................................

...THE VICHY-ROLLA MO CLIMATE SUMMARY FOR AUGUST 14 2014...

CLIMATE NORMAL PERIOD 1981 TO 2010
CLIMATE RECORD PERIOD 1888 TO 2014


WEATHER ITEM   OBSERVED TIME   RECORD YEAR NORMAL DEPARTURE LAST
                VALUE   (LST)  VALUE       VALUE  FROM      YEAR
                                                  NORMAL
..................................................................
TEMPERATURE (F)
 YESTERDAY
  MAXIMUM         85    401 PM 104    2007  88     -3       74
  MINIMUM         57    548 AM  48    2004  66     -9       56
  AVERAGE         71                        77     -6       65

PRECIPITATION (IN)
  YESTERDAY        0.00          2.33 1946   0.11  -0.11     0.00
  MONTH TO DATE    2.06                      1.63   0.43     4.29
  SINCE JUN 1      5.48                     10.70  -5.22    11.68
  SINCE JAN 1     15.10                     27.51 -12.41    32.98

DEGREE DAYS
 HEATING
  YESTERDAY        0                         0      0        0
  MONTH TO DATE    0                         0      0        0
  SINCE JUN 1      4                        15    -11       19
  SINCE JUL 1      3                         1      2        2

 COOLING
  YESTERDAY        6                        12     -6        0
  MONTH TO DATE  135                       175    -40      113
  SINCE JUN 1    634                       792   -158      612
  SINCE JAN 1    781                       899   -118      719
..................................................................


WIND (MPH)
  HIGHEST WIND SPEED    10   HIGHEST WIND DIRECTION    SE (120)
  HIGHEST GUST SPEED    13   HIGHEST GUST DIRECTION    SE (130)
  AVERAGE WIND SPEED     4.0


SKY COVER
  AVERAGE SKY COVER 0.1


WEATHER CONDITIONS
 THE FOLLOWING WEATHER WAS RECORDED YESTERDAY.
  NO SIGNIFICANT WEATHER WAS OBSERVED.


RELATIVE HUMIDITY (PERCENT)
 HIGHEST    86           600 AM
 LOWEST     37           400 PM
 AVERAGE    62

..........................................................


THE VICHY-ROLLA MO CLIMATE NORMALS FOR TODAY
                         NORMAL    RECORD    YEAR
 MAXIMUM TEMPERATURE (F)   88       107      2007
 MINIMUM TEMPERATURE (F)   65        46      2004


SUNRISE AND SUNSET
AUGUST 15 2014........SUNRISE   622 AM CDT   SUNSET   800 PM CDT
AUGUST 16 2014........SUNRISE   623 AM CDT   SUNSET   759 PM CDT


-  INDICATES NEGATIVE NUMBERS.
R  INDICATES RECORD WAS SET OR TIED.
MM INDICATES DATA IS MISSING.
T  INDICATES TRACE AMOUNT.




$$
