000
CDUS43 KSGF 240635
CLIVIH


CLIMATE REPORT
NATIONAL WEATHER SERVICE SPRINGFIELD MO
126 AM CDT WED JUN 24 2015


...................................

...THE VICHY-ROLLA MO CLIMATE SUMMARY FOR JUNE 23 2015...

CLIMATE NORMAL PERIOD 1981 TO 2010
CLIMATE RECORD PERIOD 1888 TO 2015


WEATHER ITEM   OBSERVED TIME   RECORD YEAR NORMAL DEPARTURE LAST
                VALUE   (LST)  VALUE       VALUE  FROM      YEAR
                                                  NORMAL
..................................................................
TEMPERATURE (F)
 YESTERDAY
  MAXIMUM         81    348 PM  98    1901  85     -4       82
  MINIMUM         67   1159 PM  47    1902  64      3       68
  AVERAGE         74                        74      0       75

PRECIPITATION (IN)
  YESTERDAY        0.17          1.55 1897   0.15   0.02     0.13
  MONTH TO DATE    6.01                      3.67   2.34     3.24
  SINCE JUN 1      6.01                      3.67   2.34     3.24
  SINCE JAN 1     20.03                     20.48  -0.45    12.86

DEGREE DAYS
 HEATING
  YESTERDAY        0                         0      0        0
  MONTH TO DATE   15                        12      3        1
  SINCE JUN 1     15                        12      3        1
  SINCE JUL 1   5058                      4846    212     5479

 COOLING
  YESTERDAY        9                        10     -1       10
  MONTH TO DATE  209                       162     47      178
  SINCE JUN 1    209                       162     47      178
  SINCE JAN 1    316                       269     47      325
..................................................................


WIND (MPH)
  HIGHEST WIND SPEED    24   HIGHEST WIND DIRECTION    NW (300)
  HIGHEST GUST SPEED    31   HIGHEST GUST DIRECTION    NW (310)
  AVERAGE WIND SPEED     7.0


SKY COVER
  AVERAGE SKY COVER 0.7


WEATHER CONDITIONS
 THE FOLLOWING WEATHER WAS RECORDED YESTERDAY.
  THUNDERSTORM
  HEAVY RAIN
  LIGHT RAIN
  FOG
  FOG W/VISIBILITY <= 1/4 MILE


RELATIVE HUMIDITY (PERCENT)
 HIGHEST   100           800 PM
 LOWEST     69          1200 PM
 AVERAGE    85

..........................................................


THE VICHY-ROLLA MO CLIMATE NORMALS FOR TODAY
                         NORMAL    RECORD    YEAR
 MAXIMUM TEMPERATURE (F)   85        99      1901
 MINIMUM TEMPERATURE (F)   64        50      1974


SUNRISE AND SUNSET
JUNE 24 2015..........SUNRISE   545 AM CDT   SUNSET   834 PM CDT
JUNE 25 2015..........SUNRISE   545 AM CDT   SUNSET   834 PM CDT


-  INDICATES NEGATIVE NUMBERS.
R  INDICATES RECORD WAS SET OR TIED.
MM INDICATES DATA IS MISSING.
T  INDICATES TRACE AMOUNT.




$$
