000
CDUS43 KSGF 200627
CLIVIH


CLIMATE REPORT
NATIONAL WEATHER SERVICE SPRINGFIELD MO
1227 AM CST MON FEB 20 2017


...................................

...THE VICHY-ROLLA MO CLIMATE SUMMARY FOR FEBRUARY 19 2017...

CLIMATE NORMAL PERIOD 1981 TO 2010
CLIMATE RECORD PERIOD 1888 TO 2017


WEATHER ITEM   OBSERVED TIME   RECORD YEAR NORMAL DEPARTURE LAST
                VALUE   (LST)  VALUE       VALUE  FROM      YEAR
                                                  NORMAL
..................................................................
TEMPERATURE (F)
 YESTERDAY
  MAXIMUM         76R   303 PM  70    2016  47     29       70
                                      2004
                                      1952
  MINIMUM         41    552 AM  -6    1903  27     14       45
  AVERAGE         59                        37     22       58

PRECIPITATION (IN)
  YESTERDAY        0.00          1.93 1955   0.07  -0.07     0.00
  MONTH TO DATE    T                         1.25  -1.25     0.81
  SINCE DEC 1      2.46                      6.06  -3.60    11.87
  SINCE JAN 1      1.60                      3.42  -1.82     1.55

DEGREE DAYS
 HEATING
  YESTERDAY        6                        28    -22        7
  MONTH TO DATE  411                       582   -171      564
  SINCE DEC 1   2243                      2603   -360     2278
  SINCE JUL 1   2871                      3550   -679     2999

 COOLING
  YESTERDAY        0                         0      0        0
  MONTH TO DATE    0                         0      0        0
  SINCE DEC 1      0                         0      0        0
  SINCE JAN 1      0                         0      0        0
..................................................................


WIND (MPH)
  HIGHEST WIND SPEED    17   HIGHEST WIND DIRECTION     S (180)
  HIGHEST GUST SPEED    24   HIGHEST GUST DIRECTION     S (170)
  AVERAGE WIND SPEED     9.0


SKY COVER
  AVERAGE SKY COVER 0.3


WEATHER CONDITIONS
 THE FOLLOWING WEATHER WAS RECORDED YESTERDAY.
  FOG
  FOG W/VISIBILITY <= 1/4 MILE


RELATIVE HUMIDITY (PERCENT)
 HIGHEST   100           200 AM
 LOWEST     36           200 PM
 AVERAGE    68

..........................................................


THE VICHY-ROLLA MO CLIMATE NORMALS FOR TODAY
                         NORMAL    RECORD    YEAR
 MAXIMUM TEMPERATURE (F)   47        75      2016
 MINIMUM TEMPERATURE (F)   27         6      1903


SUNRISE AND SUNSET
FEBRUARY 20 2017......SUNRISE   651 AM CST   SUNSET   551 PM CST
FEBRUARY 21 2017......SUNRISE   649 AM CST   SUNSET   552 PM CST


-  INDICATES NEGATIVE NUMBERS.
R  INDICATES RECORD WAS SET OR TIED.
MM INDICATES DATA IS MISSING.
T  INDICATES TRACE AMOUNT.




$$
