000
CDUS43 KSGF 180812
CLIVIH


CLIMATE REPORT
NATIONAL WEATHER SERVICE SPRINGFIELD MO
312 AM CDT SAT MAR 18 2017


...................................

...THE VICHY-ROLLA MO CLIMATE SUMMARY FOR MARCH 17 2017...

CLIMATE NORMAL PERIOD 1981 TO 2010
CLIMATE RECORD PERIOD 1888 TO 2017


WEATHER ITEM   OBSERVED TIME   RECORD YEAR NORMAL DEPARTURE LAST
                VALUE   (LST)  VALUE       VALUE  FROM      YEAR
                                                  NORMAL
..................................................................
TEMPERATURE (F)
 YESTERDAY
  MAXIMUM         70    444 PM  79    2011  57     13       62
                                      1903
  MINIMUM         42   1239 AM   8    1900  35      7       37
  AVERAGE         56                        46     10       50

PRECIPITATION (IN)
  YESTERDAY        0.00          1.97 2012   0.12  -0.12     0.00
  MONTH TO DATE    0.91                      1.63  -0.72     1.36
  SINCE MAR 1      0.91                      1.63  -0.72     1.36
  SINCE JAN 1      2.97                      5.73  -2.76     3.48

DEGREE DAYS
 HEATING
  YESTERDAY        9                        19    -10       15
  MONTH TO DATE  364                       377    -13      222
  SINCE MAR 1    364                       377    -13      222
  SINCE JUL 1   3350                      4167   -817     3425

 COOLING
  YESTERDAY        0                         0      0        0
  MONTH TO DATE    0                         0      0        0
  SINCE MAR 1      0                         0      0        0
  SINCE JAN 1      1                         0      1        0
..................................................................


WIND (MPH)
  HIGHEST WIND SPEED    23   HIGHEST WIND DIRECTION     S (180)
  HIGHEST GUST SPEED    28   HIGHEST GUST DIRECTION     S (190)
  AVERAGE WIND SPEED    12.2


SKY COVER
  AVERAGE SKY COVER 0.7


WEATHER CONDITIONS
 THE FOLLOWING WEATHER WAS RECORDED YESTERDAY.
  HAZE


RELATIVE HUMIDITY (PERCENT)
 HIGHEST    83          1000 AM
 LOWEST     43          1100 PM
 AVERAGE    63

..........................................................


THE VICHY-ROLLA MO CLIMATE NORMALS FOR TODAY
                         NORMAL    RECORD    YEAR
 MAXIMUM TEMPERATURE (F)   57        78      2012
 MINIMUM TEMPERATURE (F)   35        10      1902


SUNRISE AND SUNSET
MARCH 18 2017.........SUNRISE   713 AM CDT   SUNSET   717 PM CDT
MARCH 19 2017.........SUNRISE   712 AM CDT   SUNSET   718 PM CDT


-  INDICATES NEGATIVE NUMBERS.
R  INDICATES RECORD WAS SET OR TIED.
MM INDICATES DATA IS MISSING.
T  INDICATES TRACE AMOUNT.




$$
