000
CDUS43 KSGF 210637
CLIVIH


CLIMATE REPORT
NATIONAL WEATHER SERVICE SPRINGFIELD MO
136 AM CDT WED JUN 21 2017


...................................

...THE VICHY-ROLLA MO CLIMATE SUMMARY FOR JUNE 20 2017...

CLIMATE NORMAL PERIOD 1981 TO 2010
CLIMATE RECORD PERIOD 1888 TO 2017


WEATHER ITEM   OBSERVED TIME   RECORD YEAR NORMAL DEPARTURE LAST
                VALUE   (LST)  VALUE       VALUE  FROM      YEAR
                                                  NORMAL
..................................................................
TEMPERATURE (F)
 YESTERDAY
  MAXIMUM         87    321 PM 100    1953  84      3       93
  MINIMUM         60    441 AM  51    2003  64     -4       71
  AVERAGE         74                        74      0       82

PRECIPITATION (IN)
  YESTERDAY        0.00          1.80 1902   0.15  -0.15      T
  MONTH TO DATE    2.75                      3.22  -0.47     0.81
  SINCE JUN 1      2.75                      3.22  -0.47     0.81
  SINCE JAN 1     25.19                     20.03   5.16    15.05

DEGREE DAYS
 HEATING
  YESTERDAY        0                         0      0        0
  MONTH TO DATE    1                        12    -11        0
  SINCE JUN 1      1                        12    -11        0
  SINCE JUL 1   3804                      4846  -1042     4052

 COOLING
  YESTERDAY        9                         9      0       17
  MONTH TO DATE  161                       134     27      205
  SINCE JUN 1    161                       134     27      205
  SINCE JAN 1    265                       241     24      283
..................................................................


WIND (MPH)
  HIGHEST WIND SPEED    14   HIGHEST WIND DIRECTION    SW (210)
  HIGHEST GUST SPEED    19   HIGHEST GUST DIRECTION     W (250)
  AVERAGE WIND SPEED     8.2


SKY COVER
  AVERAGE SKY COVER 0.0


WEATHER CONDITIONS
 THE FOLLOWING WEATHER WAS RECORDED YESTERDAY.
  NO SIGNIFICANT WEATHER WAS OBSERVED.


RELATIVE HUMIDITY (PERCENT)
 HIGHEST   100           100 AM
 LOWEST     45           200 PM
 AVERAGE    73

..........................................................


THE VICHY-ROLLA MO CLIMATE NORMALS FOR TODAY
                         NORMAL    RECORD    YEAR
 MAXIMUM TEMPERATURE (F)   84        96      1952
 MINIMUM TEMPERATURE (F)   64        48      1992


SUNRISE AND SUNSET
JUNE 21 2017..........SUNRISE   544 AM CDT   SUNSET   833 PM CDT
JUNE 22 2017..........SUNRISE   545 AM CDT   SUNSET   834 PM CDT


-  INDICATES NEGATIVE NUMBERS.
R  INDICATES RECORD WAS SET OR TIED.
MM INDICATES DATA IS MISSING.
T  INDICATES TRACE AMOUNT.




$$
