000
CDUS43 KSGF 250645
CLIVIH


CLIMATE REPORT
NATIONAL WEATHER SERVICE SPRINGFIELD MO
1245 AM CST FRI NOV 25 2016


...................................

...THE VICHY-ROLLA MO CLIMATE SUMMARY FOR NOVEMBER 24 2016...

CLIMATE NORMAL PERIOD 1981 TO 2010
CLIMATE RECORD PERIOD 1888 TO 2016


WEATHER ITEM   OBSERVED TIME   RECORD YEAR NORMAL DEPARTURE LAST
                VALUE   (LST)  VALUE       VALUE  FROM      YEAR
                                                  NORMAL
..................................................................
TEMPERATURE (F)
 YESTERDAY
  MAXIMUM         48    350 PM  71    1966  51     -3       63
  MINIMUM         34    937 PM   4    1950  32      2       37
  AVERAGE         41                        41      0       50

PRECIPITATION (IN)
  YESTERDAY        0.00          2.64 2010   0.14  -0.14     0.00
  MONTH TO DATE    0.35                      3.10  -2.75     7.94
  SINCE SEP 1      7.55                     10.65  -3.10    10.60
  SINCE JAN 1     39.89                     40.20  -0.31    39.86

DEGREE DAYS
 HEATING
  YESTERDAY       24                        24      0       15
  MONTH TO DATE  327                       445   -118      356
  SINCE SEP 1    480                       792   -312      606
  SINCE JUL 1    480                       795   -315      608

 COOLING
  YESTERDAY        0                         0      0        0
  MONTH TO DATE   20                         0     20        0
  SINCE SEP 1    293                       166    127      265
  SINCE JAN 1   1482                      1243    239     1280
..................................................................


WIND (MPH)
  HIGHEST WIND SPEED    14   HIGHEST WIND DIRECTION     W (280)
  HIGHEST GUST SPEED    18   HIGHEST GUST DIRECTION    SE (120)
  AVERAGE WIND SPEED     5.6


SKY COVER
  AVERAGE SKY COVER 0.6


WEATHER CONDITIONS
 THE FOLLOWING WEATHER WAS RECORDED YESTERDAY.
  FOG


RELATIVE HUMIDITY (PERCENT)
 HIGHEST   100           900 PM
 LOWEST     61           300 PM
 AVERAGE    81

..........................................................


THE VICHY-ROLLA MO CLIMATE NORMALS FOR TODAY
                         NORMAL    RECORD    YEAR
 MAXIMUM TEMPERATURE (F)   51        76      1990
 MINIMUM TEMPERATURE (F)   31         4      1950


SUNRISE AND SUNSET
NOVEMBER 25 2016......SUNRISE   659 AM CST   SUNSET   449 PM CST
NOVEMBER 26 2016......SUNRISE   700 AM CST   SUNSET   449 PM CST


-  INDICATES NEGATIVE NUMBERS.
R  INDICATES RECORD WAS SET OR TIED.
MM INDICATES DATA IS MISSING.
T  INDICATES TRACE AMOUNT.




$$
