000
CDUS43 KSGF 030638
CLIVIH


CLIMATE REPORT
NATIONAL WEATHER SERVICE SPRINGFIELD MO
137 AM CDT THU JUL 3 2014


...................................

...THE VICHY-ROLLA MO CLIMATE SUMMARY FOR JULY 2 2014...

CLIMATE NORMAL PERIOD 1981 TO 2010
CLIMATE RECORD PERIOD 1888 TO 2014


WEATHER ITEM   OBSERVED TIME   RECORD YEAR NORMAL DEPARTURE LAST
                VALUE   (LST)  VALUE       VALUE  FROM      YEAR
                                                  NORMAL
..................................................................
TEMPERATURE (F)
 YESTERDAY
  MAXIMUM         76    100 PM 102    2012  87    -11       76
  MINIMUM         MM        MM  51    1959  66     MM       54
  AVERAGE         MM                        76     MM       65

PRECIPITATION (IN)
  YESTERDAY        0.00          3.45 2012   0.14  -0.14     0.00
  MONTH TO DATE    0.03                      0.28  -0.25     0.01
  SINCE JUN 1      3.34                      4.91  -1.57     3.80
  SINCE JAN 1     12.96                     21.72  -8.76    25.10

DEGREE DAYS
 HEATING
  YESTERDAY       MM                         0     MM        0
  MONTH TO DATE    0                         0      0        0
  SINCE JUN 1      1                        14    -13       17
  SINCE JUL 1      0                         0      0        0

 COOLING
  YESTERDAY       MM                        11     MM        0
  MONTH TO DATE   10                        22    -12        4
  SINCE JUN 1    268                       257     11      221
  SINCE JAN 1    415                       364     51      328
..................................................................


WIND (MPH)
  HIGHEST WIND SPEED    MM   HIGHEST WIND DIRECTION    MM
  HIGHEST GUST SPEED    MM   HIGHEST GUST DIRECTION    MM
  AVERAGE WIND SPEED    MM


SKY COVER
  AVERAGE SKY COVER 0.4


WEATHER CONDITIONS
 THE FOLLOWING WEATHER WAS RECORDED YESTERDAY.
  NO SIGNIFICANT WEATHER WAS OBSERVED.


RELATIVE HUMIDITY (PERCENT)
 HIGHEST    87           100 AM
 LOWEST     46           300 PM
 AVERAGE    67

..........................................................


THE VICHY-ROLLA MO CLIMATE NORMALS FOR TODAY
                         NORMAL    RECORD    YEAR
 MAXIMUM TEMPERATURE (F)   87       104      1901
 MINIMUM TEMPERATURE (F)   66        54      2013


SUNRISE AND SUNSET
JULY  3 2014..........SUNRISE   549 AM CDT   SUNSET   834 PM CDT
JULY  4 2014..........SUNRISE   549 AM CDT   SUNSET   834 PM CDT


-  INDICATES NEGATIVE NUMBERS.
R  INDICATES RECORD WAS SET OR TIED.
MM INDICATES DATA IS MISSING.
T  INDICATES TRACE AMOUNT.




$$
