000
CDUS43 KSGF 120632
CLIVIH


CLIMATE REPORT
NATIONAL WEATHER SERVICE SPRINGFIELD MO
132 AM CDT THU MAY 12 2016


...................................

...THE VICHY-ROLLA MO CLIMATE SUMMARY FOR MAY 11 2016...

CLIMATE NORMAL PERIOD 1981 TO 2010
CLIMATE RECORD PERIOD 1888 TO 2016


WEATHER ITEM   OBSERVED TIME   RECORD YEAR NORMAL DEPARTURE LAST
                VALUE   (LST)  VALUE       VALUE  FROM      YEAR
                                                  NORMAL
..................................................................
TEMPERATURE (F)
 YESTERDAY
  MAXIMUM         85    230 PM  90    2005  73     12       68
  MINIMUM         61    158 AM  36    1962  52      9       46
  AVERAGE         73                        62     11       57

PRECIPITATION (IN)
  YESTERDAY        0.02          1.29 1979   0.16  -0.14     0.26
  MONTH TO DATE    0.33                      1.79  -1.46     2.51
  SINCE MAR 1      7.27                      9.46  -2.19     7.65
  SINCE JAN 1      9.39                     13.56  -4.17     9.93

DEGREE DAYS
 HEATING
  YESTERDAY        0                         5     -5        8
  MONTH TO DATE   58                        59     -1       20
  SINCE MAR 1    746                       987   -241      858
  SINCE JUL 1   3949                      4777   -828     4975

 COOLING
  YESTERDAY        8                         2      6        0
  MONTH TO DATE   14                        16     -2       38
  SINCE MAR 1     28                        42    -14       51
  SINCE JAN 1     28                        42    -14       51
..................................................................


WIND (MPH)
  HIGHEST WIND SPEED    20   HIGHEST WIND DIRECTION     S (200)
  HIGHEST GUST SPEED    24   HIGHEST GUST DIRECTION    SW (210)
  AVERAGE WIND SPEED     8.4


SKY COVER
  AVERAGE SKY COVER 0.3


WEATHER CONDITIONS
 THE FOLLOWING WEATHER WAS RECORDED YESTERDAY.
  THUNDERSTORM
  LIGHT RAIN
  FOG
  HAZE


RELATIVE HUMIDITY (PERCENT)
 HIGHEST   100           400 AM
 LOWEST     51           100 PM
 AVERAGE    76

..........................................................


THE VICHY-ROLLA MO CLIMATE NORMALS FOR TODAY
                         NORMAL    RECORD    YEAR
 MAXIMUM TEMPERATURE (F)   74        91      1956
 MINIMUM TEMPERATURE (F)   52        35      2013


SUNRISE AND SUNSET
MAY 12 2016...........SUNRISE   559 AM CDT   SUNSET   809 PM CDT
MAY 13 2016...........SUNRISE   558 AM CDT   SUNSET   810 PM CDT


-  INDICATES NEGATIVE NUMBERS.
R  INDICATES RECORD WAS SET OR TIED.
MM INDICATES DATA IS MISSING.
T  INDICATES TRACE AMOUNT.




$$
