000
CDUS43 KSGF 300627
CLIVIH


CLIMATE REPORT
NATIONAL WEATHER SERVICE SPRINGFIELD MO
1227 AM CST THU NOV 30 2017


...................................

...THE VICHY-ROLLA MO CLIMATE SUMMARY FOR NOVEMBER 29 2017...

CLIMATE NORMAL PERIOD 1981 TO 2010
CLIMATE RECORD PERIOD 1888 TO 2017


WEATHER ITEM   OBSERVED TIME   RECORD YEAR NORMAL DEPARTURE LAST
                VALUE   (LST)  VALUE       VALUE  FROM      YEAR
                                                  NORMAL
..................................................................
TEMPERATURE (F)
 YESTERDAY
  MAXIMUM         62    336 PM  71    2006  49     13       61
  MINIMUM         48   1154 PM   6    1976  29     19       31
  AVERAGE         55                        39     16       46

PRECIPITATION (IN)
  YESTERDAY        T             0.79 2001   0.12  -0.12      T
  MONTH TO DATE    0.27                      3.75  -3.48     0.52
  SINCE SEP 1      3.35                     11.30  -7.95     7.72
  SINCE JAN 1     41.95                     40.85   1.10    40.06

DEGREE DAYS
 HEATING
  YESTERDAY       10                        26    -16       19
  MONTH TO DATE  479                       571    -92      445
  SINCE SEP 1    730                       918   -188      598
  SINCE JUL 1    731                       921   -190      598

 COOLING
  YESTERDAY        0                         0      0        0
  MONTH TO DATE    0                         0      0       20
  SINCE SEP 1    277                       166    111      293
  SINCE JAN 1   1247                      1243      4     1482
..................................................................


WIND (MPH)
  HIGHEST WIND SPEED    16   HIGHEST WIND DIRECTION    NE (50)
  HIGHEST GUST SPEED    21   HIGHEST GUST DIRECTION     E (100)
  AVERAGE WIND SPEED     9.8


SKY COVER
  AVERAGE SKY COVER 0.6


WEATHER CONDITIONS
 THE FOLLOWING WEATHER WAS RECORDED YESTERDAY.
  LIGHT RAIN


RELATIVE HUMIDITY (PERCENT)
 HIGHEST    66          1200 AM
 LOWEST     32           500 AM
 AVERAGE    49

..........................................................


THE VICHY-ROLLA MO CLIMATE NORMALS FOR TODAY
                         NORMAL    RECORD    YEAR
 MAXIMUM TEMPERATURE (F)   48        71      1973
 MINIMUM TEMPERATURE (F)   29         5      1964


SUNRISE AND SUNSET
NOVEMBER 30 2017......SUNRISE   704 AM CST   SUNSET   448 PM CST
DECEMBER  1 2017......SUNRISE   705 AM CST   SUNSET   447 PM CST


-  INDICATES NEGATIVE NUMBERS.
R  INDICATES RECORD WAS SET OR TIED.
MM INDICATES DATA IS MISSING.
T  INDICATES TRACE AMOUNT.




$$
