000
CDUS43 KSGF 212126
CLIVIH


CLIMATE REPORT
NATIONAL WEATHER SERVICE SPRINGFIELD MO
426 PM CDT THU APR 21 2016


...................................

...THE VICHY-ROLLA MO CLIMATE SUMMARY FOR APRIL 21 2016...
VALID AS OF 0400 PM LOCAL TIME.

CLIMATE NORMAL PERIOD 1981 TO 2010
CLIMATE RECORD PERIOD 1888 TO 2016


WEATHER ITEM   OBSERVED TIME   RECORD YEAR NORMAL DEPARTURE LAST
                VALUE   (LST)  VALUE       VALUE  FROM      YEAR
                                                  NORMAL
..................................................................
TEMPERATURE (F)
 TODAY
  MAXIMUM         70   1253 PM  90    1963  68      2       66
  MINIMUM         47    438 AM  30    1901  46      1       39
  AVERAGE         59                        57      2       53

PRECIPITATION (IN)
  TODAY            0.00          1.43 1951   0.15  -0.15      T
  MONTH TO DATE    2.03                      2.85  -0.82     2.06
  SINCE MAR 1      4.89                      6.30  -1.41     5.08
  SINCE JAN 1      7.01                     10.40  -3.39     7.36

DEGREE DAYS
 HEATING
  TODAY            6                         9     -3       12
  MONTH TO DATE  219                       246    -27      133
  SINCE MAR 1    665                       860   -195      745
  SINCE JUL 1   3868                      4650   -782     4862

 COOLING
  TODAY            0                         1     -1        0
  MONTH TO DATE    2                        15    -13       13
  SINCE MAR 1      2                        19    -17       13
  SINCE JAN 1      2                        19    -17       13
..................................................................


WIND (MPH)
  HIGHEST WIND SPEED    22   HIGHEST WIND DIRECTION     W (270)
  HIGHEST GUST SPEED    28   HIGHEST GUST DIRECTION    SW (220)


SKY COVER
  AVERAGE SKY COVER 0.5


WEATHER CONDITIONS
 THE FOLLOWING WEATHER WAS RECORDED TODAY.
  FOG
  FOG W/VISIBILITY <= 1/4 MILE


RELATIVE HUMIDITY (PERCENT)
 HIGHEST   100          1200 AM
 LOWEST     47           100 PM
 AVERAGE    74

..........................................................


THE VICHY-ROLLA MO CLIMATE NORMALS FOR TOMORROW
                         NORMAL    RECORD    YEAR
 MAXIMUM TEMPERATURE (F)   69        93      1965
 MINIMUM TEMPERATURE (F)   46        33      2000


SUNRISE AND SUNSET
APRIL 21 2016.........SUNRISE   623 AM CDT   SUNSET   749 PM CDT
APRIL 22 2016.........SUNRISE   621 AM CDT   SUNSET   750 PM CDT


-  INDICATES NEGATIVE NUMBERS.
R  INDICATES RECORD WAS SET OR TIED.
MM INDICATES DATA IS MISSING.
T  INDICATES TRACE AMOUNT.




$$
