874
CDUS43 KSGF 082126
CLIVIH


CLIMATE REPORT
NATIONAL WEATHER SERVICE SPRINGFIELD MO
426 PM CDT FRI MAY 8 2015


...................................

...THE VICHY-ROLLA MO CLIMATE SUMMARY FOR MAY 8 2015...
VALID AS OF 0400 PM LOCAL TIME.

CLIMATE NORMAL PERIOD 1981 TO 2010
CLIMATE RECORD PERIOD 1888 TO 2015


WEATHER ITEM   OBSERVED TIME   RECORD YEAR NORMAL DEPARTURE LAST
                VALUE   (LST)  VALUE       VALUE  FROM      YEAR
                                                  NORMAL
..................................................................
TEMPERATURE (F)
 TODAY
  MAXIMUM         71    217 PM  88    1979  73     -2       81
  MINIMUM         63    944 AM  38    1976  51     12       63
  AVERAGE         67                        62      5       72

PRECIPITATION (IN)
  TODAY            1.02          2.69 2009   0.16   0.86     0.44
  MONTH TO DATE    1.03                      1.31  -0.28     0.44
  SINCE MAR 1      6.17                      8.98  -2.81     4.80
  SINCE JAN 1      8.45                     13.08  -4.63     6.26

DEGREE DAYS
 HEATING
  TODAY            0                         5     -5        0
  MONTH TO DATE   12                        44    -32       37
  SINCE MAR 1    850                       972   -122     1083
  SINCE JUL 1   4967                      4762    205     5389

 COOLING
  TODAY            2                         2      0        7
  MONTH TO DATE   34                        10     24       37
  SINCE MAR 1     47                        36     11       49
  SINCE JAN 1     47                        36     11       49
..................................................................


WIND (MPH)
  HIGHEST WIND SPEED    17   HIGHEST WIND DIRECTION     W (280)
  HIGHEST GUST SPEED    20   HIGHEST GUST DIRECTION     W (270)


SKY COVER
  AVERAGE SKY COVER 0.7


WEATHER CONDITIONS
 THE FOLLOWING WEATHER WAS RECORDED TODAY.
  THUNDERSTORM
  HEAVY RAIN
  RAIN
  LIGHT RAIN
  FOG


RELATIVE HUMIDITY (PERCENT)
 HIGHEST   100           900 AM
 LOWEST     73          1200 AM
 AVERAGE    87

..........................................................


THE VICHY-ROLLA MO CLIMATE NORMALS FOR TOMORROW
                         NORMAL    RECORD    YEAR
 MAXIMUM TEMPERATURE (F)   73        91      1899
 MINIMUM TEMPERATURE (F)   51        36      1966


SUNRISE AND SUNSET
MAY  8 2015...........SUNRISE   603 AM CDT   SUNSET   804 PM CDT
MAY  9 2015...........SUNRISE   602 AM CDT   SUNSET   805 PM CDT


-  INDICATES NEGATIVE NUMBERS.
R  INDICATES RECORD WAS SET OR TIED.
MM INDICATES DATA IS MISSING.
T  INDICATES TRACE AMOUNT.




$$
