000
CDUS43 KSGF 140626
CLIVIH


CLIMATE REPORT
NATIONAL WEATHER SERVICE SPRINGFIELD MO
126 AM CDT THU AUG 14 2014


...................................

...THE VICHY-ROLLA MO CLIMATE SUMMARY FOR AUGUST 13 2014...

CLIMATE NORMAL PERIOD 1981 TO 2010
CLIMATE RECORD PERIOD 1888 TO 2014


WEATHER ITEM   OBSERVED TIME   RECORD YEAR NORMAL DEPARTURE LAST
                VALUE   (LST)  VALUE       VALUE  FROM      YEAR
                                                  NORMAL
..................................................................
TEMPERATURE (F)
 YESTERDAY
  MAXIMUM         82    418 PM  98    2010  88     -6       80
                                      1901
  MINIMUM         55    517 AM  45    2004  66    -11       63
  AVERAGE         69                        77     -8       72

PRECIPITATION (IN)
  YESTERDAY        0.00          2.06 1946   0.12  -0.12     0.00
  MONTH TO DATE    2.06                      1.52   0.54     4.29
  SINCE JUN 1      5.48                     10.59  -5.11    11.68
  SINCE JAN 1     15.10                     27.40 -12.30    32.98

DEGREE DAYS
 HEATING
  YESTERDAY        0                         0      0        0
  MONTH TO DATE    0                         0      0        0
  SINCE JUN 1      4                        15    -11       19
  SINCE JUL 1      3                         1      2        2

 COOLING
  YESTERDAY        4                        12     -8        7
  MONTH TO DATE  129                       163    -34      113
  SINCE JUN 1    628                       780   -152      612
  SINCE JAN 1    775                       887   -112      719
..................................................................


WIND (MPH)
  HIGHEST WIND SPEED    13   HIGHEST WIND DIRECTION     N (20)
  HIGHEST GUST SPEED    15   HIGHEST GUST DIRECTION     N (20)
  AVERAGE WIND SPEED     2.9


SKY COVER
  AVERAGE SKY COVER 0.2


WEATHER CONDITIONS
 THE FOLLOWING WEATHER WAS RECORDED YESTERDAY.
  NO SIGNIFICANT WEATHER WAS OBSERVED.


RELATIVE HUMIDITY (PERCENT)
 HIGHEST    93           400 AM
 LOWEST     39           100 PM
 AVERAGE    66

..........................................................


THE VICHY-ROLLA MO CLIMATE NORMALS FOR TODAY
                         NORMAL    RECORD    YEAR
 MAXIMUM TEMPERATURE (F)   88       104      2007
 MINIMUM TEMPERATURE (F)   66        48      2004


SUNRISE AND SUNSET
AUGUST 14 2014........SUNRISE   621 AM CDT   SUNSET   802 PM CDT
AUGUST 15 2014........SUNRISE   622 AM CDT   SUNSET   800 PM CDT


-  INDICATES NEGATIVE NUMBERS.
R  INDICATES RECORD WAS SET OR TIED.
MM INDICATES DATA IS MISSING.
T  INDICATES TRACE AMOUNT.




$$
