000
CDUS43 KSGF 130626
CLIVIH


CLIMATE REPORT
NATIONAL WEATHER SERVICE SPRINGFIELD MO
1225 AM CST SAT DEC 13 2014


...................................

...THE VICHY-ROLLA MO CLIMATE SUMMARY FOR DECEMBER 12 2014...

CLIMATE NORMAL PERIOD 1981 TO 2010
CLIMATE RECORD PERIOD 1888 TO 2014


WEATHER ITEM   OBSERVED TIME   RECORD YEAR NORMAL DEPARTURE LAST
                VALUE   (LST)  VALUE       VALUE  FROM      YEAR
                                                  NORMAL
..................................................................
TEMPERATURE (F)
 YESTERDAY
  MAXIMUM         50    319 PM  70    1991  44      6       39
  MINIMUM         33    745 AM -11    1962  25      8        8
  AVERAGE         42                        34      8       24

PRECIPITATION (IN)
  YESTERDAY        0.00          1.25 1902   0.09  -0.09     0.00
  MONTH TO DATE    1.27                      1.19   0.08     0.13
  SINCE DEC 1      1.27                      1.19   0.08     0.13
  SINCE JAN 1     28.55                     42.16 -13.61    39.88

DEGREE DAYS
 HEATING
  YESTERDAY       23                        31     -8       41
  MONTH TO DATE  346                       347     -1      422
  SINCE DEC 1    346                       347     -1      422
  SINCE JUL 1   1488                      1294    194     1472

 COOLING
  YESTERDAY        0                         0      0        0
  MONTH TO DATE    0                         0      0        0
  SINCE DEC 1      0                         0      0        0
  SINCE JAN 1   1186                      1246    -60     1125
..................................................................


WIND (MPH)
  HIGHEST WIND SPEED    12   HIGHEST WIND DIRECTION     S (180)
  HIGHEST GUST SPEED    14   HIGHEST GUST DIRECTION     S (190)
  AVERAGE WIND SPEED     6.5


SKY COVER
  AVERAGE SKY COVER 0.8


WEATHER CONDITIONS
 THE FOLLOWING WEATHER WAS RECORDED YESTERDAY.
  FOG


RELATIVE HUMIDITY (PERCENT)
 HIGHEST   100           800 AM
 LOWEST     71           300 PM
 AVERAGE    86

..........................................................


THE VICHY-ROLLA MO CLIMATE NORMALS FOR TODAY
                         NORMAL    RECORD    YEAR
 MAXIMUM TEMPERATURE (F)   43        76      1948
 MINIMUM TEMPERATURE (F)   25        -9      1898


SUNRISE AND SUNSET
DECEMBER 13 2014......SUNRISE   715 AM CST   SUNSET   448 PM CST
DECEMBER 14 2014......SUNRISE   716 AM CST   SUNSET   448 PM CST


-  INDICATES NEGATIVE NUMBERS.
R  INDICATES RECORD WAS SET OR TIED.
MM INDICATES DATA IS MISSING.
T  INDICATES TRACE AMOUNT.




$$
