000
CDUS43 KSGF 210626
CLIVIH


CLIMATE REPORT
NATIONAL WEATHER SERVICE SPRINGFIELD MO
126 AM CDT SUN JUN 21 2015


...................................

...THE VICHY-ROLLA MO CLIMATE SUMMARY FOR JUNE 20 2015...

CLIMATE NORMAL PERIOD 1981 TO 2010
CLIMATE RECORD PERIOD 1888 TO 2015


WEATHER ITEM   OBSERVED TIME   RECORD YEAR NORMAL DEPARTURE LAST
                VALUE   (LST)  VALUE       VALUE  FROM      YEAR
                                                  NORMAL
..................................................................
TEMPERATURE (F)
 YESTERDAY
  MAXIMUM         88    350 PM 100    1953  84      4       89
  MINIMUM         62    513 AM  51    2003  64     -2       68
  AVERAGE         75                        74      1       79

PRECIPITATION (IN)
  YESTERDAY        0.00          1.80 1902   0.15  -0.15     0.00
  MONTH TO DATE    5.84                      3.22   2.62     2.80
  SINCE JUN 1      5.84                      3.22   2.62     2.80
  SINCE JAN 1     19.86                     20.03  -0.17    12.42

DEGREE DAYS
 HEATING
  YESTERDAY        0                         0      0        0
  MONTH TO DATE   15                        12      3        1
  SINCE JUN 1     15                        12      3        1
  SINCE JUL 1   5058                      4846    212     5479

 COOLING
  YESTERDAY       10                         9      1       14
  MONTH TO DATE  171                       134     37      146
  SINCE JUN 1    171                       134     37      146
  SINCE JAN 1    278                       241     37      293
..................................................................


WIND (MPH)
  HIGHEST WIND SPEED    20   HIGHEST WIND DIRECTION     S (200)
  HIGHEST GUST SPEED    25   HIGHEST GUST DIRECTION     S (200)
  AVERAGE WIND SPEED     8.0


SKY COVER
  AVERAGE SKY COVER 0.5


WEATHER CONDITIONS
 THE FOLLOWING WEATHER WAS RECORDED YESTERDAY.
  FOG
  FOG W/VISIBILITY <= 1/4 MILE


RELATIVE HUMIDITY (PERCENT)
 HIGHEST   100          1200 AM
 LOWEST     68           200 PM
 AVERAGE    84

..........................................................


THE VICHY-ROLLA MO CLIMATE NORMALS FOR TODAY
                         NORMAL    RECORD    YEAR
 MAXIMUM TEMPERATURE (F)   84        96      1952
 MINIMUM TEMPERATURE (F)   64        48      1992


SUNRISE AND SUNSET
JUNE 21 2015..........SUNRISE   544 AM CDT   SUNSET   833 PM CDT
JUNE 22 2015..........SUNRISE   545 AM CDT   SUNSET   834 PM CDT


-  INDICATES NEGATIVE NUMBERS.
R  INDICATES RECORD WAS SET OR TIED.
MM INDICATES DATA IS MISSING.
T  INDICATES TRACE AMOUNT.




$$
