000
CDUS43 KSGF 142129
CLIVIH


CLIMATE REPORT
NATIONAL WEATHER SERVICE SPRINGFIELD MO
429 PM CDT WED SEP 14 2016


...................................

...THE VICHY-ROLLA MO CLIMATE SUMMARY FOR SEPTEMBER 14 2016...
VALID AS OF 0400 PM LOCAL TIME.

CLIMATE NORMAL PERIOD 1981 TO 2010
CLIMATE RECORD PERIOD 1888 TO 2016


WEATHER ITEM   OBSERVED TIME   RECORD YEAR NORMAL DEPARTURE LAST
                VALUE   (LST)  VALUE       VALUE  FROM      YEAR
                                                  NORMAL
..................................................................
TEMPERATURE (F)
 TODAY
  MAXIMUM         83    154 PM  99    1971  79      4       83
  MINIMUM         66    441 AM  36    1902  57      9       59
  AVERAGE         75                        68      7       71

PRECIPITATION (IN)
  TODAY            0.00          4.43 2008   0.14  -0.14     0.00
  MONTH TO DATE    1.70                      2.03  -0.33     0.49
  SINCE SEP 1      1.70                      2.03  -0.33     0.49
  SINCE JAN 1     34.04                     31.58   2.46    29.75

DEGREE DAYS
 HEATING
  TODAY            0                         1     -1        0
  MONTH TO DATE    3                         8     -5       17
  SINCE SEP 1      3                         8     -5       17
  SINCE JUL 1      3                        11     -8       19

 COOLING
  TODAY           10                         5      5        6
  MONTH TO DATE  110                        92     18      149
  SINCE SEP 1    110                        92     18      149
  SINCE JAN 1   1299                      1169    130     1164
..................................................................


WIND (MPH)
  HIGHEST WIND SPEED    12   HIGHEST WIND DIRECTION     N (350)
  HIGHEST GUST SPEED    18   HIGHEST GUST DIRECTION     E (90)


SKY COVER
  AVERAGE SKY COVER 0.3


WEATHER CONDITIONS
 THE FOLLOWING WEATHER WAS RECORDED TODAY.
  FOG
  FOG W/VISIBILITY <= 1/4 MILE


RELATIVE HUMIDITY (PERCENT)
 HIGHEST   100          1200 AM
 LOWEST     69           200 PM
 AVERAGE    85

..........................................................


THE VICHY-ROLLA MO CLIMATE NORMALS FOR TOMORROW
                         NORMAL    RECORD    YEAR
 MAXIMUM TEMPERATURE (F)   79        97      1897
 MINIMUM TEMPERATURE (F)   57        41      2011
                                             2007


SUNRISE AND SUNSET
SEPTEMBER 14 2016.....SUNRISE   648 AM CDT   SUNSET   716 PM CDT
SEPTEMBER 15 2016.....SUNRISE   649 AM CDT   SUNSET   714 PM CDT


-  INDICATES NEGATIVE NUMBERS.
R  INDICATES RECORD WAS SET OR TIED.
MM INDICATES DATA IS MISSING.
T  INDICATES TRACE AMOUNT.




$$
