000
CDUS43 KSGF 032127
CLIVIH


CLIMATE REPORT
NATIONAL WEATHER SERVICE SPRINGFIELD MO
426 PM CDT THU AUG 3 2017


...................................

...THE VICHY-ROLLA MO CLIMATE SUMMARY FOR AUGUST 3 2017...
VALID AS OF 0400 PM LOCAL TIME.

CLIMATE NORMAL PERIOD 1981 TO 2010
CLIMATE RECORD PERIOD 1888 TO 2017


WEATHER ITEM   OBSERVED TIME   RECORD YEAR NORMAL DEPARTURE LAST
                VALUE   (LST)  VALUE       VALUE  FROM      YEAR
                                                  NORMAL
..................................................................
TEMPERATURE (F)
 TODAY
  MAXIMUM         92    202 PM 104    1964  89      3       87
  MINIMUM         64    546 AM  56    1950  66     -2       69
  AVERAGE         78                        78      0       78

PRECIPITATION (IN)
  TODAY            0.01          1.11 1957   0.11  -0.10     0.80
  MONTH TO DATE    0.01                      0.36  -0.35     2.75
  SINCE JUN 1     10.21                      9.43   0.78    10.85
  SINCE JAN 1     32.65                     26.24   6.41    25.09

DEGREE DAYS
 HEATING
  TODAY            0                         0      0        0
  MONTH TO DATE    0                         0      0        0
  SINCE JUN 1      1                        15    -14        0
  SINCE JUL 1      0                         1     -1        0

 COOLING
  TODAY           13                        13      0       13
  MONTH TO DATE   38                        39     -1       36
  SINCE JUN 1    679                       656     23      792
  SINCE JAN 1    783                       763     20      870
..................................................................


WIND (MPH)
  HIGHEST WIND SPEED    24   HIGHEST WIND DIRECTION    NW (300)
  HIGHEST GUST SPEED    33   HIGHEST GUST DIRECTION     W (290)


SKY COVER
  AVERAGE SKY COVER 0.1


WEATHER CONDITIONS
 THE FOLLOWING WEATHER WAS RECORDED TODAY.
  THUNDERSTORM
  LIGHT RAIN


RELATIVE HUMIDITY (PERCENT)
 HIGHEST   100           300 AM
 LOWEST     38           200 PM
 AVERAGE    69

..........................................................


THE VICHY-ROLLA MO CLIMATE NORMALS FOR TOMORROW
                         NORMAL    RECORD    YEAR
 MAXIMUM TEMPERATURE (F)   89        99      2012
                                             2002
                                             1897
 MINIMUM TEMPERATURE (F)   66        53      1974


SUNRISE AND SUNSET
AUGUST  3 2017........SUNRISE   612 AM CDT   SUNSET   814 PM CDT
AUGUST  4 2017........SUNRISE   613 AM CDT   SUNSET   813 PM CDT


-  INDICATES NEGATIVE NUMBERS.
R  INDICATES RECORD WAS SET OR TIED.
MM INDICATES DATA IS MISSING.
T  INDICATES TRACE AMOUNT.




$$
