287
CDUS43 KSGF 290634
CLIVIH


CLIMATE REPORT
NATIONAL WEATHER SERVICE SPRINGFIELD MO
1234 AM CST FRI JAN 29 2016


...................................

...THE VICHY-ROLLA MO CLIMATE SUMMARY FOR JANUARY 28 2016...

CLIMATE NORMAL PERIOD 1981 TO 2010
CLIMATE RECORD PERIOD 1888 TO 2016


WEATHER ITEM   OBSERVED TIME   RECORD YEAR NORMAL DEPARTURE LAST
                VALUE   (LST)  VALUE       VALUE  FROM      YEAR
                                                  NORMAL
..................................................................
TEMPERATURE (F)
 YESTERDAY
  MAXIMUM         55    233 PM  74    2002  42     13       56
  MINIMUM         33   1159 PM  -4    1977  22     11       31
  AVERAGE         44                        32     12       44

PRECIPITATION (IN)
  YESTERDAY        0.00          1.07 2006   0.06  -0.06     0.00
  MONTH TO DATE    0.74                      1.99  -1.25     0.88
  SINCE DEC 1     11.06                      4.63   6.43     3.25
  SINCE JAN 1      0.74                      1.99  -1.25     0.88

DEGREE DAYS
 HEATING
  YESTERDAY       21                        33    -12       21
  MONTH TO DATE  993                       949     44      934
  SINCE DEC 1   1668                      1919   -251     1806
  SINCE JUL 1   2389                      2866   -477     2948

 COOLING
  YESTERDAY        0                         0      0        0
  MONTH TO DATE    0                         0      0        0
  SINCE DEC 1      0                         0      0        0
  SINCE JAN 1      0                         0      0        0
..................................................................


WIND (MPH)
  HIGHEST WIND SPEED    22   HIGHEST WIND DIRECTION    NW (310)
  HIGHEST GUST SPEED    30   HIGHEST GUST DIRECTION     W (290)
  AVERAGE WIND SPEED    11.7


SKY COVER
  AVERAGE SKY COVER 0.2


WEATHER CONDITIONS
 THE FOLLOWING WEATHER WAS RECORDED YESTERDAY.
  NO SIGNIFICANT WEATHER WAS OBSERVED.


RELATIVE HUMIDITY (PERCENT)
 HIGHEST    82          1100 PM
 LOWEST     35           200 PM
 AVERAGE    59

..........................................................


THE VICHY-ROLLA MO CLIMATE NORMALS FOR TODAY
                         NORMAL    RECORD    YEAR
 MAXIMUM TEMPERATURE (F)   42        69      2008
 MINIMUM TEMPERATURE (F)   22       -14      1899


SUNRISE AND SUNSET
JANUARY 29 2016.......SUNRISE   715 AM CST   SUNSET   526 PM CST
JANUARY 30 2016.......SUNRISE   714 AM CST   SUNSET   527 PM CST


-  INDICATES NEGATIVE NUMBERS.
R  INDICATES RECORD WAS SET OR TIED.
MM INDICATES DATA IS MISSING.
T  INDICATES TRACE AMOUNT.




$$
