000
CDUS43 KSGF 142227
CLIVIH


CLIMATE REPORT
NATIONAL WEATHER SERVICE SPRINGFIELD MO
526 PM CDT SUN AUG 14 2016


...................................

...THE VICHY-ROLLA MO CLIMATE SUMMARY FOR AUGUST 14 2016...
VALID TODAY AS OF 0500 PM LOCAL TIME.

CLIMATE NORMAL PERIOD 1981 TO 2010
CLIMATE RECORD PERIOD 1888 TO 2016


WEATHER ITEM   OBSERVED TIME   RECORD YEAR NORMAL DEPARTURE LAST
                VALUE   (LST)  VALUE       VALUE  FROM      YEAR
                                                  NORMAL
..................................................................
TEMPERATURE (F)
 TODAY
  MAXIMUM         72    347 PM 104    2007  88    -16       85
  MINIMUM         64    959 AM  48    2004  66     -2       62
  AVERAGE         68                        77     -9       74

PRECIPITATION (IN)
  TODAY            0.23          2.33 1946   0.11   0.12     0.00
  MONTH TO DATE    9.24                      1.63   7.61     1.57
  SINCE JUN 1     17.34                     10.70   6.64    14.42
  SINCE JAN 1     31.58                     27.51   4.07    28.44

DEGREE DAYS
 HEATING
  TODAY            0                         0      0        0
  MONTH TO DATE    0                         0      0        0
  SINCE JUN 1      0                        15    -15       15
  SINCE JUL 1      0                         1     -1        0

 COOLING
  TODAY            3                        12     -9        9
  MONTH TO DATE  180                       175      5      155
  SINCE JUN 1    936                       792    144      806
  SINCE JAN 1   1014                       899    115      913
..................................................................


WIND (MPH)
  HIGHEST WIND SPEED    16   HIGHEST WIND DIRECTION     E (110)
  HIGHEST GUST SPEED    22   HIGHEST GUST DIRECTION     E (110)


SKY COVER
  AVERAGE SKY COVER 0.5


WEATHER CONDITIONS
 THE FOLLOWING WEATHER WAS RECORDED TODAY.
  HEAVY RAIN
  RAIN
  LIGHT RAIN
  FOG


RELATIVE HUMIDITY (PERCENT)
 HIGHEST    97           400 AM
 LOWEST     73           400 PM
 AVERAGE    85

..........................................................


THE VICHY-ROLLA MO CLIMATE NORMALS FOR TOMORROW
                         NORMAL    RECORD    YEAR
 MAXIMUM TEMPERATURE (F)   88       107      2007
 MINIMUM TEMPERATURE (F)   65        46      2004


SUNRISE AND SUNSET
AUGUST 14 2016........SUNRISE   622 AM CDT   SUNSET   801 PM CDT
AUGUST 15 2016........SUNRISE   622 AM CDT   SUNSET   800 PM CDT


-  INDICATES NEGATIVE NUMBERS.
R  INDICATES RECORD WAS SET OR TIED.
MM INDICATES DATA IS MISSING.
T  INDICATES TRACE AMOUNT.




$$
