000
CDUS43 KSGF 052127
CLIVIH


CLIMATE REPORT
NATIONAL WEATHER SERVICE SPRINGFIELD MO
426 PM CDT WED JUL 5 2017


...................................

...THE VICHY-ROLLA MO CLIMATE SUMMARY FOR JULY 5 2017...
VALID AS OF 0400 PM LOCAL TIME.

CLIMATE NORMAL PERIOD 1981 TO 2010
CLIMATE RECORD PERIOD 1888 TO 2017


WEATHER ITEM   OBSERVED TIME   RECORD YEAR NORMAL DEPARTURE LAST
                VALUE   (LST)  VALUE       VALUE  FROM      YEAR
                                                  NORMAL
..................................................................
TEMPERATURE (F)
 TODAY
  MAXIMUM         77    859 AM 103    1901  87    -10       92
  MINIMUM         69    210 PM  51    1972  66      3       66
  AVERAGE         73                        77     -4       79

PRECIPITATION (IN)
  TODAY            2.51R         1.48 1951   0.14   2.37     0.00
  MONTH TO DATE    2.51                      0.70   1.81     2.86
  SINCE JUN 1      5.44                      5.33   0.11     4.80
  SINCE JAN 1     27.88                     22.14   5.74    19.04

DEGREE DAYS
 HEATING
  TODAY            0                         0      0        0
  MONTH TO DATE    0                         0      0        0
  SINCE JUN 1      1                        14    -13        0
  SINCE JUL 1      0                         0      0        0

 COOLING
  TODAY            8                        12     -4       14
  MONTH TO DATE   48                        56     -8       34
  SINCE JUN 1    279                       291    -12      381
  SINCE JAN 1    383                       398    -15      459
..................................................................


WIND (MPH)
  HIGHEST WIND SPEED    16   HIGHEST WIND DIRECTION    SE (120)
  HIGHEST GUST SPEED    21   HIGHEST GUST DIRECTION    SE (120)


SKY COVER
  AVERAGE SKY COVER 0.9


WEATHER CONDITIONS
 THE FOLLOWING WEATHER WAS RECORDED TODAY.
  THUNDERSTORM
  HEAVY RAIN
  RAIN
  LIGHT RAIN
  FOG


RELATIVE HUMIDITY (PERCENT)
 HIGHEST   100           200 AM
 LOWEST     87          1200 AM
 AVERAGE    94

..........................................................


THE VICHY-ROLLA MO CLIMATE NORMALS FOR TOMORROW
                         NORMAL    RECORD    YEAR
 MAXIMUM TEMPERATURE (F)   87       102      2012
 MINIMUM TEMPERATURE (F)   66        51      1972


SUNRISE AND SUNSET
JULY  5 2017..........SUNRISE   550 AM CDT   SUNSET   833 PM CDT
JULY  6 2017..........SUNRISE   551 AM CDT   SUNSET   833 PM CDT


-  INDICATES NEGATIVE NUMBERS.
R  INDICATES RECORD WAS SET OR TIED.
MM INDICATES DATA IS MISSING.
T  INDICATES TRACE AMOUNT.




$$
