211
CDUS43 KSGF 162236
CLIVIH


CLIMATE REPORT
NATIONAL WEATHER SERVICE SPRINGFIELD MO
436 PM CST TUE JAN 16 2018


...................................

...THE VICHY-ROLLA MO CLIMATE SUMMARY FOR JANUARY 16 2018...
VALID AS OF 0400 PM LOCAL TIME.

CLIMATE NORMAL PERIOD 1981 TO 2010
CLIMATE RECORD PERIOD 1888 TO 2018


WEATHER ITEM   OBSERVED TIME   RECORD YEAR NORMAL DEPARTURE LAST
                VALUE   (LST)  VALUE       VALUE  FROM      YEAR
                                                  NORMAL
..................................................................
TEMPERATURE (F)
 TODAY
  MAXIMUM          8    259 PM  70    1952  40    -32       56
  MINIMUM         -5    759 AM -10    1952  21    -26       33
  AVERAGE          2                        31    -29       45

PRECIPITATION (IN)
  TODAY            0.00          0.79 1994   0.08  -0.08     0.07
  MONTH TO DATE    0.79                      1.21  -0.42     0.91
  SINCE DEC 1      1.43                      3.85  -2.42     1.77
  SINCE JAN 1      0.79                      1.21  -0.42     0.91

DEGREE DAYS
 HEATING
  TODAY           63                        34     29       20
  MONTH TO DATE  663                       544    119      540
  SINCE DEC 1   1613                      1514     99     1485
  SINCE JUL 1   2365                      2461    -96     2113

 COOLING
  TODAY            0                         0      0        0
  MONTH TO DATE    0                         0      0        0
  SINCE DEC 1      0                         0      0        0
  SINCE JAN 1      0                         0      0        0
..................................................................


WIND (MPH)
  HIGHEST WIND SPEED    16   HIGHEST WIND DIRECTION     W (280)
  HIGHEST GUST SPEED    22   HIGHEST GUST DIRECTION    NW (310)


SKY COVER
  AVERAGE SKY COVER 0.1


WEATHER CONDITIONS
 THE FOLLOWING WEATHER WAS RECORDED TODAY.
  NO SIGNIFICANT WEATHER WAS OBSERVED.


RELATIVE HUMIDITY (PERCENT)
 HIGHEST    82           700 AM
 LOWEST     68          1200 PM
 AVERAGE    75

..........................................................


THE VICHY-ROLLA MO CLIMATE NORMALS FOR TOMORROW
                         NORMAL    RECORD    YEAR
 MAXIMUM TEMPERATURE (F)   41        70      1952
 MINIMUM TEMPERATURE (F)   21       -13      1977


SUNRISE AND SUNSET
JANUARY 16 2018.......SUNRISE   722 AM CST   SUNSET   512 PM CST
JANUARY 17 2018.......SUNRISE   721 AM CST   SUNSET   513 PM CST


-  INDICATES NEGATIVE NUMBERS.
R  INDICATES RECORD WAS SET OR TIED.
MM INDICATES DATA IS MISSING.
T  INDICATES TRACE AMOUNT.




$$
