000
CDUS43 KSGF 140628
CLIVIH


CLIMATE REPORT
NATIONAL WEATHER SERVICE SPRINGFIELD MO
128 AM CDT SUN MAY 14 2017


...................................

...THE VICHY-ROLLA MO CLIMATE SUMMARY FOR MAY 13 2017...

CLIMATE NORMAL PERIOD 1981 TO 2010
CLIMATE RECORD PERIOD 1888 TO 2017


WEATHER ITEM   OBSERVED TIME   RECORD YEAR NORMAL DEPARTURE LAST
                VALUE   (LST)  VALUE       VALUE  FROM      YEAR
                                                  NORMAL
..................................................................
TEMPERATURE (F)
 YESTERDAY
  MAXIMUM         76    436 PM  89    1956  74      2       76
  MINIMUM         47    516 AM  36    1901  52     -5       42
  AVERAGE         62                        63     -1       59

PRECIPITATION (IN)
  YESTERDAY        0.00          3.27 1967   0.16  -0.16     0.00
  MONTH TO DATE    3.60                      2.12   1.48     0.33
  SINCE MAR 1     17.83                      9.79   8.04     7.27
  SINCE JAN 1     19.89                     13.89   6.00     9.39

DEGREE DAYS
 HEATING
  YESTERDAY        3                         4     -1        6
  MONTH TO DATE   78                        67     11       71
  SINCE MAR 1    781                       995   -214      759
  SINCE JUL 1   3767                      4785  -1018     3962

 COOLING
  YESTERDAY        0                         2     -2        0
  MONTH TO DATE   16                        20     -4       14
  SINCE MAR 1     51                        46      5       28
  SINCE JAN 1     52                        46      6       28
..................................................................


WIND (MPH)
  HIGHEST WIND SPEED     8   HIGHEST WIND DIRECTION     S (170)
  HIGHEST GUST SPEED    11   HIGHEST GUST DIRECTION    NW (310)
  AVERAGE WIND SPEED     2.6


SKY COVER
  AVERAGE SKY COVER 0.0


WEATHER CONDITIONS
 THE FOLLOWING WEATHER WAS RECORDED YESTERDAY.
  NO SIGNIFICANT WEATHER WAS OBSERVED.


RELATIVE HUMIDITY (PERCENT)
 HIGHEST    93          1200 AM
 LOWEST     43           300 PM
 AVERAGE    68

..........................................................


THE VICHY-ROLLA MO CLIMATE NORMALS FOR TODAY
                         NORMAL    RECORD    YEAR
 MAXIMUM TEMPERATURE (F)   74        89      1899
 MINIMUM TEMPERATURE (F)   53        32      2000


SUNRISE AND SUNSET
MAY 14 2017...........SUNRISE   557 AM CDT   SUNSET   810 PM CDT
MAY 15 2017...........SUNRISE   556 AM CDT   SUNSET   811 PM CDT


-  INDICATES NEGATIVE NUMBERS.
R  INDICATES RECORD WAS SET OR TIED.
MM INDICATES DATA IS MISSING.
T  INDICATES TRACE AMOUNT.




$$
