000
CDUS43 KSGF 182231
CLIVIH


CLIMATE REPORT
NATIONAL WEATHER SERVICE SPRINGFIELD MO
530 PM CDT WED MAR 18 2015


...................................

...THE VICHY-ROLLA MO CLIMATE SUMMARY FOR MARCH 18 2015...
VALID TODAY AS OF 0500 PM LOCAL TIME.

CLIMATE NORMAL PERIOD 1981 TO 2010
CLIMATE RECORD PERIOD 1888 TO 2015


WEATHER ITEM   OBSERVED TIME   RECORD YEAR NORMAL DEPARTURE LAST
                VALUE   (LST)  VALUE       VALUE  FROM      YEAR
                                                  NORMAL
..................................................................
TEMPERATURE (F)
 TODAY
  MAXIMUM         42   1208 AM  78    2012  57    -15       59
  MINIMUM         37    359 PM  10    1902  35      2       34
  AVERAGE         40                        46     -6       47

PRECIPITATION (IN)
  TODAY            0.08          3.80 2008   0.12  -0.04     0.02
  MONTH TO DATE    1.45                      1.75  -0.30     0.54
  SINCE MAR 1      1.45                      1.75  -0.30     0.54
  SINCE JAN 1      3.73                      5.85  -2.12     2.00

DEGREE DAYS
 COOLING
  TODAY            0                         0      0        0
  MONTH TO DATE    0                         0      0        0
  SINCE MAR 1      0                         0      0        0
  SINCE JAN 1      0                         0      0        0
..................................................................


WIND (MPH)
  HIGHEST WIND SPEED    18   HIGHEST WIND DIRECTION     E (100)
  HIGHEST GUST SPEED    23   HIGHEST GUST DIRECTION     E (100)


SKY COVER
  AVERAGE SKY COVER 0.5


WEATHER CONDITIONS
 THE FOLLOWING WEATHER WAS RECORDED TODAY.
  LIGHT RAIN
  FOG


RELATIVE HUMIDITY (PERCENT)
 HIGHEST    85           400 PM
 LOWEST     45          1000 AM
 AVERAGE    65

..........................................................


THE VICHY-ROLLA MO CLIMATE NORMALS FOR TOMORROW
                         NORMAL    RECORD    YEAR
 MAXIMUM TEMPERATURE (F)   58        81      1995
 MINIMUM TEMPERATURE (F)   35         9      1965


SUNRISE AND SUNSET
MARCH 18 2015.........SUNRISE   714 AM CDT   SUNSET   717 PM CDT
MARCH 19 2015.........SUNRISE   712 AM CDT   SUNSET   718 PM CDT


-  INDICATES NEGATIVE NUMBERS.
R  INDICATES RECORD WAS SET OR TIED.
MM INDICATES DATA IS MISSING.
T  INDICATES TRACE AMOUNT.




$$
