000
CDUS43 KSGF 052229
CLIVIH


CLIMATE REPORT
NATIONAL WEATHER SERVICE SPRINGFIELD MO
426 PM CST SUN NOV 5 2017


...................................

...THE VICHY-ROLLA MO CLIMATE SUMMARY FOR NOVEMBER 5 2017...
VALID TODAY AS OF 0400 PM LOCAL TIME.

CLIMATE NORMAL PERIOD 1981 TO 2010
CLIMATE RECORD PERIOD 1888 TO 2017


WEATHER ITEM   OBSERVED TIME   RECORD YEAR NORMAL DEPARTURE LAST
                VALUE   (LST)  VALUE       VALUE  FROM      YEAR
                                                  NORMAL
..................................................................
TEMPERATURE (F)
 TODAY
  MAXIMUM         79R   103 PM  79    1999  60     19       65
  MINIMUM         57    359 PM  20    1976  40     17       40
  AVERAGE         68                        50     18       53

PRECIPITATION (IN)
  TODAY            0.00          1.92 1994   0.12  -0.12     0.00
  MONTH TO DATE    T                         0.61  -0.61     0.14
  SINCE SEP 1      3.08                      8.16  -5.08     7.34
  SINCE JAN 1     41.68                     37.71   3.97    39.68

DEGREE DAYS
 HEATING
  TODAY            0                        15    -15       12
  MONTH TO DATE   32                        73    -41       29
  SINCE SEP 1    283                       420   -137      182
  SINCE JUL 1    284                       423   -139      182

 COOLING
  TODAY            3                         0      3        0
  MONTH TO DATE    3                         0      3       15
  SINCE SEP 1    280                       166    114      288
  SINCE JAN 1   1250                      1243      7     1477
..................................................................


WIND (MPH)
  HIGHEST WIND SPEED    21   HIGHEST WIND DIRECTION    SW (210)
  HIGHEST GUST SPEED    27   HIGHEST GUST DIRECTION    NW (310)


SKY COVER
  AVERAGE SKY COVER 0.6


WEATHER CONDITIONS
 THE FOLLOWING WEATHER WAS RECORDED TODAY.
  FOG


RELATIVE HUMIDITY (PERCENT)
 HIGHEST   100          1200 AM
 LOWEST     62           100 PM
 AVERAGE    81

..........................................................


THE VICHY-ROLLA MO CLIMATE NORMALS FOR TOMORROW
                         NORMAL    RECORD    YEAR
 MAXIMUM TEMPERATURE (F)   60        80      1999
 MINIMUM TEMPERATURE (F)   39        20      2007
                                             1959


SUNRISE AND SUNSET
NOVEMBER  5 2017......SUNRISE   638 AM CST   SUNSET   503 PM CST
NOVEMBER  6 2017......SUNRISE   639 AM CST   SUNSET   502 PM CST


-  INDICATES NEGATIVE NUMBERS.
R  INDICATES RECORD WAS SET OR TIED.
MM INDICATES DATA IS MISSING.
T  INDICATES TRACE AMOUNT.




$$
