000
CDUS43 KSGF 250632
CLIVIH


CLIMATE REPORT
NATIONAL WEATHER SERVICE SPRINGFIELD MO
131 AM CDT SAT JUL 25 2015


...................................

...THE VICHY-ROLLA MO CLIMATE SUMMARY FOR JULY 24 2015...

CLIMATE NORMAL PERIOD 1981 TO 2010
CLIMATE RECORD PERIOD 1888 TO 2015


WEATHER ITEM   OBSERVED TIME   RECORD YEAR NORMAL DEPARTURE LAST
                VALUE   (LST)  VALUE       VALUE  FROM      YEAR
                                                  NORMAL
..................................................................
TEMPERATURE (F)
 YESTERDAY
  MAXIMUM         91    409 PM 103    2005  89      2       83
  MINIMUM         69    418 AM  53    2003  67      2       60
  AVERAGE         80                        78      2       72

PRECIPITATION (IN)
  YESTERDAY        0.00          2.23 2004   0.15  -0.15     0.00
  MONTH TO DATE    5.10                      3.47   1.63     0.11
  SINCE JUN 1     12.55                      8.10   4.45     3.42
  SINCE JAN 1     26.57                     24.91   1.66    13.04

DEGREE DAYS
 HEATING
  YESTERDAY        0                         0      0        0
  MONTH TO DATE    0                         0      0        3
  SINCE JUN 1     15                        14      1        4
  SINCE JUL 1      0                         0      0        3

 COOLING
  YESTERDAY       15                        13      2        7
  MONTH TO DATE  280                       293    -13      177
  SINCE JUN 1    552                       528     24      435
  SINCE JAN 1    659                       635     24      582
..................................................................


WIND (MPH)
  HIGHEST WIND SPEED    13   HIGHEST WIND DIRECTION    SW (210)
  HIGHEST GUST SPEED    17   HIGHEST GUST DIRECTION    SW (220)
  AVERAGE WIND SPEED     6.3


SKY COVER
  AVERAGE SKY COVER 0.3


WEATHER CONDITIONS
 THE FOLLOWING WEATHER WAS RECORDED YESTERDAY.
  NO SIGNIFICANT WEATHER WAS OBSERVED.


RELATIVE HUMIDITY (PERCENT)
 HIGHEST    97           400 AM
 LOWEST     59           300 PM
 AVERAGE    78

..........................................................


THE VICHY-ROLLA MO CLIMATE NORMALS FOR TODAY
                         NORMAL    RECORD    YEAR
 MAXIMUM TEMPERATURE (F)   89       104      1999
 MINIMUM TEMPERATURE (F)   67        50      1905


SUNRISE AND SUNSET
JULY 25 2015..........SUNRISE   604 AM CDT   SUNSET   823 PM CDT
JULY 26 2015..........SUNRISE   605 AM CDT   SUNSET   822 PM CDT


-  INDICATES NEGATIVE NUMBERS.
R  INDICATES RECORD WAS SET OR TIED.
MM INDICATES DATA IS MISSING.
T  INDICATES TRACE AMOUNT.




$$
