000
CDUS43 KSGF 230629
CLIVIH


CLIMATE REPORT
NATIONAL WEATHER SERVICE SPRINGFIELD MO
128 AM CDT MON OCT 23 2017


...................................

...THE VICHY-ROLLA MO CLIMATE SUMMARY FOR OCTOBER 22 2017...

CLIMATE NORMAL PERIOD 1981 TO 2010
CLIMATE RECORD PERIOD 1888 TO 2017


WEATHER ITEM   OBSERVED TIME   RECORD YEAR NORMAL DEPARTURE LAST
                VALUE   (LST)  VALUE       VALUE  FROM      YEAR
                                                  NORMAL
..................................................................
TEMPERATURE (F)
 YESTERDAY
  MAXIMUM         71   1230 AM  86    1903  66      5       70
  MINIMUM         49    747 PM  29    1976  44      5       39
  AVERAGE         60                        55      5       55

PRECIPITATION (IN)
  YESTERDAY        0.40          1.73 1951   0.12   0.28     0.00
  MONTH TO DATE    2.89                      2.47   0.42     2.56
  SINCE SEP 1      3.08                      6.51  -3.43     7.04
  SINCE JAN 1     41.68                     36.06   5.62    39.38

DEGREE DAYS
 HEATING
  YESTERDAY        5                        11     -6       10
  MONTH TO DATE   63                       175   -112      109
  SINCE SEP 1     80                       236   -156      133
  SINCE JUL 1     81                       239   -158      133

 COOLING
  YESTERDAY        0                         1     -1        0
  MONTH TO DATE   77                        25     52       52
  SINCE SEP 1    277                       166    111      263
  SINCE JAN 1   1247                      1243      4     1452
..................................................................


WIND (MPH)
  HIGHEST WIND SPEED    24   HIGHEST WIND DIRECTION    NW (300)
  HIGHEST GUST SPEED    32   HIGHEST GUST DIRECTION    NW (300)
  AVERAGE WIND SPEED    10.8


SKY COVER
  AVERAGE SKY COVER 0.9


WEATHER CONDITIONS
 THE FOLLOWING WEATHER WAS RECORDED YESTERDAY.
  THUNDERSTORM
  HEAVY RAIN
  RAIN
  LIGHT RAIN
  FOG
  FOG W/VISIBILITY <= 1/4 MILE


RELATIVE HUMIDITY (PERCENT)
 HIGHEST   100           400 AM
 LOWEST     68          1200 AM
 AVERAGE    84

..........................................................


THE VICHY-ROLLA MO CLIMATE NORMALS FOR TODAY
                         NORMAL    RECORD    YEAR
 MAXIMUM TEMPERATURE (F)   65        82      1899
 MINIMUM TEMPERATURE (F)   44        27      2006
                                             1898


SUNRISE AND SUNSET
OCTOBER 23 2017.......SUNRISE   724 AM CDT   SUNSET   618 PM CDT
OCTOBER 24 2017.......SUNRISE   725 AM CDT   SUNSET   617 PM CDT


-  INDICATES NEGATIVE NUMBERS.
R  INDICATES RECORD WAS SET OR TIED.
MM INDICATES DATA IS MISSING.
T  INDICATES TRACE AMOUNT.




$$
