000
CDUS43 KSGF 172129
CLIVIH


CLIMATE REPORT
NATIONAL WEATHER SERVICE SPRINGFIELD MO
428 PM CDT SUN APR 17 2016


...................................

...THE VICHY-ROLLA MO CLIMATE SUMMARY FOR APRIL 17 2016...
VALID AS OF 0400 PM LOCAL TIME.

CLIMATE NORMAL PERIOD 1981 TO 2010
CLIMATE RECORD PERIOD 1888 TO 2016


WEATHER ITEM   OBSERVED TIME   RECORD YEAR NORMAL DEPARTURE LAST
                VALUE   (LST)  VALUE       VALUE  FROM      YEAR
                                                  NORMAL
..................................................................
TEMPERATURE (F)
 TODAY
  MAXIMUM         77    259 PM  86    2004  67     10       79
  MINIMUM         55    523 AM  25    1904  44     11       53
  AVERAGE         66                        56     10       66

PRECIPITATION (IN)
  TODAY            0.00          2.91 1957   0.14  -0.14      T
  MONTH TO DATE    1.99                      2.28  -0.29     1.44
  SINCE MAR 1      4.85                      5.73  -0.88     4.46
  SINCE JAN 1      6.97                      9.83  -2.86     6.74

DEGREE DAYS
 HEATING
  TODAY            0                        10    -10        0
  MONTH TO DATE  206                       209     -3       99
  SINCE MAR 1    652                       823   -171      711
  SINCE JUL 1   3855                      4613   -758     4828

 COOLING
  TODAY            1                         1      0        1
  MONTH TO DATE    1                        11    -10       12
  SINCE MAR 1      1                        15    -14       12
  SINCE JAN 1      1                        15    -14       12
..................................................................


WIND (MPH)
  HIGHEST WIND SPEED    22   HIGHEST WIND DIRECTION    SE (130)
  HIGHEST GUST SPEED    28   HIGHEST GUST DIRECTION    SE (120)


SKY COVER
  AVERAGE SKY COVER 0.3


WEATHER CONDITIONS
 THE FOLLOWING WEATHER WAS RECORDED TODAY.
  NO SIGNIFICANT WEATHER WAS OBSERVED.


RELATIVE HUMIDITY (PERCENT)
 HIGHEST    86           500 AM
 LOWEST     40           300 PM
 AVERAGE    63

..........................................................


THE VICHY-ROLLA MO CLIMATE NORMALS FOR TOMORROW
                         NORMAL    RECORD    YEAR
 MAXIMUM TEMPERATURE (F)   68        88      2006
                                             1899
 MINIMUM TEMPERATURE (F)   45        25      1953


SUNRISE AND SUNSET
APRIL 17 2016.........SUNRISE   628 AM CDT   SUNSET   746 PM CDT
APRIL 18 2016.........SUNRISE   627 AM CDT   SUNSET   747 PM CDT


-  INDICATES NEGATIVE NUMBERS.
R  INDICATES RECORD WAS SET OR TIED.
MM INDICATES DATA IS MISSING.
T  INDICATES TRACE AMOUNT.




$$
