000
CDUS43 KSGF 100627
CLIVIH


CLIMATE REPORT
NATIONAL WEATHER SERVICE SPRINGFIELD MO
126 AM CDT TUE OCT 10 2017


...................................

...THE VICHY-ROLLA MO CLIMATE SUMMARY FOR OCTOBER 9 2017...

CLIMATE NORMAL PERIOD 1981 TO 2010
CLIMATE RECORD PERIOD 1888 TO 2017


WEATHER ITEM   OBSERVED TIME   RECORD YEAR NORMAL DEPARTURE LAST
                VALUE   (LST)  VALUE       VALUE  FROM      YEAR
                                                  NORMAL
..................................................................
TEMPERATURE (F)
 YESTERDAY
  MAXIMUM         83    438 PM  86    1980  70     13       73
  MINIMUM         63    632 AM  25    2000  48     15       44
  AVERAGE         73                        59     14       59

PRECIPITATION (IN)
  YESTERDAY        0.03          2.22 2014   0.10  -0.07     0.00
  MONTH TO DATE    1.21                      1.03   0.18     0.11
  SINCE SEP 1      1.40                      5.07  -3.67     4.59
  SINCE JAN 1     40.00                     34.62   5.38    36.93

DEGREE DAYS
 HEATING
  YESTERDAY        0                         7     -7        6
  MONTH TO DATE    0                        57    -57       37
  SINCE SEP 1     17                       118   -101       61
  SINCE JUL 1     18                       121   -103       61

 COOLING
  YESTERDAY        8                         1      7        0
  MONTH TO DATE   52                        12     40       15
  SINCE SEP 1    252                       153     99      226
  SINCE JAN 1   1222                      1230     -8     1415
..................................................................


WIND (MPH)
  HIGHEST WIND SPEED    14   HIGHEST WIND DIRECTION    SE (140)
  HIGHEST GUST SPEED    19   HIGHEST GUST DIRECTION    SE (150)
  AVERAGE WIND SPEED     5.8


SKY COVER
  AVERAGE SKY COVER 0.4


WEATHER CONDITIONS
 THE FOLLOWING WEATHER WAS RECORDED YESTERDAY.
  THUNDERSTORM
  LIGHT RAIN
  FOG
  FOG W/VISIBILITY <= 1/4 MILE


RELATIVE HUMIDITY (PERCENT)
 HIGHEST   100          1200 AM
 LOWEST     46           300 PM
 AVERAGE    73

..........................................................


THE VICHY-ROLLA MO CLIMATE NORMALS FOR TODAY
                         NORMAL    RECORD    YEAR
 MAXIMUM TEMPERATURE (F)   69        93      1963
 MINIMUM TEMPERATURE (F)   48        31      1993


SUNRISE AND SUNSET
OCTOBER 10 2017.......SUNRISE   711 AM CDT   SUNSET   636 PM CDT
OCTOBER 11 2017.......SUNRISE   712 AM CDT   SUNSET   635 PM CDT


-  INDICATES NEGATIVE NUMBERS.
R  INDICATES RECORD WAS SET OR TIED.
MM INDICATES DATA IS MISSING.
T  INDICATES TRACE AMOUNT.




$$
