000
CDUS43 KSGF 010629
CLIVIH


CLIMATE REPORT
NATIONAL WEATHER SERVICE SPRINGFIELD MO
1229 AM CST MON FEB 1 2016


...................................

...THE VICHY-ROLLA MO CLIMATE SUMMARY FOR JANUARY 31 2016...

CLIMATE NORMAL PERIOD 1981 TO 2010
CLIMATE RECORD PERIOD 1888 TO 2016


WEATHER ITEM   OBSERVED TIME   RECORD YEAR NORMAL DEPARTURE LAST
                VALUE   (LST)  VALUE       VALUE  FROM      YEAR
                                                  NORMAL
..................................................................
TEMPERATURE (F)
 YESTERDAY
  MAXIMUM         66R  1213 PM  64    1952  42     24       42
  MINIMUM         41   1159 PM -12    1899  22     19       32
  AVERAGE         54                        32     22       37

PRECIPITATION (IN)
  YESTERDAY        0.00          0.95 2002   0.06  -0.06     0.05
  MONTH TO DATE    0.74                      2.17  -1.43     0.93
  SINCE DEC 1     11.06                      4.81   6.25     3.30
  SINCE JAN 1      0.74                      2.17  -1.43     0.93

DEGREE DAYS
 HEATING
  YESTERDAY       11                        33    -22       28
  MONTH TO DATE 1039                      1048     -9     1017
  SINCE DEC 1   1714                      2021   -307     1889
  SINCE JUL 1   2435                      2968   -533     3031

 COOLING
  YESTERDAY        0                         0      0        0
  MONTH TO DATE    0                         0      0        0
  SINCE DEC 1      0                         0      0        0
  SINCE JAN 1      0                         0      0        0
..................................................................


WIND (MPH)
  HIGHEST WIND SPEED    25   HIGHEST WIND DIRECTION    SW (220)
  HIGHEST GUST SPEED    35   HIGHEST GUST DIRECTION    SW (220)
  AVERAGE WIND SPEED    13.7


SKY COVER
  AVERAGE SKY COVER 0.1


WEATHER CONDITIONS
 THE FOLLOWING WEATHER WAS RECORDED YESTERDAY.
  NO SIGNIFICANT WEATHER WAS OBSERVED.


RELATIVE HUMIDITY (PERCENT)
 HIGHEST    83           800 AM
 LOWEST     48           100 PM
 AVERAGE    66

..........................................................


THE VICHY-ROLLA MO CLIMATE NORMALS FOR TODAY
                         NORMAL    RECORD    YEAR
 MAXIMUM TEMPERATURE (F)   42        69      1974
 MINIMUM TEMPERATURE (F)   22        -6      1899


SUNRISE AND SUNSET
FEBRUARY  1 2016......SUNRISE   712 AM CST   SUNSET   529 PM CST
FEBRUARY  2 2016......SUNRISE   711 AM CST   SUNSET   531 PM CST


-  INDICATES NEGATIVE NUMBERS.
R  INDICATES RECORD WAS SET OR TIED.
MM INDICATES DATA IS MISSING.
T  INDICATES TRACE AMOUNT.




$$
