000
CDUS43 KSGF 020635
CLIVIH


CLIMATE REPORT
NATIONAL WEATHER SERVICE SPRINGFIELD MO
1235 AM CST MON JAN 2 2017


...................................

...THE VICHY-ROLLA MO CLIMATE SUMMARY FOR JANUARY 1 2017...

CLIMATE NORMAL PERIOD 1981 TO 2010
CLIMATE RECORD PERIOD 1888 TO 2017


WEATHER ITEM   OBSERVED TIME   RECORD YEAR NORMAL DEPARTURE LAST
                VALUE   (LST)  VALUE       VALUE  FROM      YEAR
                                                  NORMAL
..................................................................
TEMPERATURE (F)
 YESTERDAY
  MAXIMUM         49    320 PM  72    1905  40      9       39
  MINIMUM         26    734 AM -11    1974  22      4       22
  AVERAGE         38                        31      7       31

PRECIPITATION (IN)
  YESTERDAY        0.00          1.13 1948   0.08  -0.08     0.00
  MONTH TO DATE    0.00                      0.08  -0.08     0.00
  SINCE DEC 1      0.86                      2.72  -1.86    10.32
  SINCE JAN 1      0.00                      0.08  -0.08     0.00

DEGREE DAYS
 HEATING
  YESTERDAY       27                        34     -7       34
  MONTH TO DATE   27                        34     -7       34
  SINCE DEC 1    972                      1004    -32      709
  SINCE JUL 1   1600                      1951   -351     1430

 COOLING
  YESTERDAY        0                         0      0        0
  MONTH TO DATE    0                         0      0        0
  SINCE DEC 1      0                         0      0        0
  SINCE JAN 1      0                         0      0        0
..................................................................


WIND (MPH)
  HIGHEST WIND SPEED    17   HIGHEST WIND DIRECTION     S (160)
  HIGHEST GUST SPEED    23   HIGHEST GUST DIRECTION    SE (140)
  AVERAGE WIND SPEED     9.3


SKY COVER
  AVERAGE SKY COVER 0.3


WEATHER CONDITIONS
 THE FOLLOWING WEATHER WAS RECORDED YESTERDAY.
  NO SIGNIFICANT WEATHER WAS OBSERVED.


RELATIVE HUMIDITY (PERCENT)
 HIGHEST    92           200 AM
 LOWEST     50           300 PM
 AVERAGE    71

..........................................................


THE VICHY-ROLLA MO CLIMATE NORMALS FOR TODAY
                         NORMAL    RECORD    YEAR
 MAXIMUM TEMPERATURE (F)   40        70      2004
 MINIMUM TEMPERATURE (F)   22        -6      1979


SUNRISE AND SUNSET
JANUARY  2 2017.......SUNRISE   724 AM CST   SUNSET   459 PM CST
JANUARY  3 2017.......SUNRISE   724 AM CST   SUNSET   500 PM CST


-  INDICATES NEGATIVE NUMBERS.
R  INDICATES RECORD WAS SET OR TIED.
MM INDICATES DATA IS MISSING.
T  INDICATES TRACE AMOUNT.




$$
