000
CDUS43 KSGF 012131
CLIVIH


CLIMATE REPORT
NATIONAL WEATHER SERVICE SPRINGFIELD MO
431 PM CDT TUE JUL 1 2014


...................................

...THE VICHY-ROLLA MO CLIMATE SUMMARY FOR JULY 1 2014...
VALID AS OF 0400 PM LOCAL TIME.

CLIMATE NORMAL PERIOD 1981 TO 2010
CLIMATE RECORD PERIOD 1888 TO 2014


WEATHER ITEM   OBSERVED TIME   RECORD YEAR NORMAL DEPARTURE LAST
                VALUE   (LST)  VALUE       VALUE  FROM      YEAR
                                                  NORMAL
..................................................................
TEMPERATURE (F)
 TODAY
  MAXIMUM         83   1235 PM 106    1980  86     -3       78
  MINIMUM         70    659 AM  56    1951  66      4       59
  AVERAGE         77                        76      1       69

PRECIPITATION (IN)
  TODAY            0.03          1.58 1969   0.14  -0.11     0.01
  MONTH TO DATE    0.03                      0.14  -0.11     0.01
  SINCE JUN 1      3.34                      4.77  -1.43     3.80
  SINCE JAN 1     12.96                     21.58  -8.62    25.10

DEGREE DAYS
 HEATING
  TODAY            0                         0      0        0
  MONTH TO DATE    0                         0      0        0
  SINCE JUN 1      1                        14    -13       17
  SINCE JUL 1      0                         0      0        0

 COOLING
  TODAY           12                        11      1        4
  MONTH TO DATE   12                        11      1        4
  SINCE JUN 1    270                       246     24      221
  SINCE JAN 1    417                       353     64      328
..................................................................


WIND (MPH)
  HIGHEST WIND SPEED    24   HIGHEST WIND DIRECTION     W (270)
  HIGHEST GUST SPEED    31   HIGHEST GUST DIRECTION     W (270)


SKY COVER
  AVERAGE SKY COVER 0.3


WEATHER CONDITIONS
 THE FOLLOWING WEATHER WAS RECORDED TODAY.
  THUNDERSTORM
  RAIN
  LIGHT RAIN
  FOG


RELATIVE HUMIDITY (PERCENT)
 HIGHEST    74           100 AM
 LOWEST     49           300 PM
 AVERAGE    62

..........................................................


THE VICHY-ROLLA MO CLIMATE NORMALS FOR TOMORROW
                         NORMAL    RECORD    YEAR
 MAXIMUM TEMPERATURE (F)   87       102      2012
 MINIMUM TEMPERATURE (F)   66        51      1959


SUNRISE AND SUNSET
JULY  1 2014..........SUNRISE   548 AM CDT   SUNSET   834 PM CDT
JULY  2 2014..........SUNRISE   548 AM CDT   SUNSET   834 PM CDT


-  INDICATES NEGATIVE NUMBERS.
R  INDICATES RECORD WAS SET OR TIED.
MM INDICATES DATA IS MISSING.
T  INDICATES TRACE AMOUNT.




$$
