207
CDUS43 KSGF 180632
CLIVIH


CLIMATE REPORT
NATIONAL WEATHER SERVICE SPRINGFIELD MO
1232 AM CST SAT FEB 18 2017


...................................

...THE VICHY-ROLLA MO CLIMATE SUMMARY FOR FEBRUARY 17 2017...

CLIMATE NORMAL PERIOD 1981 TO 2010
CLIMATE RECORD PERIOD 1888 TO 2017


WEATHER ITEM   OBSERVED TIME   RECORD YEAR NORMAL DEPARTURE LAST
                VALUE   (LST)  VALUE       VALUE  FROM      YEAR
                                                  NORMAL
..................................................................
TEMPERATURE (F)
 YESTERDAY
  MAXIMUM         73R   345 PM  73    2011  46     27       51
  MINIMUM         42    650 AM -18    1903  26     16       27
  AVERAGE         58                        36     22       39

PRECIPITATION (IN)
  YESTERDAY        0.00          1.01 2000   0.07  -0.07     0.00
  MONTH TO DATE    T                         1.11  -1.11     0.81
  SINCE DEC 1      2.46                      5.92  -3.46    11.87
  SINCE JAN 1      1.60                      3.28  -1.68     1.55

DEGREE DAYS
 HEATING
  YESTERDAY        7                        29    -22       26
  MONTH TO DATE  397                       525   -128      544
  SINCE DEC 1   2229                      2546   -317     2258
  SINCE JUL 1   2857                      3493   -636     2979

 COOLING
  YESTERDAY        0                         0      0        0
  MONTH TO DATE    0                         0      0        0
  SINCE DEC 1      0                         0      0        0
  SINCE JAN 1      0                         0      0        0
..................................................................


WIND (MPH)
  HIGHEST WIND SPEED    21   HIGHEST WIND DIRECTION    SW (220)
  HIGHEST GUST SPEED    26   HIGHEST GUST DIRECTION    SW (220)
  AVERAGE WIND SPEED    12.3


SKY COVER
  AVERAGE SKY COVER 0.0


WEATHER CONDITIONS
 THE FOLLOWING WEATHER WAS RECORDED YESTERDAY.
  LIGHT RAIN


RELATIVE HUMIDITY (PERCENT)
 HIGHEST    62           700 AM
 LOWEST     19           300 PM
 AVERAGE    41

..........................................................


THE VICHY-ROLLA MO CLIMATE NORMALS FOR TODAY
                         NORMAL    RECORD    YEAR
 MAXIMUM TEMPERATURE (F)   47        72      1991
 MINIMUM TEMPERATURE (F)   26        -4      1993


SUNRISE AND SUNSET
FEBRUARY 18 2017......SUNRISE   653 AM CST   SUNSET   549 PM CST
FEBRUARY 19 2017......SUNRISE   652 AM CST   SUNSET   550 PM CST


-  INDICATES NEGATIVE NUMBERS.
R  INDICATES RECORD WAS SET OR TIED.
MM INDICATES DATA IS MISSING.
T  INDICATES TRACE AMOUNT.




$$
