000
CDUS43 KSGF 180630
CLIVIH


CLIMATE REPORT
NATIONAL WEATHER SERVICE SPRINGFIELD MO
1230 AM CST SAT NOV 18 2017


...................................

...THE VICHY-ROLLA MO CLIMATE SUMMARY FOR NOVEMBER 17 2017...

CLIMATE NORMAL PERIOD 1981 TO 2010
CLIMATE RECORD PERIOD 1888 TO 2017


WEATHER ITEM   OBSERVED TIME   RECORD YEAR NORMAL DEPARTURE LAST
                VALUE   (LST)  VALUE       VALUE  FROM      YEAR
                                                  NORMAL
..................................................................
TEMPERATURE (F)
 YESTERDAY
  MAXIMUM         66   1133 PM  79    2016  55     11       79
  MINIMUM         38   1205 AM   3    1959  35      3       60
  AVERAGE         52                        45      7       70

PRECIPITATION (IN)
  YESTERDAY        0.00          5.11 2015   0.12  -0.12      T
  MONTH TO DATE    0.09                      2.15  -2.06     0.31
  SINCE SEP 1      3.17                      9.70  -6.53     7.51
  SINCE JAN 1     41.77                     39.25   2.52    39.85

DEGREE DAYS
 HEATING
  YESTERDAY       13                        20     -7        0
  MONTH TO DATE  276                       289    -13      182
  SINCE SEP 1    527                       636   -109      335
  SINCE JUL 1    528                       639   -111      335

 COOLING
  YESTERDAY        0                         0      0        5
  MONTH TO DATE    0                         0      0       20
  SINCE SEP 1    277                       166    111      293
  SINCE JAN 1   1247                      1243      4     1482
..................................................................


WIND (MPH)
  HIGHEST WIND SPEED    24   HIGHEST WIND DIRECTION     S (170)
  HIGHEST GUST SPEED    33   HIGHEST GUST DIRECTION     S (170)
  AVERAGE WIND SPEED    15.0


SKY COVER
  AVERAGE SKY COVER 0.8


WEATHER CONDITIONS
 THE FOLLOWING WEATHER WAS RECORDED YESTERDAY.
  NO SIGNIFICANT WEATHER WAS OBSERVED.


RELATIVE HUMIDITY (PERCENT)
 HIGHEST    97           800 PM
 LOWEST     71           800 AM
 AVERAGE    84

..........................................................


THE VICHY-ROLLA MO CLIMATE NORMALS FOR TODAY
                         NORMAL    RECORD    YEAR
 MAXIMUM TEMPERATURE (F)   54        74      1981
 MINIMUM TEMPERATURE (F)   34         7      2014
                                             1903


SUNRISE AND SUNSET
NOVEMBER 18 2017......SUNRISE   652 AM CST   SUNSET   453 PM CST
NOVEMBER 19 2017......SUNRISE   653 AM CST   SUNSET   452 PM CST


-  INDICATES NEGATIVE NUMBERS.
R  INDICATES RECORD WAS SET OR TIED.
MM INDICATES DATA IS MISSING.
T  INDICATES TRACE AMOUNT.




$$
