000
CDUS43 KSGF 230627
CLIVIH


CLIMATE REPORT
NATIONAL WEATHER SERVICE SPRINGFIELD MO
126 AM CDT SAT SEP 23 2017


...................................

...THE VICHY-ROLLA MO CLIMATE SUMMARY FOR SEPTEMBER 22 2017...

CLIMATE NORMAL PERIOD 1981 TO 2010
CLIMATE RECORD PERIOD 1888 TO 2017


WEATHER ITEM   OBSERVED TIME   RECORD YEAR NORMAL DEPARTURE LAST
                VALUE   (LST)  VALUE       VALUE  FROM      YEAR
                                                  NORMAL
..................................................................
TEMPERATURE (F)
 YESTERDAY
  MAXIMUM         93    209 PM  95    1956  76     17       86
  MINIMUM         70   1152 PM  34    1995  54     16       62
  AVERAGE         82                        65     17       74

PRECIPITATION (IN)
  YESTERDAY        0.00          1.97 1970   0.12  -0.12     0.00
  MONTH TO DATE    0.16                      3.07  -2.91     4.08
  SINCE SEP 1      0.16                      3.07  -2.91     4.08
  SINCE JAN 1     38.76                     32.62   6.14    36.42

DEGREE DAYS
 HEATING
  YESTERDAY        0                         3     -3        0
  MONTH TO DATE   13                        27    -14        3
  SINCE SEP 1     13                        27    -14        3
  SINCE JUL 1     14                        30    -16        3

 COOLING
  YESTERDAY       17                         3     14        9
  MONTH TO DATE  148                       122     26      180
  SINCE SEP 1    148                       122     26      180
  SINCE JAN 1   1118                      1199    -81     1369
..................................................................


WIND (MPH)
  HIGHEST WIND SPEED    16   HIGHEST WIND DIRECTION     S (190)
  HIGHEST GUST SPEED    23   HIGHEST GUST DIRECTION    SE (140)
  AVERAGE WIND SPEED     7.7


SKY COVER
  AVERAGE SKY COVER 0.1


WEATHER CONDITIONS
 THE FOLLOWING WEATHER WAS RECORDED YESTERDAY.
  NO SIGNIFICANT WEATHER WAS OBSERVED.


RELATIVE HUMIDITY (PERCENT)
 HIGHEST    93           200 AM
 LOWEST     41           100 PM
 AVERAGE    67

..........................................................


THE VICHY-ROLLA MO CLIMATE NORMALS FOR TODAY
                         NORMAL    RECORD    YEAR
 MAXIMUM TEMPERATURE (F)   76        92      1901
 MINIMUM TEMPERATURE (F)   54        36      1897


SUNRISE AND SUNSET
SEPTEMBER 23 2017.....SUNRISE   656 AM CDT   SUNSET   702 PM CDT
SEPTEMBER 24 2017.....SUNRISE   657 AM CDT   SUNSET   700 PM CDT


-  INDICATES NEGATIVE NUMBERS.
R  INDICATES RECORD WAS SET OR TIED.
MM INDICATES DATA IS MISSING.
T  INDICATES TRACE AMOUNT.




$$
