000
CDUS43 KSGF 272126
CLIVIH


CLIMATE REPORT
NATIONAL WEATHER SERVICE SPRINGFIELD MO
425 PM CDT THU JUL 27 2017


...................................

...THE VICHY-ROLLA MO CLIMATE SUMMARY FOR JULY 27 2017...
VALID AS OF 0400 PM LOCAL TIME.

CLIMATE NORMAL PERIOD 1981 TO 2010
CLIMATE RECORD PERIOD 1888 TO 2017


WEATHER ITEM   OBSERVED TIME   RECORD YEAR NORMAL DEPARTURE LAST
                VALUE   (LST)  VALUE       VALUE  FROM      YEAR
                                                  NORMAL
..................................................................
TEMPERATURE (F)
 TODAY
  MAXIMUM         81    259 PM 102    1899  89     -8       88
  MINIMUM         72    832 AM  48    2004  67      5       70
  AVERAGE         77                        78     -1       79

PRECIPITATION (IN)
  TODAY            0.30          1.58 1905   0.13   0.17     0.00
  MONTH TO DATE    7.27                      3.89   3.38     5.36
  SINCE JUN 1     10.20                      8.52   1.68     7.30
  SINCE JAN 1     32.64                     25.33   7.31    21.54

DEGREE DAYS
 HEATING
  TODAY            0                         0      0        0
  MONTH TO DATE    0                         0      0        0
  SINCE JUN 1      1                        14    -13        0
  SINCE JUL 1      0                         0      0        0

 COOLING
  TODAY           12                        13     -1       14
  MONTH TO DATE  381                       332     49      365
  SINCE JUN 1    612                       567     45      712
  SINCE JAN 1    716                       674     42      790
..................................................................


WIND (MPH)
  HIGHEST WIND SPEED    15   HIGHEST WIND DIRECTION    NW (310)
  HIGHEST GUST SPEED    19   HIGHEST GUST DIRECTION    NW (300)


SKY COVER
  AVERAGE SKY COVER 0.8


WEATHER CONDITIONS
 THE FOLLOWING WEATHER WAS RECORDED TODAY.
  RAIN
  LIGHT RAIN
  FOG


RELATIVE HUMIDITY (PERCENT)
 HIGHEST   100           300 AM
 LOWEST     79          1200 AM
 AVERAGE    90

..........................................................


THE VICHY-ROLLA MO CLIMATE NORMALS FOR TOMORROW
                         NORMAL    RECORD    YEAR
 MAXIMUM TEMPERATURE (F)   89       100      1952
 MINIMUM TEMPERATURE (F)   67        50      2013


SUNRISE AND SUNSET
JULY 27 2017..........SUNRISE   606 AM CDT   SUNSET   821 PM CDT
JULY 28 2017..........SUNRISE   607 AM CDT   SUNSET   820 PM CDT


-  INDICATES NEGATIVE NUMBERS.
R  INDICATES RECORD WAS SET OR TIED.
MM INDICATES DATA IS MISSING.
T  INDICATES TRACE AMOUNT.




$$
