000
CDUS43 KSGF 180628
CLIVIH


CLIMATE REPORT
NATIONAL WEATHER SERVICE SPRINGFIELD MO
128 AM CDT FRI APR 18 2014


...................................

...THE VICHY-ROLLA MO CLIMATE SUMMARY FOR APRIL 17 2014...

CLIMATE NORMAL PERIOD 1981 TO 2010
CLIMATE RECORD PERIOD 1888 TO 2014


WEATHER ITEM   OBSERVED TIME   RECORD YEAR NORMAL DEPARTURE LAST
                VALUE   (LST)  VALUE       VALUE  FROM      YEAR
                                                  NORMAL
..................................................................
TEMPERATURE (F)
 YESTERDAY
  MAXIMUM         63    224 PM  86    2004  67     -4       83
  MINIMUM         40    535 AM  25    1904  44     -4       45
  AVERAGE         52                        56     -4       64

PRECIPITATION (IN)
  YESTERDAY        0.00          2.91 1957   0.14  -0.14     0.00
  MONTH TO DATE    2.14                      2.28  -0.14     2.54
  SINCE MAR 1      2.85                      5.73  -2.88     5.80
  SINCE JAN 1      4.31                      9.83  -5.52    10.51

DEGREE DAYS
 HEATING
  YESTERDAY       13                        10      3        1
  MONTH TO DATE  225                       209     16      217
  SINCE MAR 1    976                       823    153     1036
  SINCE JUL 1   5282                      4613    669     4622

 COOLING
  YESTERDAY        0                         1     -1        0
  MONTH TO DATE    7                        11     -4        6
  SINCE MAR 1      7                        15     -8        6
  SINCE JAN 1      7                        15     -8        6
..................................................................


WIND (MPH)
  HIGHEST WIND SPEED    15   HIGHEST WIND DIRECTION     S (190)
  HIGHEST GUST SPEED    20   HIGHEST GUST DIRECTION     S (190)
  AVERAGE WIND SPEED     9.0


SKY COVER
  AVERAGE SKY COVER 0.1


WEATHER CONDITIONS
 THE FOLLOWING WEATHER WAS RECORDED YESTERDAY.
  NO SIGNIFICANT WEATHER WAS OBSERVED.


RELATIVE HUMIDITY (PERCENT)
 HIGHEST    76          1000 PM
 LOWEST     42           100 PM
 AVERAGE    59

..........................................................


THE VICHY-ROLLA MO CLIMATE NORMALS FOR TODAY
                         NORMAL    RECORD    YEAR
 MAXIMUM TEMPERATURE (F)   68        88      2006
                                             1899
 MINIMUM TEMPERATURE (F)   45        25      1953


SUNRISE AND SUNSET
APRIL 18 2014.........SUNRISE   627 AM CDT   SUNSET   746 PM CDT
APRIL 19 2014.........SUNRISE   626 AM CDT   SUNSET   747 PM CDT


-  INDICATES NEGATIVE NUMBERS.
R  INDICATES RECORD WAS SET OR TIED.
MM INDICATES DATA IS MISSING.
T  INDICATES TRACE AMOUNT.




$$
