000
CDUS43 KSGF 040628
CLIVIH


CLIMATE REPORT
NATIONAL WEATHER SERVICE SPRINGFIELD MO
126 AM CDT WED MAY 4 2016


...................................

...THE VICHY-ROLLA MO CLIMATE SUMMARY FOR MAY 3 2016...

CLIMATE NORMAL PERIOD 1981 TO 2010
CLIMATE RECORD PERIOD 1888 TO 2016


WEATHER ITEM   OBSERVED TIME   RECORD YEAR NORMAL DEPARTURE LAST
                VALUE   (LST)  VALUE       VALUE  FROM      YEAR
                                                  NORMAL
..................................................................
TEMPERATURE (F)
 YESTERDAY
  MAXIMUM         64    406 PM  89    1902  71     -7       82
  MINIMUM         46    942 PM  30    1976  49     -3       59
  AVERAGE         55                        60     -5       71

PRECIPITATION (IN)
  YESTERDAY        0.00          0.96 1991   0.16  -0.16     0.00
  MONTH TO DATE    T                         0.47  -0.47     0.00
  SINCE MAR 1      6.94                      8.14  -1.20     5.14
  SINCE JAN 1      9.06                     12.24  -3.18     7.42

DEGREE DAYS
 HEATING
  YESTERDAY       10                         6      4        0
  MONTH TO DATE   30                        18     12       12
  SINCE MAR 1    718                       946   -228      850
  SINCE JUL 1   3921                      4736   -815     4967

 COOLING
  YESTERDAY        0                         1     -1        6
  MONTH TO DATE    0                         3     -3        6
  SINCE MAR 1     14                        29    -15       19
  SINCE JAN 1     14                        29    -15       19
..................................................................


WIND (MPH)
  HIGHEST WIND SPEED    13   HIGHEST WIND DIRECTION    NW (310)
  HIGHEST GUST SPEED    18   HIGHEST GUST DIRECTION    NW (320)
  AVERAGE WIND SPEED     6.6


SKY COVER
  AVERAGE SKY COVER 0.6


WEATHER CONDITIONS
 THE FOLLOWING WEATHER WAS RECORDED YESTERDAY.
  FOG


RELATIVE HUMIDITY (PERCENT)
 HIGHEST   100           500 AM
 LOWEST     46           500 PM
 AVERAGE    73

..........................................................


THE VICHY-ROLLA MO CLIMATE NORMALS FOR TODAY
                         NORMAL    RECORD    YEAR
 MAXIMUM TEMPERATURE (F)   72        91      2014
                                             1952
 MINIMUM TEMPERATURE (F)   50        31      1954


SUNRISE AND SUNSET
MAY  4 2016...........SUNRISE   607 AM CDT   SUNSET   801 PM CDT
MAY  5 2016...........SUNRISE   606 AM CDT   SUNSET   802 PM CDT


-  INDICATES NEGATIVE NUMBERS.
R  INDICATES RECORD WAS SET OR TIED.
MM INDICATES DATA IS MISSING.
T  INDICATES TRACE AMOUNT.




$$
