000
CDUS43 KSGF 020631
CLIVIH


CLIMATE REPORT
NATIONAL WEATHER SERVICE SPRINGFIELD MO
131 AM CDT TUE JUN 2 2015


...................................

...THE VICHY-ROLLA MO CLIMATE SUMMARY FOR JUNE 1 2015...

CLIMATE NORMAL PERIOD 1981 TO 2010
CLIMATE RECORD PERIOD 1888 TO 2015


WEATHER ITEM   OBSERVED TIME   RECORD YEAR NORMAL DEPARTURE LAST
                VALUE   (LST)  VALUE       VALUE  FROM      YEAR
                                                  NORMAL
..................................................................
TEMPERATURE (F)
 YESTERDAY
  MAXIMUM         60    641 PM  93    1951  79    -19       83
  MINIMUM         53    537 AM  45    1905  58     -5       65
  AVERAGE         57                        68    -11       74

PRECIPITATION (IN)
  YESTERDAY        0.00          2.36 1970   0.17  -0.17      T
  MONTH TO DATE    0.00                      0.17  -0.17      T
  SINCE JUN 1      0.00                      0.17  -0.17      T
  SINCE JAN 1     14.02                     16.98  -2.96     9.62

DEGREE DAYS
 HEATING
  YESTERDAY        8                         1      7        0
  MONTH TO DATE    8                         1      7        0
  SINCE JUN 1      8                         1      7        0
  SINCE JUL 1   5051                      4835    216     5478

 COOLING
  YESTERDAY        0                         5     -5        9
  MONTH TO DATE    0                         5     -5        9
  SINCE JUN 1      0                         5     -5        9
  SINCE JAN 1    107                       112     -5      156
..................................................................


WIND (MPH)
  HIGHEST WIND SPEED     9   HIGHEST WIND DIRECTION    NE (60)
  HIGHEST GUST SPEED    15   HIGHEST GUST DIRECTION     N (20)
  AVERAGE WIND SPEED     4.8


SKY COVER
  AVERAGE SKY COVER 1.0


WEATHER CONDITIONS
 THE FOLLOWING WEATHER WAS RECORDED YESTERDAY.
  FOG


RELATIVE HUMIDITY (PERCENT)
 HIGHEST   100           700 AM
 LOWEST     78           200 PM
 AVERAGE    89

..........................................................


THE VICHY-ROLLA MO CLIMATE NORMALS FOR TODAY
                         NORMAL    RECORD    YEAR
 MAXIMUM TEMPERATURE (F)   79        91      1898
 MINIMUM TEMPERATURE (F)   58        44      1956


SUNRISE AND SUNSET
JUNE  2 2015..........SUNRISE   546 AM CDT   SUNSET   825 PM CDT
JUNE  3 2015..........SUNRISE   545 AM CDT   SUNSET   826 PM CDT


-  INDICATES NEGATIVE NUMBERS.
R  INDICATES RECORD WAS SET OR TIED.
MM INDICATES DATA IS MISSING.
T  INDICATES TRACE AMOUNT.




$$
