000
CDUS43 KSGF 290628
CLIVIH


CLIMATE REPORT
NATIONAL WEATHER SERVICE SPRINGFIELD MO
128 AM CDT SUN MAR 29 2015


...................................

...THE VICHY-ROLLA MO CLIMATE SUMMARY FOR MARCH 28 2015...

CLIMATE NORMAL PERIOD 1981 TO 2010
CLIMATE RECORD PERIOD 1888 TO 2015


WEATHER ITEM   OBSERVED TIME   RECORD YEAR NORMAL DEPARTURE LAST
                VALUE   (LST)  VALUE       VALUE  FROM      YEAR
                                                  NORMAL
..................................................................
TEMPERATURE (F)
 YESTERDAY
  MAXIMUM         46    537 PM  82    2012  61    -15       52
                                      1963
  MINIMUM         31    743 AM  21    1899  38     -7       35
  AVERAGE         39                        49    -10       44

PRECIPITATION (IN)
  YESTERDAY        T             2.50 1977   0.14  -0.14     0.00
  MONTH TO DATE    3.02                      3.00   0.02     0.70
  SINCE MAR 1      3.02                      3.00   0.02     0.70
  SINCE JAN 1      5.30                      7.10  -1.80     2.16

DEGREE DAYS
 HEATING
  YESTERDAY       26                        16     10       21
  MONTH TO DATE  580                       568     12      706
  SINCE MAR 1    580                       568     12      706
  SINCE JUL 1   4697                      4358    339     5012

 COOLING
  YESTERDAY        0                         0      0        0
  MONTH TO DATE    0                         0      0        0
  SINCE MAR 1      0                         0      0        0
  SINCE JAN 1      0                         0      0        0
..................................................................


WIND (MPH)
  HIGHEST WIND SPEED    15   HIGHEST WIND DIRECTION     S (160)
  HIGHEST GUST SPEED    20   HIGHEST GUST DIRECTION    SE (150)
  AVERAGE WIND SPEED     8.3


SKY COVER
  AVERAGE SKY COVER 0.6


WEATHER CONDITIONS
 THE FOLLOWING WEATHER WAS RECORDED YESTERDAY.
  LIGHT SNOW


RELATIVE HUMIDITY (PERCENT)
 HIGHEST    78           400 AM
 LOWEST     45           500 PM
 AVERAGE    62

..........................................................


THE VICHY-ROLLA MO CLIMATE NORMALS FOR TODAY
                         NORMAL    RECORD    YEAR
 MAXIMUM TEMPERATURE (F)   61        82      1968
 MINIMUM TEMPERATURE (F)   38        18      1899


SUNRISE AND SUNSET
MARCH 29 2015.........SUNRISE   657 AM CDT   SUNSET   727 PM CDT
MARCH 30 2015.........SUNRISE   656 AM CDT   SUNSET   728 PM CDT


-  INDICATES NEGATIVE NUMBERS.
R  INDICATES RECORD WAS SET OR TIED.
MM INDICATES DATA IS MISSING.
T  INDICATES TRACE AMOUNT.




$$
