663
CDUS43 KSGF 290634
CLIVIH


CLIMATE REPORT
NATIONAL WEATHER SERVICE SPRINGFIELD MO
134 AM CDT THU SEP 29 2016


...................................

...THE VICHY-ROLLA MO CLIMATE SUMMARY FOR SEPTEMBER 28 2016...

CLIMATE NORMAL PERIOD 1981 TO 2010
CLIMATE RECORD PERIOD 1888 TO 2016


WEATHER ITEM   OBSERVED TIME   RECORD YEAR NORMAL DEPARTURE LAST
                VALUE   (LST)  VALUE       VALUE  FROM      YEAR
                                                  NORMAL
..................................................................
TEMPERATURE (F)
 YESTERDAY
  MAXIMUM         68    319 PM 101    1953  73     -5       84
  MINIMUM         51   1047 PM  38    1951  52     -1       57
  AVERAGE         60                        63     -3       71

PRECIPITATION (IN)
  YESTERDAY        0.00          1.84 1999   0.12  -0.12     0.00
  MONTH TO DATE    4.48                      3.82   0.66     0.82
  SINCE SEP 1      4.48                      3.82   0.66     0.82
  SINCE JAN 1     36.82                     33.37   3.45    30.08

DEGREE DAYS
 HEATING
  YESTERDAY        5                         5      0        0
  MONTH TO DATE   15                        51    -36       24
  SINCE SEP 1     15                        51    -36       24
  SINCE JUL 1     15                        54    -39       26

 COOLING
  YESTERDAY        0                         2     -2        6
  MONTH TO DATE  211                       137     74      229
  SINCE SEP 1    211                       137     74      229
  SINCE JAN 1   1400                      1214    186     1244
..................................................................


WIND (MPH)
  HIGHEST WIND SPEED    20   HIGHEST WIND DIRECTION    NW (330)
  HIGHEST GUST SPEED    29   HIGHEST GUST DIRECTION    NW (330)
  AVERAGE WIND SPEED    10.5


SKY COVER
  AVERAGE SKY COVER 0.1


WEATHER CONDITIONS
 THE FOLLOWING WEATHER WAS RECORDED YESTERDAY.
  NO SIGNIFICANT WEATHER WAS OBSERVED.


RELATIVE HUMIDITY (PERCENT)
 HIGHEST    83           300 AM
 LOWEST     45          1000 AM
 AVERAGE    64

..........................................................


THE VICHY-ROLLA MO CLIMATE NORMALS FOR TODAY
                         NORMAL    RECORD    YEAR
 MAXIMUM TEMPERATURE (F)   73       102      1953
 MINIMUM TEMPERATURE (F)   51        34      2003


SUNRISE AND SUNSET
SEPTEMBER 29 2016.....SUNRISE   701 AM CDT   SUNSET   652 PM CDT
SEPTEMBER 30 2016.....SUNRISE   702 AM CDT   SUNSET   651 PM CDT


-  INDICATES NEGATIVE NUMBERS.
R  INDICATES RECORD WAS SET OR TIED.
MM INDICATES DATA IS MISSING.
T  INDICATES TRACE AMOUNT.




$$
