997
CXUS52 KMLB 010736
CF6VRB
PRELIMINARY LOCAL CLIMATOLOGICAL DATA (WS FORM: F-6)
STATION: VERO BEACH
MONTH: OCTOBER
YEAR: 2020
LATITUDE: 27 39 N
LONGITUDE: 80 25 W
TEMPERATURE IN F: :PCPN: SNOW: WIND :SUNSHINE: SKY :PK WND
================================================================================
1 2 3 4 5 6A 6B 7 8 9 10 11 12 13 14 15 16 17 18
12Z AVG MX 2MIN
DY MAX MIN AVG DEP HDD CDD WTR SNW DPTH SPD SPD DIR MIN PSBL S-S WX SPD DR
================================================================================
1 85 73 79 0 0 14 0.56 0.0 0 7.7 16 40 M M 9 13 20 50
2 85 74 80 1 0 15 T 0.0 0 7.4 16 20 M M 6 19 360
3 83 73 78 -1 0 13 4.69 0.0 0 6.4 14 310 M M 9 128 16 310
4 83 72 78 -1 0 13 0.35 0.0 0 5.8 15 120 M M 5 18 21 140
5 87 74 81 2 0 16 0.12 0.0 0 7.2 16 90 M M 4 1 21 80
6 89 77 83 4 0 18 0.02 0.0 0 9.3 21 90 M M 4 8 27 80
7 90 78 84 6 0 19 0.00 0.0 0 7.4 16 150 M M 2 20 140
8 88 72 80 2 0 15 T 0.0 0 5.0 13 120 M M 2 17 120
9 88 78 83 5 0 18 0.00 0.0 0 10.6 18 140 M M 2 22 150
10 88 76 82 4 0 17 1.33 0.0 0 8.0 21 160 M M 5 138 27 160
11 92 75 84 6 0 19 0.00 0.0 0 6.0 18 260 M M 3 23 300
12 89 71 80 2 0 15 0.00 0.0 0 5.0 10 70 M M 5 1 14 300
13 87 70 79 2 0 14 0.00 0.0 0 6.2 14 50 M M 1 1 19 40
14 88 68 78 1 0 13 0.00 0.0 0 6.7 15 30 M M 2 20 60
15 88 70 79 2 0 14 0.00 0.0 0 6.5 16 130 M M 3 20 120
16 88 75 82 5 0 17 T 0.0 0 5.1 17 40 M M 3 22 30
17 87 75 81 5 0 16 0.07 0.0 0 10.8 21 70 M M 4 1 27 80
18 86 77 82 6 0 17 0.02 0.0 0 13.1 24 70 M M 5 38 31 70
19 85 74 80 4 0 15 0.44 0.0 0 14.0 24 110 M M 7 138 31 60
20 85 74 80 4 0 15 0.48 0.0 0 13.0 28 110 M M 6 138 37 110
21 84 72 78 2 0 13 1.47 0.0 0 10.6 22 120 M M 6 1 30 100
22 86 73 80 5 0 15 0.01 0.0 0 11.3 21 90 M M 6 26 90
23 84 76 80 5 0 15 0.05 0.0 0 10.2 21 120 M M 4 1 26 130
24 86 72 79 4 0 14 0.66 0.0 0 7.5 21 130 M M 4 1 24 140
25 88 74 81 6 0 16 1.35 0.0 0 6.4 22 140 M M 5 138 29 140
26 86 73 80 6 0 15 0.18 0.0 0 5.8 14 190 M M 7 1 19 100
27 86 74 80 6 0 15 0.00 0.0 0 6.9 16 80 M M 3 1 20 110
28 87 78 83 9 0 18 0.09 0.0 0 10.3 20 120 M M 4 1 24 130
29 90 76 83 9 0 18 0.01 0.0 0 8.3 17 210 M M 3 23 180
30 82 73 78 4 0 13 T 0.0 0 8.0 16 310 M M 5 21 290
31 85 74 80 7 0 15 0.09 0.0 0 10.9 18 90 M M 9 18 24 80
================================================================================
SM 2685 2291 0 480 11.99 0.0 257.4 M 143
================================================================================
AV 86.6 73.9 8.3 FASTST M M 5 MAX(MPH)
MISC ----> 28 110 37 110
================================================================================
NOTES:
# LAST OF SEVERAL OCCURRENCES
COLUMN 17 PEAK WIND IN M.P.H.
PRELIMINARY LOCAL CLIMATOLOGICAL DATA (WS FORM: F-6) , PAGE 2
STATION: VERO BEACH
MONTH: OCTOBER
YEAR: 2020
LATITUDE: 27 39 N
LONGITUDE: 80 25 W
[TEMPERATURE DATA] [PRECIPITATION DATA] SYMBOLS USED IN COLUMN 16
AVERAGE MONTHLY: 80.3 TOTAL FOR MONTH: 11.99 1 = FOG OR MIST
DPTR FM NORMAL: 3.8 DPTR FM NORMAL: 7.08 2 = FOG REDUCING VISIBILITY
HIGHEST: 92 ON 11 GRTST 24HR 4.80 ON 3- 4 TO 1/4 MILE OR LESS
LOWEST: 68 ON 14 3 = THUNDER
SNOW, ICE PELLETS, HAIL 4 = ICE PELLETS
TOTAL MONTH: 0.0 INCH 5 = HAIL
GRTST 24HR 0.0 6 = FREEZING RAIN OR DRIZZLE
GRTST DEPTH: 0 7 = DUSTSTORM OR SANDSTORM:
VSBY 1/2 MILE OR LESS
8 = SMOKE OR HAZE
[NO. OF DAYS WITH] [WEATHER - DAYS WITH] 9 = BLOWING SNOW
X = TORNADO
MAX 32 OR BELOW: 0 0.01 INCH OR MORE: 19
MAX 90 OR ABOVE: 3 0.10 INCH OR MORE: 11
MIN 32 OR BELOW: 0 0.50 INCH OR MORE: 6
MIN 0 OR BELOW: 0 1.00 INCH OR MORE: 4
[HDD (BASE 65) ]
TOTAL THIS MO. 0 CLEAR (SCALE 0-3) 10
DPTR FM NORMAL -3 PTCLDY (SCALE 4-7) 18
TOTAL FM JUL 1 0 CLOUDY (SCALE 8-10) 3
DPTR FM NORMAL 0
[CDD (BASE 65) ]
TOTAL THIS MO. 480
DPTR FM NORMAL 119 [PRESSURE DATA]
TOTAL FM JAN 1 3878 HIGHEST SLP 30.14 ON 31
DPTR FM NORMAL 750 LOWEST SLP 29.83 ON 25
[REMARKS]
#FINAL-10-20#