000
CXUS51 KBTV 010800
CF6VSF
PRELIMINARY LOCAL CLIMATOLOGICAL DATA (WS FORM: F-6)
STATION: SPRINGFIELD VT
MONTH: DECEMBER
YEAR: 2021
LATITUDE: 43 19 N
LONGITUDE: 72 31 W
TEMPERATURE IN F: :PCPN: SNOW: WIND :SUNSHINE: SKY :PK WND
================================================================================
1 2 3 4 5 6A 6B 7 8 9 10 11 12 13 14 15 16 17 18
12Z AVG MX 2MIN
DY MAX MIN AVG DEP HDD CDD WTR SNW DPTH SPD SPD DIR MIN PSBL S-S WX SPD DR
================================================================================
1 43 26 35 3 30 0 T M M 2.1 20 270 M M 6 1 27 240
2 43 28 36 5 29 0 0.13 M M 1.6 18 280 M M 10 123 26 280
3 41 27 34 3 31 0 0.00 M M 10.6 23 280 M M 5 40 310
4 38 16 27 -3 38 0 T M M 2.2 14 270 M M 3 21 260
5 40 23 32 2 33 0 T M M 0.7 8 250 M M 5 10 260
6 52 32 42 12 23 0 0.44 M M 3.0 25 280 M M 10 126 39 260
7 38 25 32 3 33 0 0.00 M M 7.5 22 260 M M 6 30 270
8 30 22 26 -3 39 0 0.05 M M 0.6 6 40 M M 8 18 8 40
9 32 15 24 -5 41 0 T M M 2.5 16 290 M M 5 1 21 290
10 35 18 27 -1 38 0 T M M 1.2 8 160 M M 8 1 11 160
11 54 27 41 13 24 0 0.73 M M 2.2 28 270 M M 10 16 39 260
12 44 28 36 8 29 0 0.00 M M 8.2 22 270 M M 3 33 310
13 52 30 41 14 24 0 0.00 M M 4.5 16 290 M M 0 22 290
14 48 24 36 9 29 0 0.00 M M 5.7 16 290 M M 1 24 330
15 40 24 32 5 33 0 0.05 M M 2.2 13 170 M M 3 1 19 190
16 55 35 45 19 20 0 0.14 M M 0.3 8 350 M M 7 12 10 350
17 60 37 49 23 16 0 0.00 M M 10.3 28 280 M M 0 1 43 290
18 38 29 34 8 31 0 T M M 0.9 7 280 M M 8 1 8 50
19 31 13 22 -4 43 0 0.00 M M 4.2 15 320 M M 7 1 23 310
20 28 8 18 -7 47 0 0.00 M M 1.5 9 160 M M 1 11 170
21 42 16 29 4 36 0 0.00 M M 1.2 13 270 M M 2 1 18 260
22 39 17 28 3 37 0 0.06 M M 4.1 18 280 M M 8 16 31 300
23 30 9 20 -4 45 0 0.00 M M 7.3 18 270 M M 2 29 300
24 25 11 18 -6 47 0 0.00 M M 0.3 5 250 M M 10 8 6 250
25 33 24 29 5 36 0 M M M 0.4 7 60 M M 10 16 8 60
26 35 27 31 7 34 0 0.01 M M 4.5 14 280 M M 8 1 21 280
27 31 25 28 4 37 0 T M M 3.1 12 320 M M 10 1 18 300
28 36 26 31 8 34 0 0.04 M M 1.0 9 310 M M 10 1 13 320
29 36 29 33 10 32 0 0.02 M M 0.0 3 110 M M 10 12 5 350
30 38 33 36 13 29 0 T M M 0.3 3 50 M M 10 12 5 220
31 38 33 36 13 29 0 0.06 M M 0.4 3 30 M M 10 12 5 160
================================================================================
SM 1225 737 1027 0 1.73 M 94.6 M 196
================================================================================
AV 39.5 23.8 3.1 FASTST M M 6 MAX(MPH)
MISC ----> # 28 270 43 290
================================================================================
NOTES:
# LAST OF SEVERAL OCCURRENCES
COLUMN 17 PEAK WIND IN M.P.H.
PRELIMINARY LOCAL CLIMATOLOGICAL DATA (WS FORM: F-6) , PAGE 2
STATION: SPRINGFIELD VT
MONTH: DECEMBER
YEAR: 2021
LATITUDE: 43 19 N
LONGITUDE: 72 31 W
[TEMPERATURE DATA] [PRECIPITATION DATA] SYMBOLS USED IN COLUMN 16
AVERAGE MONTHLY: 31.6 TOTAL FOR MONTH: 1.73 1 = FOG OR MIST
DPTR FM NORMAL: 4.9 DPTR FM NORMAL: -1.44 2 = FOG REDUCING VISIBILITY
HIGHEST: 60 ON 17 GRTST 24HR 0.73 ON 11-11 TO 1/4 MILE OR LESS
LOWEST: 8 ON 20 3 = THUNDER
SNOW, ICE PELLETS, HAIL 4 = ICE PELLETS
TOTAL MONTH: M 5 = HAIL
GRTST 24HR M ON M 6 = FREEZING RAIN OR DRIZZLE
GRTST DEPTH: M ON M 7 = DUSTSTORM OR SANDSTORM:
VSBY 1/2 MILE OR LESS
8 = SMOKE OR HAZE
[NO. OF DAYS WITH] [WEATHER - DAYS WITH] 9 = BLOWING SNOW
X = TORNADO
MAX 32 OR BELOW: 7 0.01 INCH OR MORE: 11
MAX 90 OR ABOVE: 0 0.10 INCH OR MORE: 4
MIN 32 OR BELOW: 27 0.50 INCH OR MORE: 1
MIN 0 OR BELOW: 0 1.00 INCH OR MORE: 0
[HDD (BASE 65) ]
TOTAL THIS MO. 1027 CLEAR (SCALE 0-3) 8
DPTR FM NORMAL -160 PTCLDY (SCALE 4-7) 10
TOTAL FM JUL 1 2349 CLOUDY (SCALE 8-10) 13
DPTR FM NORMAL -455
[CDD (BASE 65) ]
TOTAL THIS MO. 0
DPTR FM NORMAL 0 [PRESSURE DATA]
TOTAL FM JAN 1 527 HIGHEST SLP 30.72 ON 15
DPTR FM NORMAL 150 LOWEST SLP 29.34 ON 11
[REMARKS]
#FINAL-12-21#