000
CXUS53 KLBF 011410
CF6VTN
PRELIMINARY LOCAL CLIMATOLOGICAL DATA (WS FORM: F-6)
STATION: VALENTINE
MONTH: OCTOBER
YEAR: 2023
LATITUDE: 42 52 N
LONGITUDE: 100 33 W
TEMPERATURE IN F: :PCPN: SNOW: WIND :SUNSHINE: SKY :PK WND
================================================================================
1 2 3 4 5 6A 6B 7 8 9 10 11 12 13 14 15 16 17 18
12Z AVG MX 2MIN
DY MAX MIN AVG DEP HDD CDD WTR SNW DPTH SPD SPD DIR MIN PSBL S-S WX SPD DR
================================================================================
1 87 70 79 22 0 14 0.00 0.0 0 19.4 35 180 M M 0 45 180
2 88 61 75 19 0 10 0.00 0.0 0 16.2 31 160 M M 0 43 170
3 78 50 64 8 1 0 T 0.0 0 12.7 29 260 M M 2 43 240
4 70 45 58 3 7 0 0.00 0.0 0 8.5 17 280 M M 2 24 270
5 65 46 56 1 9 0 0.00 0.0 0 12.7 29 290 M M 3 45 310
6 52 28 40 -14 25 0 0.00 0.0 0 14.3 30 350 M M 3 44 320
7 72 24 48 -6 17 0 0.00 0.0 0 6.0 16 280 M M 0 23 280
8 72 35 54 1 11 0 0.00 0.0 0 7.6 16 350 M M 0 21 30
9 71 30 51 -2 14 0 0.00 0.0 0 4.6 13 110 M M 0 19 100
10 74 36 55 3 10 0 0.00 0.0 0 8.2 14 80 M M 0 19 150
11 75 39 57 5 8 0 0.01 0.0 0 11.3 33 110 M M 1 3 47 110
12 54 41 48 -3 17 0 2.80 0.0 0 19.6 36 10 M M 10 13 52 10
13 44 39 42 -9 23 0 0.30 0.0 0 21.0 35 350 M M 10 1 52 360
14 47 41 44 -6 21 0 0.07 0.0 0 8.2 17 360 M M 10 1 24 350
15 53 32 43 -7 22 0 0.00 0.0 0 3.6 10 340 M M 6 13 350
16 70 27 49 0 16 0 0.00 0.0 0 2.5 8 60 M M 0 11 50
17 85 37 61 12 4 0 0.00 0.0 0 9.3 31 330 M M 0 45 330
18 64 41 53 5 12 0 T 0.0 0 16.0 32 310 M M 2 49 320
19 77 39 58 10 7 0 0.00 0.0 0 10.8 29 320 M M 0 40 300
20 81 40 61 14 4 0 0.00 0.0 0 8.7 18 330 M M 0 25 330
21 65 38 52 5 13 0 0.00 0.0 0 5.5 13 70 M M 0 18 20
22 66 39 53 7 12 0 T 0.0 0 10.1 37 160 M M 1 51 160
23 79 33 56 10 9 0 0.00 0.0 0 6.4 17 160 M M 0 22 360
24 53 44 49 3 16 0 0.00 0.0 0 9.5 25 350 M M 9 1 34 350
25 54 41 48 3 17 0 0.01 0.0 0 7.9 18 330 M M 10 1 25 310
26 41 23 32 -13 33 0 0.07 0.0 0 14.9 25 310 M M 10 16 39 310
27 31 15 23 -21 42 0 0.00 0.0 0 10.4 25 320 M M 4 38 320
28 26 20 23 -21 42 0 0.03 T 0 7.4 14 340 M M 9 1 19 360
29 33 14 24 -19 41 0 T T 0 10.1 23 320 M M 3 33 310
30 47 14 31 -12 34 0 0.00 0.0 0 14.3 28 340 M M 1 40 290
31 35 6 21 -22 44 0 0.00 0.0 0 6.6 17 220 M M 1 24 330
================================================================================
SM 1909 1088 531 24 3.29 T 324.3 M 97
================================================================================
AV 61.6 35.1 10.5 FASTST M M 3 MAX(MPH)
MISC ----> 37 160 # 52 10
================================================================================
NOTES:
# LAST OF SEVERAL OCCURRENCES
COLUMN 17 PEAK WIND IN M.P.H.
PRELIMINARY LOCAL CLIMATOLOGICAL DATA (WS FORM: F-6) , PAGE 2
STATION: VALENTINE
MONTH: OCTOBER
YEAR: 2023
LATITUDE: 42 52 N
LONGITUDE: 100 33 W
[TEMPERATURE DATA] [PRECIPITATION DATA] SYMBOLS USED IN COLUMN 16
AVERAGE MONTHLY: 48.3 TOTAL FOR MONTH: 3.29 1 = FOG OR MIST
DPTR FM NORMAL: -1.0 DPTR FM NORMAL: 1.87 2 = FOG REDUCING VISIBILITY
HIGHEST: 88 ON 2 GRTST 24HR 2.81 ON 12-13 TO 1/4 MILE OR LESS
LOWEST: 6 ON 31 3 = THUNDER
SNOW, ICE PELLETS, HAIL 4 = ICE PELLETS
TOTAL MONTH: T 5 = HAIL
GRTST 24HR T ON 28-28 6 = FREEZING RAIN OR DRIZZLE
GRTST DEPTH: 0 7 = DUSTSTORM OR SANDSTORM:
VSBY 1/2 MILE OR LESS
8 = SMOKE OR HAZE
[NO. OF DAYS WITH] [WEATHER - DAYS WITH] 9 = BLOWING SNOW
X = TORNADO
MAX 32 OR BELOW: 2 0.01 INCH OR MORE: 7
MAX 90 OR ABOVE: 0 0.10 INCH OR MORE: 2
MIN 32 OR BELOW: 11 0.50 INCH OR MORE: 1
MIN 0 OR BELOW: 0 1.00 INCH OR MORE: 1
[HDD (BASE 65) ]
TOTAL THIS MO. 531 CLEAR (SCALE 0-3) 21
DPTR FM NORMAL 39 PTCLDY (SCALE 4-7) 3
TOTAL FM JUL 1 603 CLOUDY (SCALE 8-10) 7
DPTR FM NORMAL -34
[CDD (BASE 65) ]
TOTAL THIS MO. 24
DPTR FM NORMAL 18 [PRESSURE DATA]
TOTAL FM JAN 1 877 HIGHEST SLP 30.62 ON 31
DPTR FM NORMAL -49 LOWEST SLP 29.43 ON 12
[REMARKS]
#FINAL-10-23#