000
CXUS56 KPQR 011155
CF6VUO
PRELIMINARY LOCAL CLIMATOLOGICAL DATA (WS FORM: F-6)
STATION: VANCOUVER WA
MONTH: SEPTEMBER
YEAR: 2021
LATITUDE: 45 37 N
LONGITUDE: 122 39 W
TEMPERATURE IN F: :PCPN: SNOW: WIND :SUNSHINE: SKY :PK WND
================================================================================
1 2 3 4 5 6A 6B 7 8 9 10 11 12 13 14 15 16 17 18
12Z AVG MX 2MIN
DY MAX MIN AVG DEP HDD CDD WTR SNW DPTH SPD SPD DIR MIN PSBL S-S WX SPD DR
================================================================================
1 78 46 62 -5 3 0 0.00 M M 6.4 16 300 M M 0 23 290
2 85 48 67 0 0 2 0.00 M M 4.7 14 300 M M 0 22 300
3 82 50 66 -1 0 1 0.00 M M 1.8 8 300 M M 1 11 290
4 88 51 70 3 0 5 0.00 M M 2.4 10 330 M M 0 8 16 330
5 86 58 72 5 0 7 0.00 M M 4.6 17 310 M M 1 22 310
6 83 61 72 6 0 7 0.00 M M 5.8 14 320 M M 3 20 290
7 87 55 71 5 0 6 0.00 M M 2.4 9 310 M M 0 12 310
8 88 59 74 8 0 9 T M M 3.5 13 350 M M 1 18 350
9 85 57 71 5 0 6 0.00 M M 3.6 12 340 M M 0 18 350
10 69 61 65 -1 0 0 0.00 M M 3.7 8 330 M M 8 13 340
11 80 50 65 0 0 0 0.00 M M 4.1 10 350 M M 1 16 330
12 75 59 67 2 0 2 0.00 M M 5.2 15 310 M M 5 20 290
13 74 46 60 -5 5 0 0.00 M M 3.8 15 310 M M 3 22 300
14 82 48 65 0 0 0 0.00 M M 3.5 12 350 M M 2 18 330
15 71 53 62 -2 3 0 0.00 M M 8.2 16 300 M M 3 23 270
16 78 41 60 -4 5 0 0.00 M M 3.6 12 90 M M 0 17 80
17 77 52 65 1 0 0 0.11 M M 6.8 20 260 M M 7 18 33 180
18 67 54 61 -2 4 0 1.47 M M 5.7 18 280 M M 9 13 26 270
19 67 52 60 -3 5 0 1.35 M M 2.7 13 250 M M 8 1 17 260
20 72 49 61 -2 4 0 0.00 M M 2.7 12 290 M M 4 12 16 290
21 84 48 66 4 0 1 0.00 M M 3.4 10 110 M M 0 1 16 110
22 69 57 63 1 2 0 0.01 M M 2.7 12 300 M M 5 15 310
23 74 55 65 3 0 0 0.00 M M 5.0 13 320 M M 4 18 310
24 88 53 71 9 0 6 0.00 M M 2.9 10 240 M M 0 13 270
25 82 52 67 6 0 2 0.00 M M 1.7 8 310 M M 0 12 310
26 74 57 66 5 0 1 0.13 M M 5.8 16 180 M M 8 1 24 190
27 65 55 60 -1 5 0 0.54 M M 5.5 13 130 M M 9 1 16 110
28 61 53 57 -3 8 0 0.17 M M 4.0 12 200 M M 9 1 16 210
29 66 51 59 -1 6 0 T M M 5.9 13 110 M M 6 18 110
30 62 47 55 -5 10 0 0.09 M M 3.6 10 90 M M 8 128 18 120
================================================================================
SM 2299 1578 60 55 3.87 M 125.7 M 105
================================================================================
AV 76.6 52.6 4.2 FASTST M M 4 MAX(MPH)
MISC ----> 20 260 33 180
================================================================================
NOTES:
# LAST OF SEVERAL OCCURRENCES
COLUMN 17 PEAK WIND IN M.P.H.
PRELIMINARY LOCAL CLIMATOLOGICAL DATA (WS FORM: F-6) , PAGE 2
STATION: VANCOUVER WA
MONTH: SEPTEMBER
YEAR: 2021
LATITUDE: 45 37 N
LONGITUDE: 122 39 W
[TEMPERATURE DATA] [PRECIPITATION DATA] SYMBOLS USED IN COLUMN 16
AVERAGE MONTHLY: 64.6 TOTAL FOR MONTH: 3.87 1 = FOG OR MIST
DPTR FM NORMAL: 0.7 DPTR FM NORMAL: 2.44 2 = FOG REDUCING VISIBILITY
HIGHEST: 88 ON 24, 4 GRTST 24HR 2.17 ON 18-19 TO 1/4 MILE OR LESS
LOWEST: 41 ON 16 3 = THUNDER
SNOW, ICE PELLETS, HAIL 4 = ICE PELLETS
TOTAL MONTH: M 5 = HAIL
GRTST 24HR M ON M 6 = FREEZING RAIN OR DRIZZLE
GRTST DEPTH: M ON M 7 = DUSTSTORM OR SANDSTORM:
VSBY 1/2 MILE OR LESS
8 = SMOKE OR HAZE
[NO. OF DAYS WITH] [WEATHER - DAYS WITH] 9 = BLOWING SNOW
X = TORNADO
MAX 32 OR BELOW: 0 0.01 INCH OR MORE: 8
MAX 90 OR ABOVE: 0 0.10 INCH OR MORE: 6
MIN 32 OR BELOW: 0 0.50 INCH OR MORE: 3
MIN 0 OR BELOW: 0 1.00 INCH OR MORE: 2
[HDD (BASE 65) ]
TOTAL THIS MO. 60 CLEAR (SCALE 0-3) 17
DPTR FM NORMAL -24 PTCLDY (SCALE 4-7) 9
TOTAL FM JUL 1 71 CLOUDY (SCALE 8-10) 4
DPTR FM NORMAL -42
[CDD (BASE 65) ]
TOTAL THIS MO. 55
DPTR FM NORMAL 4 [PRESSURE DATA]
TOTAL FM JAN 1 698 HIGHEST SLP 30.38 ON 20
DPTR FM NORMAL 301 LOWEST SLP 29.65 ON 17
[REMARKS]
#FINAL-09-21#