000
CXUS56 KLOX 011155
CF6WJF
PRELIMINARY LOCAL CLIMATOLOGICAL DATA (WS FORM: F-6)
STATION: LANCASTER FOX FIELD CA
MONTH: AUGUST
YEAR: 2021
LATITUDE: 34 43 N
LONGITUDE: 118 13 W
TEMPERATURE IN F: :PCPN: SNOW: WIND :SUNSHINE: SKY :PK WND
================================================================================
1 2 3 4 5 6A 6B 7 8 9 10 11 12 13 14 15 16 17 18
12Z AVG MX 2MIN
DY MAX MIN AVG DEP HDD CDD WTR SNW DPTH SPD SPD DIR MIN PSBL S-S WX SPD DR
================================================================================
1 102 67 85 2 0 20 0.00 M M 10.1 24 220 M M 0 31 220
2 105 65 85 2 0 20 0.00 M M 8.5 21 260 M M 0 31 260
3 107 64 86 3 0 21 0.00 M M 7.2 22 250 M M 0 27 250
4 109 67 88 5 0 23 0.00 M M 9.1 26 250 M M 0 8 33 240
5 107 73 90 7 0 25 0.00 M M 13.1 24 250 M M 0 30 250
6 101 66 84 2 0 19 0.00 M M 10.6 23 250 M M 0 28 250
7 100 57 79 -3 0 14 0.00 M M 11.3 26 250 M M 0 32 240
8 99 71 85 3 0 20 0.00 M M 15.5 26 250 M M 0 34 250
9 101 71 86 4 0 21 0.00 M M 14.5 25 220 M M 0 30 220
10 104 68 86 4 0 21 0.00 M M 10.1 25 240 M M 0 30 240
11 103 78 91 9 0 26 0.00 M M 14.1 24 240 M M 0 30 240
12 101 78 90 8 0 25 0.00 M M 16.1 25 240 M M 0 32 240
13 100 77 89 7 0 24 0.00 M M 18.3 26 240 M M 0 35 240
14 102 79 91 9 0 26 0.00 M M 12.0 23 240 M M 0 27 240
15 109 70 90 8 0 25 0.00 M M 9.6 24 260 M M 0 28 240
16 102 79 91 9 0 26 0.00 M M 17.5 28 240 M M 0 8 36 240
17 92 70 81 0 0 16 0.00 M M 22.2 35 220 M M 0 43 220
18 74 63 69 -12 0 4 0.00 M M 22.3 33 220 M M 2 42 220
19 88 61 75 -6 0 10 0.00 M M 10.7 22 240 M M 0 26 230
20 92 56 74 -7 0 9 0.00 M M 8.9 22 240 M M 0 8 29 240
21 87 62 75 -6 0 10 0.00 M M 14.5 25 260 M M 0 30 260
22 92 55 74 -7 0 9 0.00 M M 9.1 24 240 M M 0 30 240
23 93 59 76 -4 0 11 0.00 M M 12.9 25 260 M M 0 33 270
24 96 62 79 -1 0 14 0.00 M M 12.4 23 240 M M 0 32 240
25 98 65 82 2 0 17 0.00 M M 9.6 23 250 M M 0 28 340
26 102 65 84 4 0 19 0.00 M M 10.2 23 280 M M 0 27 260
27 104 55 80 0 0 15 0.00 M M 6.6 22 250 M M 0 27 220
28 105 60 83 3 0 18 0.00 M M 8.1 24 240 M M 0 29 220
29 107 63 85 6 0 20 0.00 M M 8.4 24 240 M M 0 31 240
30 106 71 89 10 0 24 0.00 M M 12.0 26 220 M M 0 32 220
31 90 67 79 0 0 14 0.00 M M 18.5 31 220 M M 0 38 230
================================================================================
SM 3078 2064 0 566 0.00 M 384.0 M 2
================================================================================
AV 99.3 66.6 12.4 FASTST M M 0 MAX(MPH)
MISC ----> 35 220 43 220
================================================================================
NOTES:
# LAST OF SEVERAL OCCURRENCES
COLUMN 17 PEAK WIND IN M.P.H.
PRELIMINARY LOCAL CLIMATOLOGICAL DATA (WS FORM: F-6) , PAGE 2
STATION: LANCASTER FOX FIELD CA
MONTH: AUGUST
YEAR: 2021
LATITUDE: 34 43 N
LONGITUDE: 118 13 W
[TEMPERATURE DATA] [PRECIPITATION DATA] SYMBOLS USED IN COLUMN 16
AVERAGE MONTHLY: 82.9 TOTAL FOR MONTH: 0.00 1 = FOG OR MIST
DPTR FM NORMAL: 1.6 DPTR FM NORMAL: -0.01 2 = FOG REDUCING VISIBILITY
HIGHEST: 109 ON 15, 4 GRTST 24HR 0.00 ON 1- 1 TO 1/4 MILE OR LESS
LOWEST: 55 ON 27,22 3 = THUNDER
SNOW, ICE PELLETS, HAIL 4 = ICE PELLETS
TOTAL MONTH: M 5 = HAIL
GRTST 24HR M ON M 6 = FREEZING RAIN OR DRIZZLE
GRTST DEPTH: M ON M 7 = DUSTSTORM OR SANDSTORM:
VSBY 1/2 MILE OR LESS
8 = SMOKE OR HAZE
[NO. OF DAYS WITH] [WEATHER - DAYS WITH] 9 = BLOWING SNOW
X = TORNADO
MAX 32 OR BELOW: 0 0.01 INCH OR MORE: 0
MAX 90 OR ABOVE: 28 0.10 INCH OR MORE: 0
MIN 32 OR BELOW: 0 0.50 INCH OR MORE: 0
MIN 0 OR BELOW: 0 1.00 INCH OR MORE: 0
[HDD (BASE 65) ]
TOTAL THIS MO. 0 CLEAR (SCALE 0-3) 31
DPTR FM NORMAL 0 PTCLDY (SCALE 4-7) 0
TOTAL FM JUL 1 0 CLOUDY (SCALE 8-10) 0
DPTR FM NORMAL 0
[CDD (BASE 65) ]
TOTAL THIS MO. 566
DPTR FM NORMAL 62 [PRESSURE DATA]
TOTAL FM JAN 1 2069 HIGHEST SLP 30.07 ON 2
DPTR FM NORMAL 503 LOWEST SLP 29.63 ON 31
[REMARKS]
#FINAL-08-21#