000
CXUS56 KLOX 011255
CF6WJF
PRELIMINARY LOCAL CLIMATOLOGICAL DATA (WS FORM: F-6)
STATION: LANCASTER FOX FIELD CA
MONTH: NOVEMBER
YEAR: 2023
LATITUDE: 34 43 N
LONGITUDE: 118 13 W
TEMPERATURE IN F: :PCPN: SNOW: WIND :SUNSHINE: SKY :PK WND
================================================================================
1 2 3 4 5 6A 6B 7 8 9 10 11 12 13 14 15 16 17 18
12Z AVG MX 2MIN
DY MAX MIN AVG DEP HDD CDD WTR SNW DPTH SPD SPD DIR MIN PSBL S-S WX SPD DR
================================================================================
1 76 29 53 -4 12 0 0.00 M M 4.0 10 300 M M 0 8 14 90
2 77 29 53 -3 12 0 0.00 M M 3.1 9 280 M M 0 10 280
3 80 31 56 0 9 0 0.00 M M 2.2 9 300 M M 0 9 280
4 81 33 57 1 8 0 0.00 M M 2.7 10 280 M M 0 11 280
5 87 41 64 9 1 0 0.00 M M 9.0 22 270 M M 0 26 280
6 79 53 66 11 0 1 0.00 M M 15.0 25 280 M M 0 29 280
7 63 50 57 3 8 0 0.00 M M 19.8 30 280 M M 0 36 280
8 68 34 51 -3 14 0 0.00 M M 9.0 25 60 M M 0 30 70
9 68 27 48 -6 17 0 0.00 M M 6.6 17 50 M M 0 23 80
10 67 24 46 -7 19 0 0.00 M M 2.6 10 300 M M 0 12 300
11 71 24 48 -5 17 0 0.00 M M 3.6 12 70 M M 0 14 40
12 71 26 49 -3 16 0 0.00 M M 2.9 10 70 M M 0 12 90
13 71 32 52 0 13 0 0.00 M M 2.4 13 260 M M 0 13 270
14 72 28 50 -2 15 0 0.00 M M 3.6 9 270 M M 0 14 70
15 63 34 49 -2 16 0 0.08 M M 4.7 16 250 M M 8 19 250
16 67 42 55 4 10 0 0.00 M M 3.0 12 60 M M 6 1 14 50
17 68 41 55 5 10 0 0.00 M M 5.5 18 250 M M 3 1 22 250
18 63 50 57 7 8 0 0.10 M M 12.3 24 240 M M 7 1 31 260
19 60 41 51 1 14 0 0.00 M M 19.2 45 280 M M 0 8 57 280
20 64 29 47 -2 18 0 0.00 M M 11.7 31 60 M M 0 8 38 80
21 67 29 48 -1 17 0 0.00 M M 5.6 17 70 M M 0 22 50
22 68 29 49 1 16 0 0.00 M M 2.8 10 290 M M 0 12 290
23 74 34 54 6 11 0 0.00 M M 12.0 40 280 M M 1 8 46 270
24 62 34 48 0 17 0 0.00 M M 5.8 21 280 M M 0 26 270
25 58 24 41 -6 24 0 0.00 M M 5.8 20 70 M M 0 23 60
26 56 22 39 -8 26 0 0.00 M M 6.6 18 60 M M 0 22 70
27 60 26 43 -4 22 0 0.00 M M 5.8 18 60 M M 0 24 80
28 62 29 46 0 19 0 0.00 M M 3.0 10 50 M M 0 13 60
29 62 27 45 -1 20 0 0.00 M M 8.8 21 250 M M 1 25 240
30 59 46 53 7 12 0 0.00 M M 17.1 38 280 M M 0 42 280
================================================================================
SM 2044 998 421 1 0.18 M 216.2 M 26
================================================================================
AV 68.1 33.3 7.2 FASTST M M 1 MAX(MPH)
MISC ----> 45 280 57 280
================================================================================
NOTES:
# LAST OF SEVERAL OCCURRENCES
COLUMN 17 PEAK WIND IN M.P.H.
PRELIMINARY LOCAL CLIMATOLOGICAL DATA (WS FORM: F-6) , PAGE 2
STATION: LANCASTER FOX FIELD CA
MONTH: NOVEMBER
YEAR: 2023
LATITUDE: 34 43 N
LONGITUDE: 118 13 W
[TEMPERATURE DATA] [PRECIPITATION DATA] SYMBOLS USED IN COLUMN 16
AVERAGE MONTHLY: 50.7 TOTAL FOR MONTH: 0.18 1 = FOG OR MIST
DPTR FM NORMAL: -0.3 DPTR FM NORMAL: -0.19 2 = FOG REDUCING VISIBILITY
HIGHEST: 87 ON 5 GRTST 24HR 0.10 ON 18-18 TO 1/4 MILE OR LESS
LOWEST: 22 ON 26 3 = THUNDER
SNOW, ICE PELLETS, HAIL 4 = ICE PELLETS
TOTAL MONTH: M 5 = HAIL
GRTST 24HR M ON M 6 = FREEZING RAIN OR DRIZZLE
GRTST DEPTH: M ON M 7 = DUSTSTORM OR SANDSTORM:
VSBY 1/2 MILE OR LESS
8 = SMOKE OR HAZE
[NO. OF DAYS WITH] [WEATHER - DAYS WITH] 9 = BLOWING SNOW
X = TORNADO
MAX 32 OR BELOW: 0 0.01 INCH OR MORE: 2
MAX 90 OR ABOVE: 0 0.10 INCH OR MORE: 1
MIN 32 OR BELOW: 17 0.50 INCH OR MORE: 0
MIN 0 OR BELOW: 0 1.00 INCH OR MORE: 0
[HDD (BASE 65) ]
TOTAL THIS MO. 421 CLEAR (SCALE 0-3) 26
DPTR FM NORMAL 0 PTCLDY (SCALE 4-7) 4
TOTAL FM JUL 1 530 CLOUDY (SCALE 8-10) 0
DPTR FM NORMAL -22
[CDD (BASE 65) ]
TOTAL THIS MO. 1
DPTR FM NORMAL 0 [PRESSURE DATA]
TOTAL FM JAN 1 1876 HIGHEST SLP 30.54 ON 21
DPTR FM NORMAL -30 LOWEST SLP 29.74 ON 23
[REMARKS]
#FINAL-11-23#