000
CXUS55 KLKN 031540
CLSWMC
CLIMATE REPORT
NATIONAL WEATHER SERVICE ELKO, NV
740 AM PST FRI DEC 03 2021
...................................
...THE WINNEMUCCA AIRPORT NV CLIMATE SUMMARY FOR THE SEASON, FROM
9/1/2021 TO 11/30/2021...
CLIMATE NORMAL PERIOD 1991 TO 2020
CLIMATE RECORD PERIOD 1877 TO 2021
WEATHER OBSERVED NORMAL DEPART LAST YEAR`S
VALUE DATE(S) VALUE FROM VALUE
NORMAL
..............................................................
TEMPERATURE (F)
RECORD
HIGH 104 09/05/2020
09/04/2020
09/04/2020
LOW -10 11/25/2010
HIGHEST 101 09/09 95 6 MM
LOWEST 12 11/24 6 6 MM
11/25
AVG. MAXIMUM 69.3 68.6 0.7 MM
AVG. MINIMUM 33.7 31.5 2.2 MM
MEAN 51.5 50.0 1.5 MM
DAYS MAX >= 90 8 7.0 1.0 MM
DAYS MAX <= 32 0 0.9 -0.9 MM
DAYS MIN <= 32 38 50.6 -12.6 MM
DAYS MIN <= 0 0 0.5 -0.5 MM
PRECIPITATION (INCHES)
RECORD
MAXIMUM 4.79 1998
MINIMUM 0.07 1929
TOTALS 3.19 1.81 1.38 MM
DAILY AVG. 0.03 0.02 0.01 MM
DAYS >= .01 13 13.5 -0.5 MM
DAYS >= .10 6 5.7 0.3 MM
DAYS >= .50 2 0.4 1.6 MM
DAYS >= 1.00 1 0.1 0.9 MM
SNOWFALL (INCHES)
RECORDS
TOTAL 19.6 1985
TOTALS T 3.1 -3.1 MM
DAYS >= 1.0 0 1.0 -1.0 MM
GREATEST
SNOW DEPTH 0 MM
DEGREE DAYS
HEATING TOTAL 1245 1410 -165 MM
COOLING TOTAL 43 49 -6 MM
..............................................................
WIND (MPH)
AVERAGE WIND SPEED 6.2
HIGHEST WIND SPEED/DIRECTION 33/250 DATE 10/07
HIGHEST GUST SPEED/DIRECTION 46/250 DATE 10/07
AVERAGE RH (PERCENT) 49
WEATHER CONDITIONS. NUMBER OF DAYS WITH
THUNDERSTORM 1 MIXED PRECIP 0
HEAVY RAIN 5 RAIN 6
LIGHT RAIN 20 FREEZING RAIN 0
LT FREEZING RAIN 0 HAIL 0
HEAVY SNOW 0 SNOW 0
LIGHT SNOW 2 SLEET 0
FOG 7 FOG W/VIS <= 1/4 MILE 0
HAZE 17
- INDICATES NEGATIVE NUMBERS.
R INDICATES RECORD WAS SET OR TIED.
MM INDICATES DATA IS MISSING.
T INDICATES TRACE AMOUNT.
&&
=====================================================================
...WARMER THAN NORMAL METEOROLOGICAL FALL IN WINNEMUCCA...
...WETTER THAN NORMAL METEORLOGICAL FALL IN WINNEMUCCA...
...8TH (TIED) WARMEST METEORLOGICAL FALL ON RECORD FOR WINNEMUCCA...
THE AVERAGE TEMPERATURE IN WINNEMUCCA DURING METEOROLOGICAL FALL
(SEP-NOV) 2021 WAS 51.5 DEGREES, WHICH IS 1.5 DEGREES ABOVE THE
NORMAL 50 DEGREES, MAKING METEORLOGICAL FALL 2021 TIED FOR 8TH WARMEST
ON RECORD. THE TOTAL PRECIPITATION WAS 3.19 INCHES, WHICH IS 1.38
INCHES ABOVE OR 176 PERCENT OF THE NORMAL OF 1.81 INCHES. THE TOTAL
SNOWFALL WAS JUST A T, WHICH IS 3.1 INCHES BELOW THE 1991-2020
CLIMATOLOGICAL NORMAL OF 3.1 INCHES. THE PERIOD OF RECORD FOR THE
WINNEMUCCA AREA BEGAN IN 1877.
$$
LM