000
CXUS56 KMTR 010900
CF6WVI
PRELIMINARY LOCAL CLIMATOLOGICAL DATA (WS FORM: F-6)
STATION: WATSONVILLE AIRPORT
MONTH: JUNE
YEAR: 2023
LATITUDE: 36 55 N
LONGITUDE: 121 47 W
TEMPERATURE IN F: :PCPN: SNOW: WIND :SUNSHINE: SKY :PK WND
================================================================================
1 2 3 4 5 6A 6B 7 8 9 10 11 12 13 14 15 16 17 18
12Z AVG MX 2MIN
DY MAX MIN AVG DEP HDD CDD WTR SNW DPTH SPD SPD DIR MIN PSBL S-S WX SPD DR
================================================================================
1 59 52 56 -4 9 0 0.00 M M 6.2 12 230 M M 10 8 17 250
2 66 52 59 -1 6 0 0.00 M M 5.0 14 230 M M 6 8 21 220
3 66 51 59 -1 6 0 0.00 M M 3.7 12 250 M M 7 1 18 190
4 64 51 58 -2 7 0 0.00 M M 4.0 12 230 M M 9 1 17 230
5 59 51 55 -5 10 0 T M M 6.0 13 300 M M 10 1 22 290
6 66 55 61 1 4 0 0.07 M M 6.4 17 290 M M 9 1 27 290
7 67 52 60 0 5 0 0.00 M M 5.7 15 260 M M 8 21 250
8 70 50 60 -1 5 0 0.00 M M 6.3 13 270 M M 1 18 250
9 68 54 61 0 4 0 0.00 M M 6.7 17 250 M M 5 22 250
10 63 53 58 -3 7 0 0.00 M M 5.4 14 230 M M 9 19 260
11 66 52 59 -2 6 0 0.01 M M 5.9 15 230 M M 10 1 21 240
12 67 54 61 0 4 0 T M M 6.2 15 260 M M 8 1 24 250
13 67 55 61 0 4 0 0.00 M M 6.1 14 250 M M 7 20 270
14 68 55 62 1 3 0 0.00 M M 6.0 13 240 M M 8 1 19 210
15 68 53 61 0 4 0 0.01 M M 6.1 14 250 M M 9 1 23 240
16 69 55 62 1 3 0 0.00 M M 5.5 14 250 M M 8 19 290
17 69 54 62 1 3 0 0.00 M M 4.5 15 260 M M 7 1 19 240
18 72 51 62 1 3 0 0.00 M M 3.1 13 220 M M 5 1 17 200
19 72 46 59 -3 6 0 0.00 M M 6.8 18 260 M M 0 23 240
20 73 45 59 -3 6 0 0.00 M M 5.3 15 250 M M 0 20 230
21 71 46 59 -3 6 0 0.00 M M 5.5 14 130 M M 2 18 260
22 66 53 60 -2 5 0 T M M 7.2 16 250 M M 9 1 22 270
23 67 54 61 -1 4 0 0.04 M M 7.4 17 260 M M 6 1 24 270
24 68 54 61 -1 4 0 0.00 M M 5.2 14 230 M M 5 21 240
25 67 54 61 -1 4 0 0.00 M M 5.8 15 260 M M 6 20 220
26 67 54 61 -1 4 0 0.00 M M 5.0 13 120 M M 7 19 240
27 66 54 60 -2 5 0 0.00 M M 4.9 12 110 M M 8 17 210
28 67 53 60 -2 5 0 0.00 M M 4.4 12 200 M M 8 18 17 160
29 68 51 60 -2 5 0 0.00 M M 4.1 12 210 M M 7 12 16 230
30 73 49 61 -1 4 0 0.00 M M 4.0 12 210 M M 4 12 16 200
================================================================================
SM 2019 1563 151 0 0.13 M 164.4 M 198
================================================================================
AV 67.3 52.1 5.5 FASTST M M 7 MAX(MPH)
MISC ----> 18 260 27 290
================================================================================
NOTES:
# LAST OF SEVERAL OCCURRENCES
COLUMN 17 PEAK WIND IN M.P.H.
PRELIMINARY LOCAL CLIMATOLOGICAL DATA (WS FORM: F-6) , PAGE 2
STATION: WATSONVILLE AIRPORT
MONTH: JUNE
YEAR: 2023
LATITUDE: 36 55 N
LONGITUDE: 121 47 W
[TEMPERATURE DATA] [PRECIPITATION DATA] SYMBOLS USED IN COLUMN 16
AVERAGE MONTHLY: 59.7 TOTAL FOR MONTH: 0.13 1 = FOG OR MIST
DPTR FM NORMAL: -1.4 DPTR FM NORMAL: -0.05 2 = FOG REDUCING VISIBILITY
HIGHEST: 73 ON 30,20 GRTST 24HR 0.07 ON 6- 6 TO 1/4 MILE OR LESS
LOWEST: 45 ON 20 3 = THUNDER
SNOW, ICE PELLETS, HAIL 4 = ICE PELLETS
TOTAL MONTH: M 5 = HAIL
GRTST 24HR M ON M 6 = FREEZING RAIN OR DRIZZLE
GRTST DEPTH: M ON M 7 = DUSTSTORM OR SANDSTORM:
VSBY 1/2 MILE OR LESS
8 = SMOKE OR HAZE
[NO. OF DAYS WITH] [WEATHER - DAYS WITH] 9 = BLOWING SNOW
X = TORNADO
MAX 32 OR BELOW: 0 0.01 INCH OR MORE: 4
MAX 90 OR ABOVE: 0 0.10 INCH OR MORE: 0
MIN 32 OR BELOW: 0 0.50 INCH OR MORE: 0
MIN 0 OR BELOW: 0 1.00 INCH OR MORE: 0
[HDD (BASE 65) ]
TOTAL THIS MO. 151 CLEAR (SCALE 0-3) 4
DPTR FM NORMAL 24 PTCLDY (SCALE 4-7) 17
TOTAL FM JUL 1 3510 CLOUDY (SCALE 8-10) 9
DPTR FM NORMAL 549
[CDD (BASE 65) ]
TOTAL THIS MO. 0
DPTR FM NORMAL -11 [PRESSURE DATA]
TOTAL FM JAN 1 0 HIGHEST SLP M ON M
DPTR FM NORMAL -22 LOWEST SLP 29.83 ON 6
[REMARKS]
#FINAL-06-23#