000
CXUS56 KMTR 020842
CF6WVI
PRELIMINARY LOCAL CLIMATOLOGICAL DATA (WS FORM: F-6)
STATION: WATSONVILLE AIRPORT
MONTH: SEPTEMBER
YEAR: 2020
LATITUDE: 36 55 N
LONGITUDE: 121 47 W
TEMPERATURE IN F: :PCPN: SNOW: WIND :SUNSHINE: SKY :PK WND
================================================================================
1 2 3 4 5 6A 6B 7 8 9 10 11 12 13 14 15 16 17 18
12Z AVG MX 2MIN
DY MAX MIN AVG DEP HDD CDD WTR SNW DPTH SPD SPD DIR MIN PSBL S-S WX SPD DR
================================================================================
1 67 56 62 -2 3 0 0.00 M M 4.7 14 260 M M 9 1 17 280
2 71 57 64 0 1 0 0.00 M M 4.5 13 270 M M 6 16 210
3 73 55 64 0 1 0 0.00 M M 3.9 13 160 M M 4 1 16 150
4 80 51 66 2 0 1 0.00 M M 3.0 10 200 M M 0 1 13 200
5 95 54 75 11 0 10 0.00 M M 2.4 10 190 M M 0 13 220
6 110 61 86 22 0 21 0.00 M M 3.6 12 160 M M 0 8 13 160
7 94 62 78 14 0 13 0.00 M M 0.9 8 180 M M 0 8 10 180
8 M M M M M M 0.00 M M 5.9 10 140 M M 2 1 12 140
9 61 57 59 -5 6 0 0.00 M M 1.3 8 120 M M 10 1 10 120
10 65 56 61 -3 4 0 0.00 M M 1.2 7 220 M M 10 128 8 190
11 70 52 61 -3 4 0 0.00 M M 1.7 8 210 M M 10 128 10 220
12 77 50 64 0 1 0 0.00 M M 3.0 13 220 M M 10 128 15 220
13 65 54 60 -4 5 0 0.00 M M 2.6 10 230 M M 10 128 15 230
14 68 52 60 -4 5 0 0.00 M M 3.1 12 230 M M 10 18 15 230
15 75 49 62 -2 3 0 0.00 M M 3.4 9 210 M M 8 128 12 240
16 81 49 65 1 0 0 0.00 M M 4.1 9 170 M M 3 12 12 210
17 79 54 67 3 0 2 0.00 M M 3.9 12 190 M M 3 12 14 230
18 80 57 69 6 0 4 0.00 M M 3.9 13 260 M M 0 15 250
19 77 51 64 1 1 0 0.00 M M 3.5 12 190 M M 2 15 210
20 86 50 68 5 0 3 0.00 M M 3.2 13 180 M M 2 1 15 180
21 68 53 61 -2 4 0 0.00 M M 3.5 12 200 M M 6 12 15 220
22 77 52 65 2 0 0 0.00 M M 3.8 12 190 M M 3 12 14 150
23 84 50 67 4 0 2 0.00 M M 3.5 10 180 M M 0 12 170
24 79 54 67 4 0 2 0.00 M M 3.7 9 220 M M 0 13 170
25 75 53 64 1 1 0 0.00 M M 3.6 10 200 M M 0 13 190
26 81 51 66 3 0 1 0.00 M M 3.3 10 190 M M 0 14 210
27 92 54 73 11 0 8 0.00 M M 3.6 9 280 M M 0 M M
28 79 54 67 5 0 2 0.00 M M 2.4 12 210 M M 3 1 14 210
29 69 53 61 -1 4 0 0.00 M M 2.7 12 220 M M 7 12 14 250
30 93 55 74 12 0 9 0.00 M M 2.2 9 170 M M 4 128 12 150
================================================================================
SM 2271 1556 43 78 0.00 M 96.1 M 122
================================================================================
AV 78.3 53.7 3.2 FASTST M M 4 MAX(MPH)
MISC ----> 14 260 17 280
================================================================================
NOTES:
# LAST OF SEVERAL OCCURRENCES
COLUMN 17 PEAK WIND IN M.P.H.
PRELIMINARY LOCAL CLIMATOLOGICAL DATA (WS FORM: F-6) , PAGE 2
STATION: WATSONVILLE AIRPORT
MONTH: SEPTEMBER
YEAR: 2020
LATITUDE: 36 55 N
LONGITUDE: 121 47 W
[TEMPERATURE DATA] [PRECIPITATION DATA] SYMBOLS USED IN COLUMN 16
AVERAGE MONTHLY: 66.0 TOTAL FOR MONTH: 0.00 1 = FOG OR MIST
DPTR FM NORMAL: 2.5 DPTR FM NORMAL: -0.23 2 = FOG REDUCING VISIBILITY
HIGHEST: 110 ON 6 GRTST 24HR 0.00 ON 1- 1 TO 1/4 MILE OR LESS
LOWEST: 49 ON 16,15 3 = THUNDER
SNOW, ICE PELLETS, HAIL 4 = ICE PELLETS
TOTAL MONTH: M 5 = HAIL
GRTST 24HR M ON M 6 = FREEZING RAIN OR DRIZZLE
GRTST DEPTH: M ON M 7 = DUSTSTORM OR SANDSTORM:
VSBY 1/2 MILE OR LESS
8 = SMOKE OR HAZE
[NO. OF DAYS WITH] [WEATHER - DAYS WITH] 9 = BLOWING SNOW
X = TORNADO
MAX 32 OR BELOW: 0 0.01 INCH OR MORE: 0
MAX 90 OR ABOVE: 5 0.10 INCH OR MORE: 0
MIN 32 OR BELOW: 0 0.50 INCH OR MORE: 0
MIN 0 OR BELOW: 0 1.00 INCH OR MORE: 0
[HDD (BASE 65) ]
TOTAL THIS MO. 43 CLEAR (SCALE 0-3) 16
DPTR FM NORMAL -37 PTCLDY (SCALE 4-7) 7
TOTAL FM JUL 1 156 CLOUDY (SCALE 8-10) 7
DPTR FM NORMAL -54
[CDD (BASE 65) ]
TOTAL THIS MO. 78
DPTR FM NORMAL 44 [PRESSURE DATA]
TOTAL FM JAN 1 139 HIGHEST SLP 30.10 ON 23
DPTR FM NORMAL 39 LOWEST SLP 29.73 ON 8
[REMARKS]
#FINAL-09-20#